{"id":13,"date":"2022-04-16T10:57:25","date_gmt":"2022-04-16T10:57:25","guid":{"rendered":"https:\/\/blogsaverroes.juntadeandalucia.es\/lastareasdelcole\/?page_id=13"},"modified":"2022-04-16T10:57:25","modified_gmt":"2022-04-16T10:57:25","slug":"enlaces-de-interes","status":"publish","type":"page","link":"https:\/\/blogsaverroes.juntadeandalucia.es\/lastareasdelcole\/enlaces-de-interes\/","title":{"rendered":"Enlaces de inter\u00e9s"},"content":{"rendered":"<p>En esta p\u00e1gina iremos alojando enlaces de inter\u00e9s de los contenidos que iremos trabajando.<\/p>\n","protected":false},"excerpt":{"rendered":"<p>En esta p\u00e1gina iremos alojando enlaces de inter\u00e9s de los contenidos que iremos trabajando.<\/p>\n","protected":false},"author":15019,"featured_media":0,"parent":0,"menu_order":0,"comment_status":"closed","ping_status":"closed","template":"","meta":{"ngg_post_thumbnail":0,"footnotes":"","_mc_calendar":[]},"aioseo_notices":[],"_links":{"self":[{"href":"https:\/\/blogsaverroes.juntadeandalucia.es\/lastareasdelcole\/wp-json\/wp\/v2\/pages\/13"}],"collection":[{"href":"https:\/\/blogsaverroes.juntadeandalucia.es\/lastareasdelcole\/wp-json\/wp\/v2\/pages"}],"about":[{"href":"https:\/\/blogsaverroes.juntadeandalucia.es\/lastareasdelcole\/wp-json\/wp\/v2\/types\/page"}],"author":[{"embeddable":true,"href":"https:\/\/blogsaverroes.juntadeandalucia.es\/lastareasdelcole\/wp-json\/wp\/v2\/users\/15019"}],"replies":[{"embeddable":true,"href":"https:\/\/blogsaverroes.juntadeandalucia.es\/lastareasdelcole\/wp-json\/wp\/v2\/comments?post=13"}],"version-history":[{"count":1,"href":"https:\/\/blogsaverroes.juntadeandalucia.es\/lastareasdelcole\/wp-json\/wp\/v2\/pages\/13\/revisions"}],"predecessor-version":[{"id":14,"href":"https:\/\/blogsaverroes.juntadeandalucia.es\/lastareasdelcole\/wp-json\/wp\/v2\/pages\/13\/revisions\/14"}],"wp:attachment":[{"href":"https:\/\/blogsaverroes.juntadeandalucia.es\/lastareasdelcole\/wp-json\/wp\/v2\/media?parent=13"}],"curies":[{"name":"wp","href":"https:\/\/api.w.org\/{rel}","templated":true}]}}