{"id":147,"date":"2022-03-06T20:06:18","date_gmt":"2022-03-06T19:06:18","guid":{"rendered":"https:\/\/blogsaverroes.juntadeandalucia.es\/learningenglishwiththeteacherpablo\/?page_id=147"},"modified":"2022-03-06T20:06:18","modified_gmt":"2022-03-06T19:06:18","slug":"language-skills","status":"publish","type":"page","link":"https:\/\/blogsaverroes.juntadeandalucia.es\/learningenglishwiththeteacherpablo\/language-skills\/","title":{"rendered":"LANGUAGE SKILLS"},"content":{"rendered":"<header class=\"entry-header\">\n<h1 class=\"entry-title\">Language skills<\/h1>\n<\/header>\n<div class=\"entry-content\">\n<figure class=\"wp-block-gallery columns-3 is-cropped\">\n<ul class=\"blocks-gallery-grid\" data-carousel-extra=\"{&quot;blog_id&quot;:64685481,&quot;permalink&quot;:&quot;https:\\\/\\\/englishprimaryteacher.wordpress.com\\\/language-skills\\\/&quot;}\">\n<li class=\"blocks-gallery-item\">\n<figure><img decoding=\"async\" class=\"wp-image-2608\" src=\"https:\/\/englishprimaryteacher.files.wordpress.com\/2020\/06\/expresic3b3n-oral-actividades.png?w=663\" alt=\"\" data-attachment-id=\"2608\" data-permalink=\"https:\/\/englishprimaryteacher.wordpress.com\/expresic3b3n-oral-actividades\/\" data-orig-file=\"https:\/\/englishprimaryteacher.files.wordpress.com\/2020\/06\/expresic3b3n-oral-actividades.png\" data-orig-size=\"2000,1600\" data-comments-opened=\"1\" data-image-meta=\"{&quot;aperture&quot;:&quot;0&quot;,&quot;credit&quot;:&quot;&quot;,&quot;camera&quot;:&quot;&quot;,&quot;caption&quot;:&quot;&quot;,&quot;created_timestamp&quot;:&quot;0&quot;,&quot;copyright&quot;:&quot;&quot;,&quot;focal_length&quot;:&quot;0&quot;,&quot;iso&quot;:&quot;0&quot;,&quot;shutter_speed&quot;:&quot;0&quot;,&quot;title&quot;:&quot;&quot;,&quot;orientation&quot;:&quot;0&quot;}\" data-image-title=\"expresic3b3n-oral-actividades\" data-image-description=\"\" data-image-caption=\"\" data-medium-file=\"https:\/\/englishprimaryteacher.files.wordpress.com\/2020\/06\/expresic3b3n-oral-actividades.png?w=300\" data-large-file=\"https:\/\/englishprimaryteacher.files.wordpress.com\/2020\/06\/expresic3b3n-oral-actividades.png?w=663\" data-id=\"2608\"><\/figure>\n<\/li>\n<li class=\"blocks-gallery-item\">\n<figure><img decoding=\"async\" class=\"wp-image-2591\" src=\"https:\/\/englishprimaryteacher.files.wordpress.com\/2020\/05\/2-1.png?w=663\" alt=\"\" data-attachment-id=\"2591\" data-permalink=\"https:\/\/englishprimaryteacher.wordpress.com\/2-1\/\" data-orig-file=\"https:\/\/englishprimaryteacher.files.wordpress.com\/2020\/05\/2-1.png\" data-orig-size=\"1414,2000\" data-comments-opened=\"1\" data-image-meta=\"{&quot;aperture&quot;:&quot;0&quot;,&quot;credit&quot;:&quot;&quot;,&quot;camera&quot;:&quot;&quot;,&quot;caption&quot;:&quot;&quot;,&quot;created_timestamp&quot;:&quot;0&quot;,&quot;copyright&quot;:&quot;&quot;,&quot;focal_length&quot;:&quot;0&quot;,&quot;iso&quot;:&quot;0&quot;,&quot;shutter_speed&quot;:&quot;0&quot;,&quot;title&quot;:&quot;&quot;,&quot;orientation&quot;:&quot;0&quot;}\" data-image-title=\"2-1\" data-image-description=\"\" data-image-caption=\"\" data-medium-file=\"https:\/\/englishprimaryteacher.files.wordpress.com\/2020\/05\/2-1.png?w=212\" data-large-file=\"https:\/\/englishprimaryteacher.files.wordpress.com\/2020\/05\/2-1.png?w=663\" data-id=\"2591\"><\/figure>\n<\/li>\n<li class=\"blocks-gallery-item\">\n<figure><img decoding=\"async\" class=\"wp-image-2554\" src=\"https:\/\/englishprimaryteacher.files.wordpress.com\/2020\/03\/captura-de-pantalla-9.png?w=307\" alt=\"\" data-attachment-id=\"2554\" data-permalink=\"https:\/\/englishprimaryteacher.wordpress.com\/captura-de-pantalla-9\/\" data-orig-file=\"https:\/\/englishprimaryteacher.files.wordpress.com\/2020\/03\/captura-de-pantalla-9.png\" data-orig-size=\"307,310\" data-comments-opened=\"1\" data-image-meta=\"{&quot;aperture&quot;:&quot;0&quot;,&quot;credit&quot;:&quot;&quot;,&quot;camera&quot;:&quot;&quot;,&quot;caption&quot;:&quot;&quot;,&quot;created_timestamp&quot;:&quot;0&quot;,&quot;copyright&quot;:&quot;&quot;,&quot;focal_length&quot;:&quot;0&quot;,&quot;iso&quot;:&quot;0&quot;,&quot;shutter_speed&quot;:&quot;0&quot;,&quot;title&quot;:&quot;&quot;,&quot;orientation&quot;:&quot;0&quot;}\" data-image-title=\"captura-de-pantalla-9\" data-image-description=\"\" data-image-caption=\"\" data-medium-file=\"https:\/\/englishprimaryteacher.files.wordpress.com\/2020\/03\/captura-de-pantalla-9.png?w=297\" data-large-file=\"https:\/\/englishprimaryteacher.files.wordpress.com\/2020\/03\/captura-de-pantalla-9.png?w=307\" data-id=\"2554\"><\/figure>\n<\/li>\n<li class=\"blocks-gallery-item\">\n<figure><img decoding=\"async\" class=\"wp-image-2413\" src=\"https:\/\/englishprimaryteacher.files.wordpress.com\/2019\/08\/this-year-im-going-to-learn-lots-of-english.jpg?w=663\" alt=\"\" data-attachment-id=\"2413\" data-permalink=\"https:\/\/englishprimaryteacher.wordpress.com\/this-year-im-going-to-learn-lots-of-english\/\" data-orig-file=\"https:\/\/englishprimaryteacher.files.wordpress.com\/2019\/08\/this-year-im-going-to-learn-lots-of-english.jpg\" data-orig-size=\"794,1123\" data-comments-opened=\"1\" data-image-meta=\"{&quot;aperture&quot;:&quot;0&quot;,&quot;credit&quot;:&quot;&quot;,&quot;camera&quot;:&quot;&quot;,&quot;caption&quot;:&quot;&quot;,&quot;created_timestamp&quot;:&quot;0&quot;,&quot;copyright&quot;:&quot;&quot;,&quot;focal_length&quot;:&quot;0&quot;,&quot;iso&quot;:&quot;0&quot;,&quot;shutter_speed&quot;:&quot;0&quot;,&quot;title&quot;:&quot;&quot;,&quot;orientation&quot;:&quot;1&quot;}\" data-image-title=\"this-year-im-going-to-learn-lots-of-english\" data-image-description=\"\" data-image-caption=\"\" data-medium-file=\"https:\/\/englishprimaryteacher.files.wordpress.com\/2019\/08\/this-year-im-going-to-learn-lots-of-english.jpg?w=212\" data-large-file=\"https:\/\/englishprimaryteacher.files.wordpress.com\/2019\/08\/this-year-im-going-to-learn-lots-of-english.jpg?w=663\" data-id=\"2413\"><\/figure>\n<\/li>\n<li class=\"blocks-gallery-item\">\n<figure><img decoding=\"async\" class=\"wp-image-2265\" src=\"https:\/\/englishprimaryteacher.files.wordpress.com\/2018\/10\/20181014_155659_0001.png?w=663\" alt=\"\" data-attachment-id=\"2265\" data-permalink=\"https:\/\/englishprimaryteacher.wordpress.com\/20181014_155659_0001\/\" data-orig-file=\"https:\/\/englishprimaryteacher.files.wordpress.com\/2018\/10\/20181014_155659_0001.png\" data-orig-size=\"1080,1080\" data-comments-opened=\"1\" data-image-meta=\"{&quot;aperture&quot;:&quot;0&quot;,&quot;credit&quot;:&quot;&quot;,&quot;camera&quot;:&quot;&quot;,&quot;caption&quot;:&quot;&quot;,&quot;created_timestamp&quot;:&quot;0&quot;,&quot;copyright&quot;:&quot;&quot;,&quot;focal_length&quot;:&quot;0&quot;,&quot;iso&quot;:&quot;0&quot;,&quot;shutter_speed&quot;:&quot;0&quot;,&quot;title&quot;:&quot;&quot;,&quot;orientation&quot;:&quot;0&quot;}\" data-image-title=\"20181014_155659_0001.png\" data-image-description=\"\" data-image-caption=\"\" data-medium-file=\"https:\/\/englishprimaryteacher.files.wordpress.com\/2018\/10\/20181014_155659_0001.png?w=300\" data-large-file=\"https:\/\/englishprimaryteacher.files.wordpress.com\/2018\/10\/20181014_155659_0001.png?w=663\" data-id=\"2265\"><\/figure>\n<\/li>\n<li class=\"blocks-gallery-item\">\n<figure><img decoding=\"async\" class=\"wp-image-2175\" src=\"https:\/\/englishprimaryteacher.files.wordpress.com\/2018\/07\/2018-07-05-3.png?w=663\" alt=\"\" data-attachment-id=\"2175\" data-permalink=\"https:\/\/englishprimaryteacher.wordpress.com\/2018\/07\/15\/introducing-our-english-notebook\/2018-07-05-3\/\" data-orig-file=\"https:\/\/englishprimaryteacher.files.wordpress.com\/2018\/07\/2018-07-05-3.png\" data-orig-size=\"1366,768\" data-comments-opened=\"1\" data-image-meta=\"{&quot;aperture&quot;:&quot;0&quot;,&quot;credit&quot;:&quot;&quot;,&quot;camera&quot;:&quot;&quot;,&quot;caption&quot;:&quot;&quot;,&quot;created_timestamp&quot;:&quot;0&quot;,&quot;copyright&quot;:&quot;&quot;,&quot;focal_length&quot;:&quot;0&quot;,&quot;iso&quot;:&quot;0&quot;,&quot;shutter_speed&quot;:&quot;0&quot;,&quot;title&quot;:&quot;&quot;,&quot;orientation&quot;:&quot;0&quot;}\" data-image-title=\"2018-07-05 (3)\" data-image-description=\"\" data-image-caption=\"\" data-medium-file=\"https:\/\/englishprimaryteacher.files.wordpress.com\/2018\/07\/2018-07-05-3.png?w=300\" data-large-file=\"https:\/\/englishprimaryteacher.files.wordpress.com\/2018\/07\/2018-07-05-3.png?w=663\" data-id=\"2175\"><\/figure>\n<\/li>\n<\/ul>\n<\/figure>\n<p>Here you have different activities I have tried to improve the four language skills:<\/p>\n<ul>\n<li>Reading\n<ul>\n<li><a href=\"https:\/\/englishprimaryteacher.wordpress.com\/2018\/10\/21\/halloween-actividades-de-lectoescritura\/\" target=\"_blank\" rel=\"noopener noreferrer\">Halloween: actividades de Lectoescritura<\/a><\/li>\n<li><a href=\"https:\/\/englishprimaryteacher.wordpress.com\/2019\/08\/10\/this-year-im-going-to-learn-lots-of-english\/\" target=\"_blank\" rel=\"noopener noreferrer\">This year I\u2019m going to learn lots of english&nbsp;<\/a><\/li>\n<li><a href=\"https:\/\/englishprimaryteacher.wordpress.com\/2018\/07\/11\/flashcards-to-make-sentences\/\" target=\"_blank\" rel=\"noopener noreferrer\">Flashcards to make sentences<\/a><\/li>\n<\/ul>\n<\/li>\n<\/ul>\n<ul>\n<li>Writing\n<ul>\n<li><a href=\"https:\/\/englishprimaryteacher.wordpress.com\/2019\/02\/07\/roll-a-dice-english-sentences\/\" target=\"_blank\" rel=\"noopener noreferrer\">Roll a dice english sentences<\/a><\/li>\n<li><a href=\"https:\/\/englishprimaryteacher.wordpress.com\/2018\/11\/06\/roll-a-dice-make-a-story\/\" target=\"_blank\" rel=\"noopener noreferrer\">Make a story<\/a><\/li>\n<li><a href=\"https:\/\/englishprimaryteacher.wordpress.com\/2019\/03\/14\/inforgrafia-pasos-basicos-para-escribir-textos\/\" target=\"_blank\" rel=\"noopener noreferrer\">Infograf\u00eda: Pasos b\u00e1sicos para escribir<\/a><\/li>\n<li><a href=\"https:\/\/englishprimaryteacher.wordpress.com\/2018\/07\/15\/introducing-our-english-notebook\/\" target=\"_blank\" rel=\"noopener noreferrer\">Our english notebook<\/a><\/li>\n<\/ul>\n<\/li>\n<\/ul>\n<ul>\n<li>Listening\n<ul>\n<li><a href=\"https:\/\/englishprimaryteacher.wordpress.com\/2018\/02\/28\/video-practicando-listening-skills\/\" target=\"_blank\" rel=\"noopener noreferrer\">V\u00eddeo: Practicando listening<\/a><\/li>\n<li><a href=\"https:\/\/englishprimaryteacher.wordpress.com\/2019\/11\/08\/battleship-game\/\" target=\"_blank\" rel=\"noopener noreferrer\">Battleship game<\/a><\/li>\n<\/ul>\n<\/li>\n<\/ul>\n<ul>\n<li>Speaking\n<ul>\n<li><a href=\"https:\/\/englishprimaryteacher.wordpress.com\/2020\/06\/03\/actividades-para-practicar-la-expresion-oral-tanto-en-ingles-como-en-espanol\/\" target=\"_blank\" rel=\"noopener noreferrer\">Actividades para practicar la expresi\u00f3n oral<\/a><\/li>\n<li><a href=\"https:\/\/englishprimaryteacher.wordpress.com\/2020\/03\/03\/detectives-game-who-escaped-last-night\/\" target=\"_blank\" rel=\"noopener noreferrer\">Who escaped last night?<\/a><\/li>\n<li><a href=\"https:\/\/englishprimaryteacher.wordpress.com\/2018\/10\/14\/halloween-lesson-2018\/\" target=\"_blank\" rel=\"noopener noreferrer\">Halloween speaking games<\/a><\/li>\n<\/ul>\n<\/li>\n<\/ul>\n<\/div>\n","protected":false},"excerpt":{"rendered":"<p>Language skills Here you have different activities I have tried to improve the four language skills: Reading Halloween: actividades de Lectoescritura This year I\u2019m going to learn lots of english&nbsp; Flashcards to make sentences Writing Roll a dice english sentences Make a story Infograf\u00eda: Pasos b\u00e1sicos para escribir Our english notebook Listening V\u00eddeo: Practicando listening &hellip; <a href=\"https:\/\/blogsaverroes.juntadeandalucia.es\/learningenglishwiththeteacherpablo\/language-skills\/\" class=\"more-link\">Seguir leyendo <span class=\"screen-reader-text\">LANGUAGE SKILLS<\/span> <span class=\"meta-nav\">&rarr;<\/span><\/a><\/p>\n","protected":false},"author":9258,"featured_media":0,"parent":0,"menu_order":0,"comment_status":"closed","ping_status":"closed","template":"","meta":{"ngg_post_thumbnail":0,"footnotes":""},"aioseo_notices":[],"_links":{"self":[{"href":"https:\/\/blogsaverroes.juntadeandalucia.es\/learningenglishwiththeteacherpablo\/wp-json\/wp\/v2\/pages\/147"}],"collection":[{"href":"https:\/\/blogsaverroes.juntadeandalucia.es\/learningenglishwiththeteacherpablo\/wp-json\/wp\/v2\/pages"}],"about":[{"href":"https:\/\/blogsaverroes.juntadeandalucia.es\/learningenglishwiththeteacherpablo\/wp-json\/wp\/v2\/types\/page"}],"author":[{"embeddable":true,"href":"https:\/\/blogsaverroes.juntadeandalucia.es\/learningenglishwiththeteacherpablo\/wp-json\/wp\/v2\/users\/9258"}],"replies":[{"embeddable":true,"href":"https:\/\/blogsaverroes.juntadeandalucia.es\/learningenglishwiththeteacherpablo\/wp-json\/wp\/v2\/comments?post=147"}],"version-history":[{"count":1,"href":"https:\/\/blogsaverroes.juntadeandalucia.es\/learningenglishwiththeteacherpablo\/wp-json\/wp\/v2\/pages\/147\/revisions"}],"predecessor-version":[{"id":149,"href":"https:\/\/blogsaverroes.juntadeandalucia.es\/learningenglishwiththeteacherpablo\/wp-json\/wp\/v2\/pages\/147\/revisions\/149"}],"wp:attachment":[{"href":"https:\/\/blogsaverroes.juntadeandalucia.es\/learningenglishwiththeteacherpablo\/wp-json\/wp\/v2\/media?parent=147"}],"curies":[{"name":"wp","href":"https:\/\/api.w.org\/{rel}","templated":true}]}}