{"id":113,"date":"2015-03-16T08:06:00","date_gmt":"2015-03-16T08:06:00","guid":{"rendered":"http:\/\/blogsaverroes.juntadeandalucia.es\/pre\/ceip\/?page_id=113"},"modified":"2024-01-31T09:31:37","modified_gmt":"2024-01-31T08:31:37","slug":"biblioteca","status":"publish","type":"page","link":"https:\/\/blogsaverroes.juntadeandalucia.es\/lexflaviamalacitana\/biblioteca\/","title":{"rendered":"Biblioteca"},"content":{"rendered":"<p>Informaci\u00f3n en el blog de la Biblioteca del centro: pr\u00e9stamos, itinerario lector y sugerencias.<\/p>\n<p>Pincha <a href=\"https:\/\/bibliotecadelceiplexflaviamalacitana.blogspot.com\/\">aqu\u00ed<\/a> para acceder.<\/p>\n","protected":false},"excerpt":{"rendered":"<p>Informaci\u00f3n en el blog de la Biblioteca del centro: pr\u00e9stamos, itinerario lector y sugerencias. Pincha aqu\u00ed para acceder.<\/p>\n","protected":false},"author":1,"featured_media":0,"parent":0,"menu_order":0,"comment_status":"open","ping_status":"open","template":"page-templates\/child-menu.php","meta":{"ngg_post_thumbnail":0,"footnotes":"","_mc_calendar":[]},"aioseo_notices":[],"_links":{"self":[{"href":"https:\/\/blogsaverroes.juntadeandalucia.es\/lexflaviamalacitana\/wp-json\/wp\/v2\/pages\/113"}],"collection":[{"href":"https:\/\/blogsaverroes.juntadeandalucia.es\/lexflaviamalacitana\/wp-json\/wp\/v2\/pages"}],"about":[{"href":"https:\/\/blogsaverroes.juntadeandalucia.es\/lexflaviamalacitana\/wp-json\/wp\/v2\/types\/page"}],"author":[{"embeddable":true,"href":"https:\/\/blogsaverroes.juntadeandalucia.es\/lexflaviamalacitana\/wp-json\/wp\/v2\/users\/1"}],"replies":[{"embeddable":true,"href":"https:\/\/blogsaverroes.juntadeandalucia.es\/lexflaviamalacitana\/wp-json\/wp\/v2\/comments?post=113"}],"version-history":[{"count":9,"href":"https:\/\/blogsaverroes.juntadeandalucia.es\/lexflaviamalacitana\/wp-json\/wp\/v2\/pages\/113\/revisions"}],"predecessor-version":[{"id":26194,"href":"https:\/\/blogsaverroes.juntadeandalucia.es\/lexflaviamalacitana\/wp-json\/wp\/v2\/pages\/113\/revisions\/26194"}],"wp:attachment":[{"href":"https:\/\/blogsaverroes.juntadeandalucia.es\/lexflaviamalacitana\/wp-json\/wp\/v2\/media?parent=113"}],"curies":[{"name":"wp","href":"https:\/\/api.w.org\/{rel}","templated":true}]}}

<p>Información en el blog de la Biblioteca del centro: préstamos, itinerario lector y sugerencias.</p>
<p>Pincha <a href="https://bibliotecadelceiplexflaviamalacitana.blogspot.com/">aquí</a> para acceder.</p>

<p>Información en el blog de la Biblioteca del centro: préstamos, itinerario lector y sugerencias. Pincha aquí para acceder.</p>
