{"id":26239,"date":"2025-03-17T11:05:42","date_gmt":"2025-03-17T10:05:42","guid":{"rendered":"https:\/\/blogsaverroes.juntadeandalucia.es\/lexflaviamalacitana\/?page_id=26239"},"modified":"2025-03-17T11:05:42","modified_gmt":"2025-03-17T10:05:42","slug":"bilinguismo","status":"publish","type":"page","link":"https:\/\/blogsaverroes.juntadeandalucia.es\/lexflaviamalacitana\/bilinguismo\/","title":{"rendered":"Biling\u00fcismo"},"content":{"rendered":"<p>Nuestro colegio, el CEIP Lex Flavia Malacitana, se distingue por su firme compromiso con la ense\u00f1anza biling\u00fce en franc\u00e9s, siendo uno de los centros educativos pioneros en la implantaci\u00f3n de este modelo en Andaluc\u00eda. Esta iniciativa, que comenz\u00f3 hace ya m\u00e1s de dos d\u00e9cadas, ha permitido que nuestro alumnado se forme en un entorno educativo que promueve la competencia comunicativa en dos idiomas, facilitando su desarrollo acad\u00e9mico, cultural y social.<\/p>\n<p>El pasado curso escolar tuvimos el honor de celebrar el XX aniversario de nuestro proyecto de biling\u00fcismo en franc\u00e9s, un hito que refleja el esfuerzo conjunto de toda la comunidad educativa: docentes, familias y estudiantes. Gracias a este trabajo constante, nuestros alumnos y alumnas adquieren no solo conocimientos ling\u00fc\u00edsticos, sino tambi\u00e9n una valiosa apertura hacia otras culturas, ampliando sus horizontes y prepar\u00e1ndose para un mundo cada vez m\u00e1s globalizado.<\/p>\n<p>En el CEIP Lex Flavia Malacitana seguimos apostando por una educaci\u00f3n innovadora y de calidad, convencidos de que el biling\u00fcismo en franc\u00e9s es una herramienta clave para el futuro de nuestro alumnado.<\/p>\n","protected":false},"excerpt":{"rendered":"<p>Nuestro colegio, el CEIP Lex Flavia Malacitana, se distingue por su firme compromiso con la ense\u00f1anza biling\u00fce en franc\u00e9s, siendo uno de los centros educativos pioneros en la implantaci\u00f3n de este modelo en Andaluc\u00eda. Esta iniciativa,&#46;&#46;&#46;<\/p>\n","protected":false},"author":2240,"featured_media":0,"parent":0,"menu_order":0,"comment_status":"closed","ping_status":"closed","template":"","meta":{"ngg_post_thumbnail":0,"footnotes":"","_mc_calendar":[]},"aioseo_notices":[],"_links":{"self":[{"href":"https:\/\/blogsaverroes.juntadeandalucia.es\/lexflaviamalacitana\/wp-json\/wp\/v2\/pages\/26239"}],"collection":[{"href":"https:\/\/blogsaverroes.juntadeandalucia.es\/lexflaviamalacitana\/wp-json\/wp\/v2\/pages"}],"about":[{"href":"https:\/\/blogsaverroes.juntadeandalucia.es\/lexflaviamalacitana\/wp-json\/wp\/v2\/types\/page"}],"author":[{"embeddable":true,"href":"https:\/\/blogsaverroes.juntadeandalucia.es\/lexflaviamalacitana\/wp-json\/wp\/v2\/users\/2240"}],"replies":[{"embeddable":true,"href":"https:\/\/blogsaverroes.juntadeandalucia.es\/lexflaviamalacitana\/wp-json\/wp\/v2\/comments?post=26239"}],"version-history":[{"count":2,"href":"https:\/\/blogsaverroes.juntadeandalucia.es\/lexflaviamalacitana\/wp-json\/wp\/v2\/pages\/26239\/revisions"}],"predecessor-version":[{"id":26241,"href":"https:\/\/blogsaverroes.juntadeandalucia.es\/lexflaviamalacitana\/wp-json\/wp\/v2\/pages\/26239\/revisions\/26241"}],"wp:attachment":[{"href":"https:\/\/blogsaverroes.juntadeandalucia.es\/lexflaviamalacitana\/wp-json\/wp\/v2\/media?parent=26239"}],"curies":[{"name":"wp","href":"https:\/\/api.w.org\/{rel}","templated":true}]}}