{"id":35,"date":"2015-03-13T08:21:43","date_gmt":"2015-03-13T08:21:43","guid":{"rendered":"http:\/\/blogsaverroes.juntadeandalucia.es\/pre\/ceip\/?page_id=35"},"modified":"2025-04-21T09:45:29","modified_gmt":"2025-04-21T08:45:29","slug":"el-centro-2","status":"publish","type":"page","link":"https:\/\/blogsaverroes.juntadeandalucia.es\/lexflaviamalacitana\/el-centro-2\/","title":{"rendered":"Datos del centro"},"content":{"rendered":"<h4>Datos de contacto<\/h4>\n<p>C.E.I.P Lex Flavia Malacitana<\/p>\n<p><strong>Direcci\u00f3n:<\/strong>&nbsp; Pza. Lex Flavia Malacitana,&nbsp; N\u00ba5 , 29013 M\u00e1laga<\/p>\n<p><strong>Tel\u00e9fono \/ FAX:&nbsp;<\/strong> 951 298 309 \/\/ Fax.- 951 298 311<br \/>\n<strong>Email: <\/strong><a href=\"mailto:29602438.edu@juntadeandalucia.es\">29602438.edu@juntadeandalucia.es<\/a><\/p>\n<h4><em><strong>Horarios<\/strong><\/em><\/h4>\n<ul>\n<li>Aula matinal:&nbsp;&nbsp;&nbsp;&nbsp;&nbsp;&nbsp;&nbsp;&nbsp;&nbsp;&nbsp;&nbsp;&nbsp;&nbsp;&nbsp;&nbsp;&nbsp;&nbsp;&nbsp;&nbsp;&nbsp;&nbsp;&nbsp;&nbsp;&nbsp;&nbsp;&nbsp;&nbsp;&nbsp;&nbsp;&nbsp;&nbsp;&nbsp;&nbsp;&nbsp; de 7:30 a 9:00 horas.<\/li>\n<li>Entrada a clases: &nbsp; &nbsp; &nbsp; &nbsp; &nbsp; &nbsp; &nbsp; &nbsp; &nbsp; &nbsp; &nbsp; &nbsp; &nbsp; &nbsp; 9:00 horas.<\/li>\n<li>Recreo:&nbsp;&nbsp;&nbsp;&nbsp;&nbsp;&nbsp;&nbsp;&nbsp;&nbsp;&nbsp;&nbsp;&nbsp;&nbsp;&nbsp;&nbsp;&nbsp;&nbsp;&nbsp;&nbsp;&nbsp;&nbsp;&nbsp;&nbsp;&nbsp;&nbsp;&nbsp;&nbsp;&nbsp;&nbsp;&nbsp;&nbsp;&nbsp;&nbsp;&nbsp;&nbsp;&nbsp;&nbsp;&nbsp;&nbsp;&nbsp;&nbsp;&nbsp;&nbsp;&nbsp; de 11:30 a 12 horas.<\/li>\n<li>Salida de clases:&nbsp;&nbsp;&nbsp;&nbsp;&nbsp;&nbsp;&nbsp;&nbsp;&nbsp;&nbsp;&nbsp;&nbsp;&nbsp;&nbsp;&nbsp;&nbsp;&nbsp;&nbsp;&nbsp;&nbsp;&nbsp;&nbsp;&nbsp;&nbsp;&nbsp;&nbsp;&nbsp;&nbsp;&nbsp; 14:00 horas.<\/li>\n<li>Comedor:&nbsp;&nbsp;&nbsp;&nbsp;&nbsp;&nbsp;&nbsp;&nbsp;&nbsp;&nbsp;&nbsp;&nbsp;&nbsp;&nbsp;&nbsp;&nbsp;&nbsp;&nbsp;&nbsp;&nbsp;&nbsp;&nbsp;&nbsp;&nbsp;&nbsp;&nbsp;&nbsp;&nbsp;&nbsp;&nbsp;&nbsp;&nbsp;&nbsp;&nbsp;&nbsp;&nbsp;&nbsp;&nbsp;&nbsp;&nbsp; de 14:00 a 16:00 horas.<\/li>\n<li>Actividades extra-escolares:&nbsp;&nbsp;&nbsp;&nbsp;&nbsp;&nbsp;&nbsp; de 16:00 a 18:00 horas (lunes a jueves).<\/li>\n<li>Plan de Acompa\u00f1amiento: &nbsp; &nbsp; &nbsp; &nbsp; &nbsp; de 16:00 a 18:00 horas (martes y jueves).<\/li>\n<\/ul>\n<h4><em><strong>Oferta educativa<\/strong><\/em><\/h4>\n<ul>\n<li>Segundo ciclo de Educaci\u00f3n Infantil.<\/li>\n<li>Educaci\u00f3n Primaria.<\/li>\n<li>Educaci\u00f3n B\u00e1sica Especial (educaci\u00f3n especial apoyo a la integraci\u00f3n).<\/li>\n<\/ul>\n<p>&nbsp;<\/p>\n<h4><em>Instalaciones<\/em><\/h4>\nngg_shortcode_0_placeholder\n<h4><em><strong>Ubicaci\u00f3n<\/strong><\/em><\/h4>\n<p>En este mapa de Google Maps pueden encontrar la ubicaci\u00f3n del colegio. Pero cuidado, porque la banderita que da la ubicaci\u00f3n no est\u00e1 en el lugar exacto del colegio y ten\u00e9is que ir un poco hacia la parte superior derecha. (Es un edificio que tiene forma de H o de I dependiendo de como lo mir\u00e9is).<\/p>\n<p>Parece ser que antes se consideraba la entra principal al colegio por calle Numancia (entrada que aparece en la segunda imagen), pero ahora se accede por la Plaza Lex Flavia Malacitana.<\/p>\n<p>&nbsp;<\/p>\n<p><iframe loading=\"lazy\" src=\"https:\/\/maps.google.es\/maps?f=q&amp;source=s_q&amp;hl=es&amp;geocode=&amp;q=ceip+lex+flavia+malacitana&amp;aq=&amp;sll=37.333351,-4.576501&amp;sspn=4.891111,7.064209&amp;ie=UTF8&amp;hq=ceip+lex+flavia+malacitana&amp;hnear=&amp;ll=36.72972,-4.418835&amp;spn=0.071946,0.071946&amp;t=h&amp;output=embed\" width=\"425\" height=\"350\" frameborder=\"0\" marginwidth=\"0\" marginheight=\"0\" scrolling=\"no\"><\/iframe><br \/>\n<small><a style=\"color: #0000ff;text-align: left\" href=\"https:\/\/maps.google.es\/maps?f=q&amp;source=embed&amp;hl=es&amp;geocode=&amp;q=ceip+lex+flavia+malacitana&amp;aq=&amp;sll=37.333351,-4.576501&amp;sspn=4.891111,7.064209&amp;ie=UTF8&amp;hq=ceip+lex+flavia+malacitana&amp;hnear=&amp;ll=36.72972,-4.418835&amp;spn=0.071946,0.071946&amp;t=h\">Ver mapa m\u00e1s grande<\/a><\/small><\/p>\n<p>&nbsp;<\/p>\n<p>&nbsp;<\/p>\n<p><iframe loading=\"lazy\" src=\"https:\/\/maps.google.es\/maps?f=q&amp;source=embed&amp;hl=es&amp;geocode=&amp;q=ceip+lex+flavia+malacitana&amp;aq=&amp;sll=36.608736,-4.674576&amp;sspn=0.617328,0.883026&amp;t=h&amp;ie=UTF8&amp;hq=ceip+lex+flavia+malacitana&amp;hnear=&amp;ll=36.608736,-4.674576&amp;spn=0.617328,0.883026&amp;layer=c&amp;cbll=36.730117,-4.418349&amp;panoid=rXmFsM5Q_wSvzqIi2skcvw&amp;cbp=12,27,,1,14.28&amp;output=svembed\" width=\"425\" height=\"350\" frameborder=\"0\" marginwidth=\"0\" marginheight=\"0\" scrolling=\"no\"><\/iframe><br \/>\n<small><a style=\"color: #0000ff;text-align: left\" href=\"https:\/\/maps.google.es\/maps?f=q&amp;source=embed&amp;hl=es&amp;geocode=&amp;q=ceip+lex+flavia+malacitana&amp;aq=&amp;sll=36.608736,-4.674576&amp;sspn=0.617328,0.883026&amp;t=h&amp;ie=UTF8&amp;hq=ceip+lex+flavia+malacitana&amp;hnear=&amp;ll=36.608736,-4.674576&amp;spn=0.617328,0.883026&amp;layer=c&amp;cbll=36.730117,-4.418349&amp;panoid=rXmFsM5Q_wSvzqIi2skcvw&amp;cbp=12,27,,1,14.28\">Ver mapa m\u00e1s grande<\/a><\/small><\/p>\n","protected":false},"excerpt":{"rendered":"<p>Datos de contacto C.E.I.P Lex Flavia Malacitana Direcci\u00f3n:&nbsp; Pza. Lex Flavia Malacitana,&nbsp; N\u00ba5 , 29013 M\u00e1laga Tel\u00e9fono \/ FAX:&nbsp; 951 298 309 \/\/ Fax.- 951 298 311 Email: 29602438.edu@juntadeandalucia.es Horarios Aula matinal:&nbsp;&nbsp;&nbsp;&nbsp;&nbsp;&nbsp;&nbsp;&nbsp;&nbsp;&nbsp;&nbsp;&nbsp;&nbsp;&nbsp;&nbsp;&nbsp;&nbsp;&nbsp;&nbsp;&nbsp;&nbsp;&nbsp;&nbsp;&nbsp;&nbsp;&nbsp;&nbsp;&nbsp;&nbsp;&nbsp;&nbsp;&nbsp;&nbsp;&nbsp; de 7:30 a 9:00&#46;&#46;&#46;<\/p>\n","protected":false},"author":1,"featured_media":0,"parent":0,"menu_order":0,"comment_status":"open","ping_status":"open","template":"","meta":{"ngg_post_thumbnail":0,"footnotes":"","_mc_calendar":[]},"aioseo_notices":[],"_links":{"self":[{"href":"https:\/\/blogsaverroes.juntadeandalucia.es\/lexflaviamalacitana\/wp-json\/wp\/v2\/pages\/35"}],"collection":[{"href":"https:\/\/blogsaverroes.juntadeandalucia.es\/lexflaviamalacitana\/wp-json\/wp\/v2\/pages"}],"about":[{"href":"https:\/\/blogsaverroes.juntadeandalucia.es\/lexflaviamalacitana\/wp-json\/wp\/v2\/types\/page"}],"author":[{"embeddable":true,"href":"https:\/\/blogsaverroes.juntadeandalucia.es\/lexflaviamalacitana\/wp-json\/wp\/v2\/users\/1"}],"replies":[{"embeddable":true,"href":"https:\/\/blogsaverroes.juntadeandalucia.es\/lexflaviamalacitana\/wp-json\/wp\/v2\/comments?post=35"}],"version-history":[{"count":38,"href":"https:\/\/blogsaverroes.juntadeandalucia.es\/lexflaviamalacitana\/wp-json\/wp\/v2\/pages\/35\/revisions"}],"predecessor-version":[{"id":26367,"href":"https:\/\/blogsaverroes.juntadeandalucia.es\/lexflaviamalacitana\/wp-json\/wp\/v2\/pages\/35\/revisions\/26367"}],"wp:attachment":[{"href":"https:\/\/blogsaverroes.juntadeandalucia.es\/lexflaviamalacitana\/wp-json\/wp\/v2\/media?parent=35"}],"curies":[{"name":"wp","href":"https:\/\/api.w.org\/{rel}","templated":true}]}}

<h4>Datos de contacto</h4>
<p>C.E.I.P Lex Flavia Malacitana</p>
<p><strong>Dirección:</strong>&nbsp; Pza. Lex Flavia Malacitana,&nbsp; Nº5 , 29013 Málaga</p>
<p><strong>Teléfono / FAX:&nbsp;</strong> 951 298 309 // Fax.- 951 298 311<br />
<strong>Email: </strong><a href="mailto:29602438.edu@juntadeandalucia.es">29602438.edu@juntadeandalucia.es</a></p>
<h4><em><strong>Horarios</strong></em></h4>
<ul>
<li>Aula matinal:&nbsp;&nbsp;&nbsp;&nbsp;&nbsp;&nbsp;&nbsp;&nbsp;&nbsp;&nbsp;&nbsp;&nbsp;&nbsp;&nbsp;&nbsp;&nbsp;&nbsp;&nbsp;&nbsp;&nbsp;&nbsp;&nbsp;&nbsp;&nbsp;&nbsp;&nbsp;&nbsp;&nbsp;&nbsp;&nbsp;&nbsp;&nbsp;&nbsp;&nbsp; de 7:30 a 9:00 horas.</li>
<li>Entrada a clases: &nbsp; &nbsp; &nbsp; &nbsp; &nbsp; &nbsp; &nbsp; &nbsp; &nbsp; &nbsp; &nbsp; &nbsp; &nbsp; &nbsp; 9:00 horas.</li>
<li>Recreo:&nbsp;&nbsp;&nbsp;&nbsp;&nbsp;&nbsp;&nbsp;&nbsp;&nbsp;&nbsp;&nbsp;&nbsp;&nbsp;&nbsp;&nbsp;&nbsp;&nbsp;&nbsp;&nbsp;&nbsp;&nbsp;&nbsp;&nbsp;&nbsp;&nbsp;&nbsp;&nbsp;&nbsp;&nbsp;&nbsp;&nbsp;&nbsp;&nbsp;&nbsp;&nbsp;&nbsp;&nbsp;&nbsp;&nbsp;&nbsp;&nbsp;&nbsp;&nbsp;&nbsp; de 11:30 a 12 horas.</li>
<li>Salida de clases:&nbsp;&nbsp;&nbsp;&nbsp;&nbsp;&nbsp;&nbsp;&nbsp;&nbsp;&nbsp;&nbsp;&nbsp;&nbsp;&nbsp;&nbsp;&nbsp;&nbsp;&nbsp;&nbsp;&nbsp;&nbsp;&nbsp;&nbsp;&nbsp;&nbsp;&nbsp;&nbsp;&nbsp;&nbsp; 14:00 horas.</li>
<li>Comedor:&nbsp;&nbsp;&nbsp;&nbsp;&nbsp;&nbsp;&nbsp;&nbsp;&nbsp;&nbsp;&nbsp;&nbsp;&nbsp;&nbsp;&nbsp;&nbsp;&nbsp;&nbsp;&nbsp;&nbsp;&nbsp;&nbsp;&nbsp;&nbsp;&nbsp;&nbsp;&nbsp;&nbsp;&nbsp;&nbsp;&nbsp;&nbsp;&nbsp;&nbsp;&nbsp;&nbsp;&nbsp;&nbsp;&nbsp;&nbsp; de 14:00 a 16:00 horas.</li>
<li>Actividades extra-escolares:&nbsp;&nbsp;&nbsp;&nbsp;&nbsp;&nbsp;&nbsp; de 16:00 a 18:00 horas (lunes a jueves).</li>
<li>Plan de Acompañamiento: &nbsp; &nbsp; &nbsp; &nbsp; &nbsp; de 16:00 a 18:00 horas (martes y jueves).</li>
</ul>
<h4><em><strong>Oferta educativa</strong></em></h4>
<ul>
<li>Segundo ciclo de Educación Infantil.</li>
<li>Educación Primaria.</li>
<li>Educación Básica Especial (educación especial apoyo a la integración).</li>
</ul>
<p>&nbsp;</p>
<h4><em>Instalaciones</em></h4>
ngg_shortcode_0_placeholder
<h4><em><strong>Ubicación</strong></em></h4>
<p>En este mapa de Google Maps pueden encontrar la ubicación del colegio. Pero cuidado, porque la banderita que da la ubicación no está en el lugar exacto del colegio y tenéis que ir un poco hacia la parte superior derecha. (Es un edificio que tiene forma de H o de I dependiendo de como lo miréis).</p>
<p>Parece ser que antes se consideraba la entra principal al colegio por calle Numancia (entrada que aparece en la segunda imagen), pero ahora se accede por la Plaza Lex Flavia Malacitana.</p>
<p>&nbsp;</p>
<p><iframe loading="lazy" src="https://maps.google.es/maps?f=q&amp;source=s_q&amp;hl=es&amp;geocode=&amp;q=ceip+lex+flavia+malacitana&amp;aq=&amp;sll=37.333351,-4.576501&amp;sspn=4.891111,7.064209&amp;ie=UTF8&amp;hq=ceip+lex+flavia+malacitana&amp;hnear=&amp;ll=36.72972,-4.418835&amp;spn=0.071946,0.071946&amp;t=h&amp;output=embed" width="425" height="350" frameborder="0" marginwidth="0" marginheight="0" scrolling="no"></iframe><br />
<small><a style="color: #0000ff;text-align: left" href="https://maps.google.es/maps?f=q&amp;source=embed&amp;hl=es&amp;geocode=&amp;q=ceip+lex+flavia+malacitana&amp;aq=&amp;sll=37.333351,-4.576501&amp;sspn=4.891111,7.064209&amp;ie=UTF8&amp;hq=ceip+lex+flavia+malacitana&amp;hnear=&amp;ll=36.72972,-4.418835&amp;spn=0.071946,0.071946&amp;t=h">Ver mapa más grande</a></small></p>
<p>&nbsp;</p>
<p>&nbsp;</p>
<p><iframe loading="lazy" src="https://maps.google.es/maps?f=q&amp;source=embed&amp;hl=es&amp;geocode=&amp;q=ceip+lex+flavia+malacitana&amp;aq=&amp;sll=36.608736,-4.674576&amp;sspn=0.617328,0.883026&amp;t=h&amp;ie=UTF8&amp;hq=ceip+lex+flavia+malacitana&amp;hnear=&amp;ll=36.608736,-4.674576&amp;spn=0.617328,0.883026&amp;layer=c&amp;cbll=36.730117,-4.418349&amp;panoid=rXmFsM5Q_wSvzqIi2skcvw&amp;cbp=12,27,,1,14.28&amp;output=svembed" width="425" height="350" frameborder="0" marginwidth="0" marginheight="0" scrolling="no"></iframe><br />
<small><a style="color: #0000ff;text-align: left" href="https://maps.google.es/maps?f=q&amp;source=embed&amp;hl=es&amp;geocode=&amp;q=ceip+lex+flavia+malacitana&amp;aq=&amp;sll=36.608736,-4.674576&amp;sspn=0.617328,0.883026&amp;t=h&amp;ie=UTF8&amp;hq=ceip+lex+flavia+malacitana&amp;hnear=&amp;ll=36.608736,-4.674576&amp;spn=0.617328,0.883026&amp;layer=c&amp;cbll=36.730117,-4.418349&amp;panoid=rXmFsM5Q_wSvzqIi2skcvw&amp;cbp=12,27,,1,14.28">Ver mapa más grande</a></small></p>

<p>Datos de contacto C.E.I.P Lex Flavia Malacitana Dirección:&nbsp; Pza. Lex Flavia Malacitana,&nbsp; Nº5 , 29013 Málaga Teléfono / FAX:&nbsp; 951 298 309 // Fax.- 951 298 311 Email: 29602438.edu@juntadeandalucia.es Horarios Aula matinal:&nbsp;&nbsp;&nbsp;&nbsp;&nbsp;&nbsp;&nbsp;&nbsp;&nbsp;&nbsp;&nbsp;&nbsp;&nbsp;&nbsp;&nbsp;&nbsp;&nbsp;&nbsp;&nbsp;&nbsp;&nbsp;&nbsp;&nbsp;&nbsp;&nbsp;&nbsp;&nbsp;&nbsp;&nbsp;&nbsp;&nbsp;&nbsp;&nbsp;&nbsp; de 7:30 a 9:00&#46;&#46;&#46;</p>
