{"id":44,"date":"2015-03-13T08:42:15","date_gmt":"2015-03-13T08:42:15","guid":{"rendered":"http:\/\/blogsaverroes.juntadeandalucia.es\/pre\/ceip\/?page_id=44"},"modified":"2023-12-15T11:22:05","modified_gmt":"2023-12-15T10:22:05","slug":"planes-y-proyectos","status":"publish","type":"page","link":"https:\/\/blogsaverroes.juntadeandalucia.es\/lexflaviamalacitana\/planes-y-proyectos\/","title":{"rendered":"Planes y Programas"},"content":{"rendered":"<p><img loading=\"lazy\" decoding=\"async\" class=\"alignnone size-medium wp-image-1667\" src=\"http:\/\/blogsaverroes.juntadeandalucia.es\/lexflaviamalacitana\/files\/2015\/03\/planes-300x150.png\" alt=\"planes\" width=\"300\" height=\"150\" srcset=\"https:\/\/blogsaverroes.juntadeandalucia.es\/lexflaviamalacitana\/files\/2015\/03\/planes-300x150.png 300w, https:\/\/blogsaverroes.juntadeandalucia.es\/lexflaviamalacitana\/files\/2015\/03\/planes.png 640w\" sizes=\"(max-width: 300px) 100vw, 300px\" \/><\/p>\n<p>Cada centro personaliza y adapta su Proyecto Educativo adheri\u00e9ndose a diferentes <strong>Planes y Programas<\/strong> promovidos desde la Consejer\u00eda de Educaci\u00f3n, Cultura y Deporte.<\/p>\n<p>Los Planes y Programas desarrollados por el centro son los siguientes:<\/p>\n<ul>\n<li><span style=\"color: #0000ff\">Plan de igualdad de g\u00e9nero en educaci\u00f3n. <\/span><\/li>\n<li>Proyecto Escuela Espacio de Paz.<\/li>\n<li>Plan de apertura.<\/li>\n<li><span style=\"color: #0000ff\">Proyecto biling\u00fce.<\/span><\/li>\n<li>Proyecto Transformaci\u00f3n Digital educativa<\/li>\n<li><span style=\"color: #0000ff\">Plan de autoprotecci\u00f3n general.<\/span><\/li>\n<li>Plan de acompa\u00f1amiento.<\/li>\n<li><span style=\"color: #0000ff\">Plan de convivencia<\/span><\/li>\n<li>Plan de Biblioteca Escolar.<\/li>\n<li><span style=\"color: #0000ff\">Plan de Orientaci\u00f3n y Acci\u00f3n tutorial<\/span><\/li>\n<li>Programa de educaci\u00f3n inclusiva.<\/li>\n<li>Programa de unidades de acompa\u00f1amiento<\/li>\n<li>Programa de Refuerzo, Orientaci\u00f3n y Apoyo.<\/li>\n<li>Programa PROA+Transf\u00f3rmate<\/li>\n<\/ul>\n<p>&nbsp;<\/p>\n","protected":false},"excerpt":{"rendered":"<p>Cada centro personaliza y adapta su Proyecto Educativo adheri\u00e9ndose a diferentes Planes y Programas promovidos desde la Consejer\u00eda de Educaci\u00f3n, Cultura y Deporte. Los Planes y Programas desarrollados por el centro son los siguientes: Plan de&#46;&#46;&#46;<\/p>\n","protected":false},"author":1,"featured_media":0,"parent":0,"menu_order":0,"comment_status":"open","ping_status":"closed","template":"page-templates\/child-menu.php","meta":{"ngg_post_thumbnail":0,"footnotes":"","_mc_calendar":[]},"aioseo_notices":[],"_links":{"self":[{"href":"https:\/\/blogsaverroes.juntadeandalucia.es\/lexflaviamalacitana\/wp-json\/wp\/v2\/pages\/44"}],"collection":[{"href":"https:\/\/blogsaverroes.juntadeandalucia.es\/lexflaviamalacitana\/wp-json\/wp\/v2\/pages"}],"about":[{"href":"https:\/\/blogsaverroes.juntadeandalucia.es\/lexflaviamalacitana\/wp-json\/wp\/v2\/types\/page"}],"author":[{"embeddable":true,"href":"https:\/\/blogsaverroes.juntadeandalucia.es\/lexflaviamalacitana\/wp-json\/wp\/v2\/users\/1"}],"replies":[{"embeddable":true,"href":"https:\/\/blogsaverroes.juntadeandalucia.es\/lexflaviamalacitana\/wp-json\/wp\/v2\/comments?post=44"}],"version-history":[{"count":31,"href":"https:\/\/blogsaverroes.juntadeandalucia.es\/lexflaviamalacitana\/wp-json\/wp\/v2\/pages\/44\/revisions"}],"predecessor-version":[{"id":26159,"href":"https:\/\/blogsaverroes.juntadeandalucia.es\/lexflaviamalacitana\/wp-json\/wp\/v2\/pages\/44\/revisions\/26159"}],"wp:attachment":[{"href":"https:\/\/blogsaverroes.juntadeandalucia.es\/lexflaviamalacitana\/wp-json\/wp\/v2\/media?parent=44"}],"curies":[{"name":"wp","href":"https:\/\/api.w.org\/{rel}","templated":true}]}}