{"id":871,"date":"2017-03-16T07:25:46","date_gmt":"2017-03-16T06:25:46","guid":{"rendered":"http:\/\/blogsaverroes.juntadeandalucia.es\/pre\/ceip\/?page_id=106"},"modified":"2025-04-30T11:18:18","modified_gmt":"2025-04-30T10:18:18","slug":"actividades-extraescolares","status":"publish","type":"page","link":"https:\/\/blogsaverroes.juntadeandalucia.es\/lexflaviamalacitana\/actividades-extraescolares\/","title":{"rendered":"Actividades extraescolares"},"content":{"rendered":"<h4>Ejemplo de informaci\u00f3n sobre las actividades extraescolares<\/h4>\n<p style=\"text-align: left\"><a href=\"https:\/\/blogsaverroes.juntadeandalucia.es\/lexflaviamalacitana\/files\/2025\/04\/recreo.1_1-11.jpg\"><img loading=\"lazy\" decoding=\"async\" class=\"wp-image-26481  alignleft\" src=\"https:\/\/blogsaverroes.juntadeandalucia.es\/lexflaviamalacitana\/files\/2025\/04\/recreo.1_1-11-1024x683.jpg\" alt=\"\" width=\"323\" height=\"215\" srcset=\"https:\/\/blogsaverroes.juntadeandalucia.es\/lexflaviamalacitana\/files\/2025\/04\/recreo.1_1-11-1024x683.jpg 1024w, https:\/\/blogsaverroes.juntadeandalucia.es\/lexflaviamalacitana\/files\/2025\/04\/recreo.1_1-11-300x200.jpg 300w, https:\/\/blogsaverroes.juntadeandalucia.es\/lexflaviamalacitana\/files\/2025\/04\/recreo.1_1-11-768x512.jpg 768w, https:\/\/blogsaverroes.juntadeandalucia.es\/lexflaviamalacitana\/files\/2025\/04\/recreo.1_1-11-1536x1024.jpg 1536w, https:\/\/blogsaverroes.juntadeandalucia.es\/lexflaviamalacitana\/files\/2025\/04\/recreo.1_1-11-2048x1365.jpg 2048w, https:\/\/blogsaverroes.juntadeandalucia.es\/lexflaviamalacitana\/files\/2025\/04\/recreo.1_1-11.jpg 1600w\" sizes=\"(max-width: 323px) 100vw, 323px\" \/><\/a>Las actividades extraescolares tienen lugar en horario de tarde, de 16:00h hasta las 17.00h, y abarcan aspectos como la lectura, el deporte, la m\u00fasica, la inform\u00e1tica, los idiomas, la danza o el teatro, entre otras actividades l\u00fadicas y formativas.<\/p>\n<p>&nbsp;<\/p>\n<p>Las actividades extraescolares desarrolladas son las siguientes:<\/p>\n<p>&nbsp;<\/p>\n<p>&nbsp;<\/p>\n<p><a href=\"https:\/\/blogsaverroes.juntadeandalucia.es\/lexflaviamalacitana\/files\/2025\/03\/LEX-FLAVIA-2425_page-0001.jpg\"><img loading=\"lazy\" decoding=\"async\" class=\"aligncenter size-large wp-image-26314\" src=\"https:\/\/blogsaverroes.juntadeandalucia.es\/lexflaviamalacitana\/files\/2025\/03\/LEX-FLAVIA-2425_page-0001-1024x724.jpg\" alt=\"\" width=\"1024\" height=\"724\" srcset=\"https:\/\/blogsaverroes.juntadeandalucia.es\/lexflaviamalacitana\/files\/2025\/03\/LEX-FLAVIA-2425_page-0001-1024x724.jpg 1024w, https:\/\/blogsaverroes.juntadeandalucia.es\/lexflaviamalacitana\/files\/2025\/03\/LEX-FLAVIA-2425_page-0001-300x212.jpg 300w, https:\/\/blogsaverroes.juntadeandalucia.es\/lexflaviamalacitana\/files\/2025\/03\/LEX-FLAVIA-2425_page-0001-768x543.jpg 768w, https:\/\/blogsaverroes.juntadeandalucia.es\/lexflaviamalacitana\/files\/2025\/03\/LEX-FLAVIA-2425_page-0001-1536x1086.jpg 1536w, https:\/\/blogsaverroes.juntadeandalucia.es\/lexflaviamalacitana\/files\/2025\/03\/LEX-FLAVIA-2425_page-0001.jpg 1755w\" sizes=\"(max-width: 1024px) 100vw, 1024px\" \/><\/a><\/p>\n<p>M\u00e1s informaci\u00f3n en: <a href=\"https:\/\/andaluzaextraescolares.com\/\">https:\/\/andaluzaextraescolares.com\/<\/a><\/p>\n<p>&nbsp;<\/p>\n<p>&nbsp;<\/p>\n<p>&nbsp;<\/p>\n","protected":false},"excerpt":{"rendered":"<p>Ejemplo de informaci\u00f3n sobre las actividades extraescolares Las actividades extraescolares tienen lugar en horario de tarde, de 16:00h hasta las 17.00h, y abarcan aspectos como la lectura, el deporte, la m\u00fasica, la inform\u00e1tica, los idiomas, la&#46;&#46;&#46;<\/p>\n","protected":false},"author":1,"featured_media":0,"parent":0,"menu_order":0,"comment_status":"open","ping_status":"closed","template":"page-templates\/child-menu.php","meta":{"ngg_post_thumbnail":0,"footnotes":"","_mc_calendar":[]},"aioseo_notices":[],"_links":{"self":[{"href":"https:\/\/blogsaverroes.juntadeandalucia.es\/lexflaviamalacitana\/wp-json\/wp\/v2\/pages\/871"}],"collection":[{"href":"https:\/\/blogsaverroes.juntadeandalucia.es\/lexflaviamalacitana\/wp-json\/wp\/v2\/pages"}],"about":[{"href":"https:\/\/blogsaverroes.juntadeandalucia.es\/lexflaviamalacitana\/wp-json\/wp\/v2\/types\/page"}],"author":[{"embeddable":true,"href":"https:\/\/blogsaverroes.juntadeandalucia.es\/lexflaviamalacitana\/wp-json\/wp\/v2\/users\/1"}],"replies":[{"embeddable":true,"href":"https:\/\/blogsaverroes.juntadeandalucia.es\/lexflaviamalacitana\/wp-json\/wp\/v2\/comments?post=871"}],"version-history":[{"count":12,"href":"https:\/\/blogsaverroes.juntadeandalucia.es\/lexflaviamalacitana\/wp-json\/wp\/v2\/pages\/871\/revisions"}],"predecessor-version":[{"id":26572,"href":"https:\/\/blogsaverroes.juntadeandalucia.es\/lexflaviamalacitana\/wp-json\/wp\/v2\/pages\/871\/revisions\/26572"}],"wp:attachment":[{"href":"https:\/\/blogsaverroes.juntadeandalucia.es\/lexflaviamalacitana\/wp-json\/wp\/v2\/media?parent=871"}],"curies":[{"name":"wp","href":"https:\/\/api.w.org\/{rel}","templated":true}]}}

<h4>Ejemplo de información sobre las actividades extraescolares</h4>
<p style="text-align: left"><a href="https://blogsaverroes.juntadeandalucia.es/lexflaviamalacitana/files/2025/04/recreo.1_1-11.jpg"><img loading="lazy" decoding="async" class="wp-image-26481  alignleft" src="https://blogsaverroes.juntadeandalucia.es/lexflaviamalacitana/files/2025/04/recreo.1_1-11-1024x683.jpg" alt="" width="323" height="215" srcset="https://blogsaverroes.juntadeandalucia.es/lexflaviamalacitana/files/2025/04/recreo.1_1-11-1024x683.jpg 1024w, https://blogsaverroes.juntadeandalucia.es/lexflaviamalacitana/files/2025/04/recreo.1_1-11-300x200.jpg 300w, https://blogsaverroes.juntadeandalucia.es/lexflaviamalacitana/files/2025/04/recreo.1_1-11-768x512.jpg 768w, https://blogsaverroes.juntadeandalucia.es/lexflaviamalacitana/files/2025/04/recreo.1_1-11-1536x1024.jpg 1536w, https://blogsaverroes.juntadeandalucia.es/lexflaviamalacitana/files/2025/04/recreo.1_1-11-2048x1365.jpg 2048w, https://blogsaverroes.juntadeandalucia.es/lexflaviamalacitana/files/2025/04/recreo.1_1-11.jpg 1600w" sizes="(max-width: 323px) 100vw, 323px" /></a>Las actividades extraescolares tienen lugar en horario de tarde, de 16:00h hasta las 17.00h, y abarcan aspectos como la lectura, el deporte, la música, la informática, los idiomas, la danza o el teatro, entre otras actividades lúdicas y formativas.</p>
<p>&nbsp;</p>
<p>Las actividades extraescolares desarrolladas son las siguientes:</p>
<p>&nbsp;</p>
<p>&nbsp;</p>
<p><a href="https://blogsaverroes.juntadeandalucia.es/lexflaviamalacitana/files/2025/03/LEX-FLAVIA-2425_page-0001.jpg"><img loading="lazy" decoding="async" class="aligncenter size-large wp-image-26314" src="https://blogsaverroes.juntadeandalucia.es/lexflaviamalacitana/files/2025/03/LEX-FLAVIA-2425_page-0001-1024x724.jpg" alt="" width="1024" height="724" srcset="https://blogsaverroes.juntadeandalucia.es/lexflaviamalacitana/files/2025/03/LEX-FLAVIA-2425_page-0001-1024x724.jpg 1024w, https://blogsaverroes.juntadeandalucia.es/lexflaviamalacitana/files/2025/03/LEX-FLAVIA-2425_page-0001-300x212.jpg 300w, https://blogsaverroes.juntadeandalucia.es/lexflaviamalacitana/files/2025/03/LEX-FLAVIA-2425_page-0001-768x543.jpg 768w, https://blogsaverroes.juntadeandalucia.es/lexflaviamalacitana/files/2025/03/LEX-FLAVIA-2425_page-0001-1536x1086.jpg 1536w, https://blogsaverroes.juntadeandalucia.es/lexflaviamalacitana/files/2025/03/LEX-FLAVIA-2425_page-0001.jpg 1755w" sizes="(max-width: 1024px) 100vw, 1024px" /></a></p>
<p>Más información en: <a href="https://andaluzaextraescolares.com/">https://andaluzaextraescolares.com/</a></p>
<p>&nbsp;</p>
<p>&nbsp;</p>
<p>&nbsp;</p>

<p>Ejemplo de información sobre las actividades extraescolares Las actividades extraescolares tienen lugar en horario de tarde, de 16:00h hasta las 17.00h, y abarcan aspectos como la lectura, el deporte, la música, la informática, los idiomas, la&#46;&#46;&#46;</p>
