{"id":99,"date":"2015-03-16T07:22:54","date_gmt":"2015-03-16T07:22:54","guid":{"rendered":"http:\/\/blogsaverroes.juntadeandalucia.es\/pre\/ceip\/?page_id=99"},"modified":"2025-03-24T10:45:30","modified_gmt":"2025-03-24T09:45:30","slug":"comedor-escolar","status":"publish","type":"page","link":"https:\/\/blogsaverroes.juntadeandalucia.es\/lexflaviamalacitana\/comedor-escolar\/","title":{"rendered":"Comedor escolar"},"content":{"rendered":"<p>Los comedores escolares son un servicio complementario que resulta de gran utilidad a padres y madres para ayudarles a&nbsp;conciliar la vida laboral y familiar. Tienen una duraci\u00f3n de hasta dos horas desde que acaba la jornada escolar de la ma\u00f1ana (de 14.00 a 16.00 horas).<\/p>\n<p>Los comedores son adem\u00e1s una pieza importante&nbsp;en todas las medidas dirigidas a mejorar los h\u00e1bitos alimenticios de los ni\u00f1os y ni\u00f1as y prevenir problemas de salud como la obesidad.<\/p>\n<p>M\u00e1s informaci\u00f3n en:&nbsp; <a href=\"https:\/\/www.aramark.es\/home\">https:\/\/www.aramark.es\/home<\/a><\/p>\n<p>Aqu\u00ed tienes el men\u00fa de marzo:<\/p>\n<p><img loading=\"lazy\" decoding=\"async\" class=\"aligncenter wp-image-26301\" src=\"https:\/\/blogsaverroes.juntadeandalucia.es\/lexflaviamalacitana\/files\/2025\/03\/menu-comedor-marzo2_page-0001-1024x724.jpg\" alt=\"\" width=\"1115\" height=\"788\" srcset=\"https:\/\/blogsaverroes.juntadeandalucia.es\/lexflaviamalacitana\/files\/2025\/03\/menu-comedor-marzo2_page-0001-1024x724.jpg 1024w, https:\/\/blogsaverroes.juntadeandalucia.es\/lexflaviamalacitana\/files\/2025\/03\/menu-comedor-marzo2_page-0001-300x212.jpg 300w, https:\/\/blogsaverroes.juntadeandalucia.es\/lexflaviamalacitana\/files\/2025\/03\/menu-comedor-marzo2_page-0001-768x543.jpg 768w, https:\/\/blogsaverroes.juntadeandalucia.es\/lexflaviamalacitana\/files\/2025\/03\/menu-comedor-marzo2_page-0001-1536x1086.jpg 1536w, https:\/\/blogsaverroes.juntadeandalucia.es\/lexflaviamalacitana\/files\/2025\/03\/menu-comedor-marzo2_page-0001-2048x1448.jpg 2048w, https:\/\/blogsaverroes.juntadeandalucia.es\/lexflaviamalacitana\/files\/2025\/03\/menu-comedor-marzo2_page-0001.jpg 1600w\" sizes=\"(max-width: 1115px) 100vw, 1115px\" \/><\/p>\n","protected":false},"excerpt":{"rendered":"<p>Los comedores escolares son un servicio complementario que resulta de gran utilidad a padres y madres para ayudarles a&nbsp;conciliar la vida laboral y familiar. Tienen una duraci\u00f3n de hasta dos horas desde que acaba la jornada&#46;&#46;&#46;<\/p>\n","protected":false},"author":1,"featured_media":0,"parent":0,"menu_order":0,"comment_status":"open","ping_status":"open","template":"page-templates\/child-menu.php","meta":{"ngg_post_thumbnail":0,"footnotes":"","_mc_calendar":[]},"aioseo_notices":[],"_links":{"self":[{"href":"https:\/\/blogsaverroes.juntadeandalucia.es\/lexflaviamalacitana\/wp-json\/wp\/v2\/pages\/99"}],"collection":[{"href":"https:\/\/blogsaverroes.juntadeandalucia.es\/lexflaviamalacitana\/wp-json\/wp\/v2\/pages"}],"about":[{"href":"https:\/\/blogsaverroes.juntadeandalucia.es\/lexflaviamalacitana\/wp-json\/wp\/v2\/types\/page"}],"author":[{"embeddable":true,"href":"https:\/\/blogsaverroes.juntadeandalucia.es\/lexflaviamalacitana\/wp-json\/wp\/v2\/users\/1"}],"replies":[{"embeddable":true,"href":"https:\/\/blogsaverroes.juntadeandalucia.es\/lexflaviamalacitana\/wp-json\/wp\/v2\/comments?post=99"}],"version-history":[{"count":17,"href":"https:\/\/blogsaverroes.juntadeandalucia.es\/lexflaviamalacitana\/wp-json\/wp\/v2\/pages\/99\/revisions"}],"predecessor-version":[{"id":26316,"href":"https:\/\/blogsaverroes.juntadeandalucia.es\/lexflaviamalacitana\/wp-json\/wp\/v2\/pages\/99\/revisions\/26316"}],"wp:attachment":[{"href":"https:\/\/blogsaverroes.juntadeandalucia.es\/lexflaviamalacitana\/wp-json\/wp\/v2\/media?parent=99"}],"curies":[{"name":"wp","href":"https:\/\/api.w.org\/{rel}","templated":true}]}}

<p>Los comedores escolares son un servicio complementario que resulta de gran utilidad a padres y madres para ayudarles a&nbsp;conciliar la vida laboral y familiar. Tienen una duración de hasta dos horas desde que acaba la jornada escolar de la mañana (de 14.00 a 16.00 horas).</p>
<p>Los comedores son además una pieza importante&nbsp;en todas las medidas dirigidas a mejorar los hábitos alimenticios de los niños y niñas y prevenir problemas de salud como la obesidad.</p>
<p>Más información en:&nbsp; <a href="https://www.aramark.es/home">https://www.aramark.es/home</a></p>
<p>Aquí tienes el menú de marzo:</p>
<p><img loading="lazy" decoding="async" class="aligncenter wp-image-26301" src="https://blogsaverroes.juntadeandalucia.es/lexflaviamalacitana/files/2025/03/menu-comedor-marzo2_page-0001-1024x724.jpg" alt="" width="1115" height="788" srcset="https://blogsaverroes.juntadeandalucia.es/lexflaviamalacitana/files/2025/03/menu-comedor-marzo2_page-0001-1024x724.jpg 1024w, https://blogsaverroes.juntadeandalucia.es/lexflaviamalacitana/files/2025/03/menu-comedor-marzo2_page-0001-300x212.jpg 300w, https://blogsaverroes.juntadeandalucia.es/lexflaviamalacitana/files/2025/03/menu-comedor-marzo2_page-0001-768x543.jpg 768w, https://blogsaverroes.juntadeandalucia.es/lexflaviamalacitana/files/2025/03/menu-comedor-marzo2_page-0001-1536x1086.jpg 1536w, https://blogsaverroes.juntadeandalucia.es/lexflaviamalacitana/files/2025/03/menu-comedor-marzo2_page-0001-2048x1448.jpg 2048w, https://blogsaverroes.juntadeandalucia.es/lexflaviamalacitana/files/2025/03/menu-comedor-marzo2_page-0001.jpg 1600w" sizes="(max-width: 1115px) 100vw, 1115px" /></p>

<p>Los comedores escolares son un servicio complementario que resulta de gran utilidad a padres y madres para ayudarles a&nbsp;conciliar la vida laboral y familiar. Tienen una duración de hasta dos horas desde que acaba la jornada&#46;&#46;&#46;</p>
