{"id":28,"date":"2023-06-14T09:10:00","date_gmt":"2023-06-14T09:10:00","guid":{"rendered":"https:\/\/blogsaverroes.juntadeandalucia.es\/llenandoaulas\/?page_id=28"},"modified":"2024-02-15T16:09:18","modified_gmt":"2024-02-15T16:09:18","slug":"noruega","status":"publish","type":"page","link":"https:\/\/blogsaverroes.juntadeandalucia.es\/llenandoaulas\/noruega\/","title":{"rendered":"Noruega"},"content":{"rendered":"<p><img loading=\"lazy\" decoding=\"async\" class=\"\" src=\"https:\/\/blogsaverroes.juntadeandalucia.es\/iesarroyodelamiel\/files\/2023\/05\/es_cofinanciado_por_la_union_europea_pantone-300x63.png\" width=\"348\" height=\"73\"><img loading=\"lazy\" decoding=\"async\" class=\"alignright\" src=\"https:\/\/blogsaverroes.juntadeandalucia.es\/iesarroyodelamiel\/files\/2023\/05\/Logo-IES-Erasmus-con-letras-en-azul-300x291.jpg\" width=\"116\" height=\"112\"><\/p>\n<p>&nbsp;<\/p>\n<p><span style=\"font-size: 24pt\"><strong>Segunda visita del profesorado del IES Arroyo de la Miel&nbsp; <\/strong><\/span><\/p>\n<p><span style=\"font-size: 24pt\"><strong>Destino Voksenopplaeringssenter en Porsgrunn (Noruega)<\/strong><\/span><\/p>\n<p>&nbsp;<\/p>\n<p><img decoding=\"async\" class=\"aligncenter\" src=\"https:\/\/blogsaverroes.juntadeandalucia.es\/iesarroyodelamiel\/files\/2023\/02\/descarga.jpg\"><\/p>\n<p>Los d\u00edas 7,8,9 y 10 de marzo se har\u00e1 una movilidad Job shadowing (visita de observaci\u00f3n) a Porsgrunn, localidad noruega situada a 150 kil\u00f3metros de Oslo, dentro del Proyecto Erasmus+&nbsp;<em>Llenando aulas<\/em>. La primera visita fue a Mafra al centro Escola Secund\u00e1ria Jos\u00e9 Saramago fue una experiencia fruct\u00edfera y que ha generado un club de lectura virtual entre alumnado portugu\u00e9s y espa\u00f1ol con la obra del gran escritor Jos\u00e9 Saramago Memorial del Convento que se realizar\u00e1 el 17 de mayo.<br \/>\nEn el objetivo de aprender buenas pr\u00e1cticas de otros centros de adultos en Europa, en esta movilidad se conocer\u00e1n otros sistemas educativos. Y los profesores participantes son Mercedes Guerra Villalobos, jefa de estudios adjunto de adultos, coordinadora del proyecto Erasmus+ y profesora de Lengua y Literatura; Yolanda Gonz\u00e1lez Gonz\u00e1lez, vicedirectora y profesora de Turismo y \u00c1ngel L\u00f3pez Mac\u00edas, secretario y profesor de Ingl\u00e9s.<\/p>\n<p><img decoding=\"async\" class=\"aligncenter\" src=\"https:\/\/blogsaverroes.juntadeandalucia.es\/iesarroyodelamiel\/files\/2023\/06\/Los-3-en-el-centro-1-300x169.jpg\"><\/p>\n<p>Nuestros compa\u00f1eros en Voksenopplaeringssenter en Porsgrunn (Noruega). Porsgrunn es una localidad que junto con Skien constituye parte de la conurbaci\u00f3n llamada Skien\/Porsgrunn, convirti\u00e9ndose en la s\u00e9ptima \u00e1rea urbana m\u00e1s poblada de Noruega con 88 000 habitantes en la regi\u00f3n de Telemark. La ciudad est\u00e1 situada en el suroeste de Noruega, a 106 kil\u00f3metros de Oslo.<\/p>\n<p><img decoding=\"async\" class=\"aligncenter\" src=\"https:\/\/blogsaverroes.juntadeandalucia.es\/iesarroyodelamiel\/files\/2023\/06\/Reuni%C3%B3n-de-trabajo-1-300x225.jpg\"><\/p>\n<p>Reuni\u00f3n de trabajo de nuestros compa\u00f1eros con el profesorado de Voksenopplaeringssenter intercambiando experiencias pedag\u00f3gicas de Adultos.<\/p>\n<p><img decoding=\"async\" class=\"aligncenter\" src=\"https:\/\/blogsaverroes.juntadeandalucia.es\/iesarroyodelamiel\/files\/2023\/06\/Reuni%C3%B3n-de-trabajo-2-2-300x169.jpg\"><\/p>\n<p>Reuni\u00f3n de trabajo, despu\u00e9s de haber realizado visitas de observaci\u00f3n durante toda la ma\u00f1ana.&nbsp;<\/p>\n<p><img decoding=\"async\" class=\"aligncenter\" src=\"https:\/\/blogsaverroes.juntadeandalucia.es\/iesarroyodelamiel\/files\/2023\/06\/Con-la-directora-300x225.jpg\"><\/p>\n<p>Encuentro con la vicedirectora de Videregaendeskole tambi\u00e9n en Porsgruun. Experiencia fruct\u00edfera que nos dio una&nbsp; perspectiva amplia de la educaci\u00f3n en Noruega.<\/p>\n<p><img decoding=\"async\" class=\"aligncenter\" src=\"https:\/\/blogsaverroes.juntadeandalucia.es\/iesarroyodelamiel\/files\/2023\/06\/En-Skien-con-la-escultura-de-Ibsen-225x300.jpg\"><\/p>\n<p>En Skien, lugar de nacimiento del c\u00e9lebre escritor noruego Henrik Ibsen. Proyecto de realizar el club de lectura virtual el pr\u00f3ximo curso escolar con la obra&nbsp;<em>Casa de mu\u00f1ecas.<\/em><\/p>\n<p><img decoding=\"async\" class=\"aligncenter\" src=\"https:\/\/blogsaverroes.juntadeandalucia.es\/iesarroyodelamiel\/files\/2023\/06\/Oslo-300x225.jpg\"><\/p>\n<p>Despedida de Noruega. Vista al atardecer del fiordo de Oslo. Momento de reflexi\u00f3n.<\/p>\n<p>La compa\u00f1era <strong>Yolanda Gonz\u00e1lez<\/strong> nos ha dejado su visi\u00f3n sobre la experiencia de Noruega.<\/p>\n<p>El sistema educativo noruego se podria considerar como uno de los que m\u00e1s \u00e9xito tiene entre los evaluados desde que se realizan las pruebas PISA. En su desempe\u00f1o general, se encuentra por encima de la media OCDE y a nivel concreto, en lectura y matem\u00e1ticas se encuentra por encima de la media y en ciencia ligeramente por debajo. Sin embargo, m\u00e1s all\u00e1 de estos (buenos) resultados hay otros factores que nos pueden resultar interesantes. Vamos a verlos:<\/p>\n<p><strong>1. El sistema<\/strong><\/p>\n<p>&nbsp;La educaci\u00f3n obligatoria en el sistema educativo noruego es de los 6 a los 16 a\u00f1os. Sin embargo, est\u00e1 garantizada la educaci\u00f3n de los ni\u00f1os desde el primer a\u00f1o (la m\u00e1s baja de la OCDE) y, entre los 3 y 4 a\u00f1os, los noruegos tienen una gran tasa de matriculaci\u00f3n. Posteriormente, los ni\u00f1os pasan a la escuela elemental (6-13 a\u00f1os), a la escuela secundaria inferior (13-16 a\u00f1os) y, si as\u00ed lo quieren, a la escuela secundaria superior (16-19) que les abrir\u00e1 la puerta a la educaci\u00f3n terciaria a la que, por cierto, hay un mayor acceso que la media OCDE.<\/p>\n<p><strong>2. Acceso gratuito y equidad<\/strong><\/p>\n<p>&nbsp;Tal y como explic\u00e1bamos anteriormente, el acceso a la educaci\u00f3n en Noruega se da desde muy temprana edad gracias a que los municipios aseguran el derecho del ni\u00f1o a una plaza en educaci\u00f3n infantil. Esta facilidad de acceso es gracias a una notable inversi\u00f3n en la educaci\u00f3n infantil en la educaci\u00f3n p\u00fablica gratuita (en 2007, el 93% de las escuelas eran p\u00fablicas) que, a su vez, redunda en una alt\u00edsima equidad. De hecho, el impacto socioecon\u00f3mico sobre los estudiantes es de los menores de la OCDE ya que todos los ni\u00f1os tienen derecho a una ense\u00f1anza adaptada o a la asistencia especial si as\u00ed lo requieren. Prueba de todo esto, es la&nbsp;<em>iniciativa nuevas posibilidades<\/em> que buscaba aumentar la tasa de finalizaci\u00f3n de estudios gracias a llevar a cabo medidas espec\u00edficas con los alumnos de bajo rendimiento.<\/p>\n<p><strong>3. El profesorado<\/strong><\/p>\n<p>La formaci\u00f3n del profesorado implica la superaci\u00f3n de una formaci\u00f3n inicial de cuatro a\u00f1os m\u00e1s un&nbsp;<em>practicum<\/em>, la ratio de alumnos por clase es menor que la media de la OCDE y sus salarios est\u00e1n por encima. Adem\u00e1s, entre el a\u00f1o 2009 y 2014, se llev\u00f3 a cabo la iniciativa GNIST (brillo en noruego) que buscaba aumentar la calidad, la formaci\u00f3n y el estatus docente, as\u00ed como la mejora de la direcci\u00f3n escolar. Por \u00faltimo, se han puesto en marcha directrices para reformar la formaci\u00f3n del profesorado implicado en la educaci\u00f3n de los ni\u00f1os de 1 a 10 a\u00f1os.<\/p>\n<p><strong>4. La b\u00fasqueda y evaluaci\u00f3n de la calidad<\/strong><\/p>\n<p>M\u00e1s all\u00e1 de las iniciativas que buscan mejorar la formaci\u00f3n del profesorado, se han llevado a cabo diversas reformas y proyectos para mejorar a\u00fan m\u00e1s el exitoso sistema. Se han llevado a cabo iniciativas para mejorar la adquisici\u00f3n de&nbsp;<strong>competencias b\u00e1sicas<\/strong> y para motivar a los estudiantes. Tambi\u00e9n se ha implementado el programa de&nbsp;<em>evaluaci\u00f3n para el aprendizaje<\/em> (2014-17) que busca complementar el&nbsp;<em>sistema de evaluaci\u00f3n de calidad<\/em> (2004)&nbsp; con el objetivo de mejorar la evaluaci\u00f3n efectiva en los centros.<\/p>\n<p><strong>5. Una estrategia de Competencias Efectivas<\/strong><\/p>\n<p>Relacionado con las iniciativas basadas en mejorar las competencias, Noruega y la OCDE llevan a cabo un proyecto conjunto para aumentar el rendimiento en la secundaria inferior. Este proyecto tiene dos objetivos: mejorar la competencia lectora y de c\u00e1lculo de los alumnos y, en segundo lugar, mejorar las pr\u00e1cticas de los profesores en el aula. El plan implica la detecci\u00f3n de pr\u00e1cticas efectivas para profesores, directores y escuelas, el desarrollo de estrategias de apoyo al profesorado y en fortalecer la direcci\u00f3n de los centros escolares.&nbsp;<\/p>\n<p><strong>6. Gesti\u00f3n local<\/strong><\/p>\n<p>Si bien es el gobierno quien marca los objetivos generales son las autoridades locales las que se encargan de tomar las decisiones, de repartir recursos y de dirigir los centros hasta la secundaria inferior. En la educaci\u00f3n terciaria, la toma de decisiones recae en la regi\u00f3n.<\/p>\n<p><strong>7. Un fuerte v\u00ednculo con los hogares<\/strong><\/p>\n<p>Para el sistema educativo noruego, la cooperaci\u00f3n entre padres, escuela y alumnos es muy importante dejando muy claro que la educaci\u00f3n de los hijos es responsabilidad paterna, siendo la escuela la que busca colaborar con los padres. De esta forma se establece una estrecha comunicaci\u00f3n que implica entrevistas, reuniones con otros padres y la necesidad de estar al tanto de los deberes, actividades y planes de los ni\u00f1os.<\/p>\n<p><strong>8. Una educaci\u00f3n con unos valores muy claros<\/strong><\/p>\n<p>En la educaci\u00f3n noruega hay unos valores muy claros con una profunda ra\u00edz humanista que implican el respeto a la dignidad humana, a la naturaleza, la libertad intelectual, la igualdad, la solidaridad, etc. Adem\u00e1s de buscar el conocimiento y la comprensi\u00f3n del patrimonio noruego tambi\u00e9n se contrapone con tradiciones culturales internacionales con tal de promover la diversidad cultural. Por \u00faltimo, busca fomentar el pensamiento cr\u00edtico y cient\u00edfico.&nbsp;&nbsp;<\/p>\n<p>De vuelta al IES Arroyo de la Miel los compa\u00f1eros que han realizado la movilidad organizaron una charla con el profesorado de nocturno para comentar la experiencia, y a continuaci\u00f3n est\u00e1 el power point que se expuso el sistema educativo noruego.&nbsp; &nbsp;<\/p>\n<p style=\"text-align: center\"><a href=\"https:\/\/blogsaverroes.juntadeandalucia.es\/llenandoaulas\/files\/2023\/10\/SISTEMA-EDUCATIVO-NORUEGO.pdf\"><img loading=\"lazy\" decoding=\"async\" class=\"aligncenter size-medium wp-image-287\" src=\"https:\/\/blogsaverroes.juntadeandalucia.es\/llenandoaulas\/files\/2024\/02\/Noruega-2-300x212.png\" alt=\"\" width=\"300\" height=\"212\" srcset=\"https:\/\/blogsaverroes.juntadeandalucia.es\/llenandoaulas\/files\/2024\/02\/Noruega-2-300x212.png 300w, https:\/\/blogsaverroes.juntadeandalucia.es\/llenandoaulas\/files\/2024\/02\/Noruega-2.png 641w\" sizes=\"(max-width: 300px) 100vw, 300px\" \/><\/a><\/p>\n<p style=\"text-align: center\"><a href=\"https:\/\/blogsaverroes.juntadeandalucia.es\/llenandoaulas\/files\/2023\/10\/SISTEMA-EDUCATIVO-NORUEGO.pdf\">SISTEMA EDUCATIVO NORUEGO<\/a><\/p>\n","protected":false},"excerpt":{"rendered":"<p>&nbsp; Segunda visita del profesorado del IES Arroyo de la Miel&nbsp; Destino Voksenopplaeringssenter en Porsgrunn (Noruega) &nbsp; Los d\u00edas 7,8,9 y 10 de marzo se har\u00e1 una movilidad Job shadowing (visita de observaci\u00f3n) a&#46;&#46;&#46;<\/p>\n","protected":false},"author":18189,"featured_media":0,"parent":0,"menu_order":0,"comment_status":"closed","ping_status":"closed","template":"page-template-full.php","meta":{"ngg_post_thumbnail":0,"footnotes":""},"aioseo_notices":[],"_links":{"self":[{"href":"https:\/\/blogsaverroes.juntadeandalucia.es\/llenandoaulas\/wp-json\/wp\/v2\/pages\/28"}],"collection":[{"href":"https:\/\/blogsaverroes.juntadeandalucia.es\/llenandoaulas\/wp-json\/wp\/v2\/pages"}],"about":[{"href":"https:\/\/blogsaverroes.juntadeandalucia.es\/llenandoaulas\/wp-json\/wp\/v2\/types\/page"}],"author":[{"embeddable":true,"href":"https:\/\/blogsaverroes.juntadeandalucia.es\/llenandoaulas\/wp-json\/wp\/v2\/users\/18189"}],"replies":[{"embeddable":true,"href":"https:\/\/blogsaverroes.juntadeandalucia.es\/llenandoaulas\/wp-json\/wp\/v2\/comments?post=28"}],"version-history":[{"count":28,"href":"https:\/\/blogsaverroes.juntadeandalucia.es\/llenandoaulas\/wp-json\/wp\/v2\/pages\/28\/revisions"}],"predecessor-version":[{"id":289,"href":"https:\/\/blogsaverroes.juntadeandalucia.es\/llenandoaulas\/wp-json\/wp\/v2\/pages\/28\/revisions\/289"}],"wp:attachment":[{"href":"https:\/\/blogsaverroes.juntadeandalucia.es\/llenandoaulas\/wp-json\/wp\/v2\/media?parent=28"}],"curies":[{"name":"wp","href":"https:\/\/api.w.org\/{rel}","templated":true}]}}

<p><img loading="lazy" decoding="async" class="" src="https://blogsaverroes.juntadeandalucia.es/iesarroyodelamiel/files/2023/05/es_cofinanciado_por_la_union_europea_pantone-300x63.png" width="348" height="73"><img loading="lazy" decoding="async" class="alignright" src="https://blogsaverroes.juntadeandalucia.es/iesarroyodelamiel/files/2023/05/Logo-IES-Erasmus-con-letras-en-azul-300x291.jpg" width="116" height="112"></p>
<p>&nbsp;</p>
<p><span style="font-size: 24pt"><strong>Segunda visita del profesorado del IES Arroyo de la Miel&nbsp; </strong></span></p>
<p><span style="font-size: 24pt"><strong>Destino Voksenopplaeringssenter en Porsgrunn (Noruega)</strong></span></p>
<p>&nbsp;</p>
<p><img decoding="async" class="aligncenter" src="https://blogsaverroes.juntadeandalucia.es/iesarroyodelamiel/files/2023/02/descarga.jpg"></p>
<p>Los días 7,8,9 y 10 de marzo se hará una movilidad Job shadowing (visita de observación) a Porsgrunn, localidad noruega situada a 150 kilómetros de Oslo, dentro del Proyecto Erasmus+&nbsp;<em>Llenando aulas</em>. La primera visita fue a Mafra al centro Escola Secundária José Saramago fue una experiencia fructífera y que ha generado un club de lectura virtual entre alumnado portugués y español con la obra del gran escritor José Saramago Memorial del Convento que se realizará el 17 de mayo.<br />
En el objetivo de aprender buenas prácticas de otros centros de adultos en Europa, en esta movilidad se conocerán otros sistemas educativos. Y los profesores participantes son Mercedes Guerra Villalobos, jefa de estudios adjunto de adultos, coordinadora del proyecto Erasmus+ y profesora de Lengua y Literatura; Yolanda González González, vicedirectora y profesora de Turismo y Ángel López Macías, secretario y profesor de Inglés.</p>
<p><img decoding="async" class="aligncenter" src="https://blogsaverroes.juntadeandalucia.es/iesarroyodelamiel/files/2023/06/Los-3-en-el-centro-1-300x169.jpg"></p>
<p>Nuestros compañeros en Voksenopplaeringssenter en Porsgrunn (Noruega). Porsgrunn es una localidad que junto con Skien constituye parte de la conurbación llamada Skien/Porsgrunn, convirtiéndose en la séptima área urbana más poblada de Noruega con 88 000 habitantes en la región de Telemark. La ciudad está situada en el suroeste de Noruega, a 106 kilómetros de Oslo.</p>
<p><img decoding="async" class="aligncenter" src="https://blogsaverroes.juntadeandalucia.es/iesarroyodelamiel/files/2023/06/Reuni%C3%B3n-de-trabajo-1-300x225.jpg"></p>
<p>Reunión de trabajo de nuestros compañeros con el profesorado de Voksenopplaeringssenter intercambiando experiencias pedagógicas de Adultos.</p>
<p><img decoding="async" class="aligncenter" src="https://blogsaverroes.juntadeandalucia.es/iesarroyodelamiel/files/2023/06/Reuni%C3%B3n-de-trabajo-2-2-300x169.jpg"></p>
<p>Reunión de trabajo, después de haber realizado visitas de observación durante toda la mañana.&nbsp;</p>
<p><img decoding="async" class="aligncenter" src="https://blogsaverroes.juntadeandalucia.es/iesarroyodelamiel/files/2023/06/Con-la-directora-300x225.jpg"></p>
<p>Encuentro con la vicedirectora de Videregaendeskole también en Porsgruun. Experiencia fructífera que nos dio una&nbsp; perspectiva amplia de la educación en Noruega.</p>
<p><img decoding="async" class="aligncenter" src="https://blogsaverroes.juntadeandalucia.es/iesarroyodelamiel/files/2023/06/En-Skien-con-la-escultura-de-Ibsen-225x300.jpg"></p>
<p>En Skien, lugar de nacimiento del célebre escritor noruego Henrik Ibsen. Proyecto de realizar el club de lectura virtual el próximo curso escolar con la obra&nbsp;<em>Casa de muñecas.</em></p>
<p><img decoding="async" class="aligncenter" src="https://blogsaverroes.juntadeandalucia.es/iesarroyodelamiel/files/2023/06/Oslo-300x225.jpg"></p>
<p>Despedida de Noruega. Vista al atardecer del fiordo de Oslo. Momento de reflexión.</p>
<p>La compañera <strong>Yolanda González</strong> nos ha dejado su visión sobre la experiencia de Noruega.</p>
<p>El sistema educativo noruego se podria considerar como uno de los que más éxito tiene entre los evaluados desde que se realizan las pruebas PISA. En su desempeño general, se encuentra por encima de la media OCDE y a nivel concreto, en lectura y matemáticas se encuentra por encima de la media y en ciencia ligeramente por debajo. Sin embargo, más allá de estos (buenos) resultados hay otros factores que nos pueden resultar interesantes. Vamos a verlos:</p>
<p><strong>1. El sistema</strong></p>
<p>&nbsp;La educación obligatoria en el sistema educativo noruego es de los 6 a los 16 años. Sin embargo, está garantizada la educación de los niños desde el primer año (la más baja de la OCDE) y, entre los 3 y 4 años, los noruegos tienen una gran tasa de matriculación. Posteriormente, los niños pasan a la escuela elemental (6-13 años), a la escuela secundaria inferior (13-16 años) y, si así lo quieren, a la escuela secundaria superior (16-19) que les abrirá la puerta a la educación terciaria a la que, por cierto, hay un mayor acceso que la media OCDE.</p>
<p><strong>2. Acceso gratuito y equidad</strong></p>
<p>&nbsp;Tal y como explicábamos anteriormente, el acceso a la educación en Noruega se da desde muy temprana edad gracias a que los municipios aseguran el derecho del niño a una plaza en educación infantil. Esta facilidad de acceso es gracias a una notable inversión en la educación infantil en la educación pública gratuita (en 2007, el 93% de las escuelas eran públicas) que, a su vez, redunda en una altísima equidad. De hecho, el impacto socioeconómico sobre los estudiantes es de los menores de la OCDE ya que todos los niños tienen derecho a una enseñanza adaptada o a la asistencia especial si así lo requieren. Prueba de todo esto, es la&nbsp;<em>iniciativa nuevas posibilidades</em> que buscaba aumentar la tasa de finalización de estudios gracias a llevar a cabo medidas específicas con los alumnos de bajo rendimiento.</p>
<p><strong>3. El profesorado</strong></p>
<p>La formación del profesorado implica la superación de una formación inicial de cuatro años más un&nbsp;<em>practicum</em>, la ratio de alumnos por clase es menor que la media de la OCDE y sus salarios están por encima. Además, entre el año 2009 y 2014, se llevó a cabo la iniciativa GNIST (brillo en noruego) que buscaba aumentar la calidad, la formación y el estatus docente, así como la mejora de la dirección escolar. Por último, se han puesto en marcha directrices para reformar la formación del profesorado implicado en la educación de los niños de 1 a 10 años.</p>
<p><strong>4. La búsqueda y evaluación de la calidad</strong></p>
<p>Más allá de las iniciativas que buscan mejorar la formación del profesorado, se han llevado a cabo diversas reformas y proyectos para mejorar aún más el exitoso sistema. Se han llevado a cabo iniciativas para mejorar la adquisición de&nbsp;<strong>competencias básicas</strong> y para motivar a los estudiantes. También se ha implementado el programa de&nbsp;<em>evaluación para el aprendizaje</em> (2014-17) que busca complementar el&nbsp;<em>sistema de evaluación de calidad</em> (2004)&nbsp; con el objetivo de mejorar la evaluación efectiva en los centros.</p>
<p><strong>5. Una estrategia de Competencias Efectivas</strong></p>
<p>Relacionado con las iniciativas basadas en mejorar las competencias, Noruega y la OCDE llevan a cabo un proyecto conjunto para aumentar el rendimiento en la secundaria inferior. Este proyecto tiene dos objetivos: mejorar la competencia lectora y de cálculo de los alumnos y, en segundo lugar, mejorar las prácticas de los profesores en el aula. El plan implica la detección de prácticas efectivas para profesores, directores y escuelas, el desarrollo de estrategias de apoyo al profesorado y en fortalecer la dirección de los centros escolares.&nbsp;</p>
<p><strong>6. Gestión local</strong></p>
<p>Si bien es el gobierno quien marca los objetivos generales son las autoridades locales las que se encargan de tomar las decisiones, de repartir recursos y de dirigir los centros hasta la secundaria inferior. En la educación terciaria, la toma de decisiones recae en la región.</p>
<p><strong>7. Un fuerte vínculo con los hogares</strong></p>
<p>Para el sistema educativo noruego, la cooperación entre padres, escuela y alumnos es muy importante dejando muy claro que la educación de los hijos es responsabilidad paterna, siendo la escuela la que busca colaborar con los padres. De esta forma se establece una estrecha comunicación que implica entrevistas, reuniones con otros padres y la necesidad de estar al tanto de los deberes, actividades y planes de los niños.</p>
<p><strong>8. Una educación con unos valores muy claros</strong></p>
<p>En la educación noruega hay unos valores muy claros con una profunda raíz humanista que implican el respeto a la dignidad humana, a la naturaleza, la libertad intelectual, la igualdad, la solidaridad, etc. Además de buscar el conocimiento y la comprensión del patrimonio noruego también se contrapone con tradiciones culturales internacionales con tal de promover la diversidad cultural. Por último, busca fomentar el pensamiento crítico y científico.&nbsp;&nbsp;</p>
<p>De vuelta al IES Arroyo de la Miel los compañeros que han realizado la movilidad organizaron una charla con el profesorado de nocturno para comentar la experiencia, y a continuación está el power point que se expuso el sistema educativo noruego.&nbsp; &nbsp;</p>
<p style="text-align: center"><a href="https://blogsaverroes.juntadeandalucia.es/llenandoaulas/files/2023/10/SISTEMA-EDUCATIVO-NORUEGO.pdf"><img loading="lazy" decoding="async" class="aligncenter size-medium wp-image-287" src="https://blogsaverroes.juntadeandalucia.es/llenandoaulas/files/2024/02/Noruega-2-300x212.png" alt="" width="300" height="212" srcset="https://blogsaverroes.juntadeandalucia.es/llenandoaulas/files/2024/02/Noruega-2-300x212.png 300w, https://blogsaverroes.juntadeandalucia.es/llenandoaulas/files/2024/02/Noruega-2.png 641w" sizes="(max-width: 300px) 100vw, 300px" /></a></p>
<p style="text-align: center"><a href="https://blogsaverroes.juntadeandalucia.es/llenandoaulas/files/2023/10/SISTEMA-EDUCATIVO-NORUEGO.pdf">SISTEMA EDUCATIVO NORUEGO</a></p>

<p>&nbsp; Segunda visita del profesorado del IES Arroyo de la Miel&nbsp; Destino Voksenopplaeringssenter en Porsgrunn (Noruega) &nbsp; Los días 7,8,9 y 10 de marzo se hará una movilidad Job shadowing (visita de observación) a&#46;&#46;&#46;</p>
