{"id":44,"date":"2023-06-16T17:49:14","date_gmt":"2023-06-16T17:49:14","guid":{"rendered":"https:\/\/blogsaverroes.juntadeandalucia.es\/llenandoaulas\/?page_id=44"},"modified":"2024-05-10T10:14:56","modified_gmt":"2024-05-10T10:14:56","slug":"principal","status":"publish","type":"page","link":"https:\/\/blogsaverroes.juntadeandalucia.es\/llenandoaulas\/","title":{"rendered":"Principal"},"content":{"rendered":"<p><img loading=\"lazy\" decoding=\"async\" class=\"\" src=\"https:\/\/blogsaverroes.juntadeandalucia.es\/iesarroyodelamiel\/files\/2023\/05\/es_cofinanciado_por_la_union_europea_pantone-300x63.png\" width=\"348\" height=\"73\"><img loading=\"lazy\" decoding=\"async\" class=\"alignright\" src=\"https:\/\/blogsaverroes.juntadeandalucia.es\/iesarroyodelamiel\/files\/2023\/05\/Logo-IES-Erasmus-con-letras-en-azul-300x291.jpg\" width=\"116\" height=\"112\"><\/p>\n<p>&nbsp;<\/p>\n<p>&nbsp;<\/p>\n<p><span style=\"font-size: 14pt\">El proyecto Erasmus+ <em>Llenando Aulas<\/em>&nbsp;se inici\u00f3 el 01\/09\/22 y terminar\u00e1 el 29\/02\/24. En este periodo se har\u00e1n visitas de observaci\u00f3n a distintos centros de Europa para conocer otros sistemas pedag\u00f3gicos en educaci\u00f3n de Adultos y aplicarlos en nuestro centro, especialmente en c\u00f3mo paliar el abandono escolar en Adultos.<\/span><\/p>\n<p><span style=\"font-size: 14pt\">Adem\u00e1s, se realizar\u00e1 un curso de formaci\u00f3n en competencias digitales para los docentes, siempre apostamos por la innovaci\u00f3n en todos los campos.<\/span><\/p>\n<p><span style=\"font-size: 14pt\">Y finalmente, pero no por ello menos importante, se har\u00e1 un club de lectura virtual en ingl\u00e9s con nuestro alumnado y el alumnado de los centros que visitaremos. En Adultos iniciamos un club de lectura trimestral en noviembre de 2019 y creemos que es una herramienta muy \u00fatil para potenciar el h\u00e1bito lector y en esta versi\u00f3n, telem\u00e1tica y en ingl\u00e9s, ser\u00e1 una experiencia \u00fanica.<\/span><\/p>\n<p><span style=\"font-size: 14pt\">A continuaci\u00f3n tenemos las palabras del director del IES Arroyo de la Miel, <strong>Juan Antonio Manceras Portales<\/strong>, que nos motiva a trabajar en el proyecto Eramus+ y en la educaci\u00f3n de Adultos.&nbsp;<\/span><\/p>\n<p><span style=\"font-size: 14pt\">Europa es un concepto muy amplio: geogr\u00e1fico, pol\u00edtico, econ\u00f3mico, social&#8230; y educativo. Gracias a los programas europeos aprendemos y recibimos mucho. Los programas Erasmus son una maravillosa forma de colaborar educativamente. Es una verdad compartida que las dos mejores formas de aprender son viajar y leer y los programas Erasmus fomentan ambas.<\/span><\/p>\n<p><span style=\"font-size: 14pt\">Recibimos tanto, que a veces no somos conscientes de lo que podemos aportar al resto de la comunidad europea. Acceder a un Eramus relacionado con incentivar el aprendizaje y la cultura en Adultos dice mucho del profesorado del centro ya que son programas no obligatorios en los centros. Adem\u00e1s, nos ha permitido descubrir que somos el \u00fanico pa\u00eds europeo, junto con Portugal, donde la misma estructura educativa que soporta la cultura y el aprendizaje de los menores de edad lo hace tambi\u00e9n para los adultos. Vemos como otros pa\u00edses se centran m\u00e1s en el \u00e1mbito profesional o crean instituciones espec\u00edficas para la formaci\u00f3n de adultos, pero, en Espa\u00f1a, el concepto de escuela, instituto en nuestro caso, es m\u00e1s universal, abarca todas las edades.<\/span><\/p>\n<p><span style=\"font-size: 14pt\">Nuestra gran aspiraci\u00f3n es que nuestro centro sea un referente de formaci\u00f3n y cultura en nuestro entorno y que nuestra comunidad educativa abarque todas las edades. Eso legitima el proyecto, al centro y beneficia a la \u00abtribu\u00bb, mayores y menores se forman en el mismo sitio.<\/span><\/p>\n<p><span style=\"font-size: 14pt\">As\u00ed, mientras nos enriquecemos con los usos y costumbres de los pa\u00edses de nuestro alrededor y nos fortalecemos aprendiendo de las herramientas que usan para solventar el d\u00eda a d\u00eda, exportamos el concepto de universalidad de la escuela como eje social para construir una sociedad y una Europa m\u00e1s fuerte.&nbsp; &nbsp;&nbsp;<\/span><\/p>\n<p><span style=\"font-size: 14pt\">Los centros participantes en este proyecto son:<\/span><\/p>\n<ul>\n<li><span style=\"font-size: 14pt\"><a href=\"https:\/\/blogsaverroes.juntadeandalucia.es\/iesarroyodelamiel\/\">IES Arroyo de la Miel en Benalm\u00e1dena<\/a> (Espa\u00f1a) coordinador de todo el proyecto y que gestiona Mercedes Guerra Villalobos.<\/span><\/li>\n<li><span style=\"font-size: 14pt\"><a href=\"https:\/\/escola.esjs-mafra.net\/\">Escola Secund\u00e1ria Jos\u00e9 Saramago de Mafra<\/a>&nbsp;(Portugal).<\/span><\/li>\n<li><span style=\"font-size: 14pt\"><a href=\"https:\/\/www.porsgrunn.kommune.no\/skole-og-barnehage\/voksenopplaering\/\">Voksenopplaeringssenter (centro de adultos) de Porsgrunn<\/a>&nbsp;(Noruega).<\/span><\/li>\n<li><span style=\"font-size: 14pt\"><a href=\"http:\/\/www.cpiapadova.it\/\">Centro Provinciale per l\u2019istruzione degli Adulti en Padua<\/a>&nbsp;(Italia).<\/span><\/li>\n<li><a href=\"https:\/\/www.bsz-radolfzell.de\/home\"><span style=\"font-size: 14pt\">Berufsschulzentrum de Radolfzell <\/span><\/a><span style=\"font-size: 14pt\">(Alemania).<\/span><\/li>\n<\/ul>\n<p><strong><span style=\"font-size: 24pt\">Visitas del profesorado<\/span><\/strong><\/p>\n<p><span style=\"font-size: 14pt\">Como parte del programa es necesario que el profesorado realice visitas a otros centros e intercambien experiencias educativas para enriquecerse mutuamente.<\/span><\/p>\n<p><span style=\"font-size: 14pt\">Las visitas que ha realizado el profesorado son:<\/span><\/p>\n<h2><span style=\"font-size: 14pt\"><strong><a href=\"https:\/\/blogsaverroes.juntadeandalucia.es\/llenandoaulas\/portugal\/\">Escuela Secund\u00e1ria Jos\u00e9 Saramago<\/a> (Portugal)<\/strong><\/span><\/h2>\n<h2><span style=\"font-size: 14pt\"><strong><a href=\"https:\/\/blogsaverroes.juntadeandalucia.es\/llenandoaulas\/noruega\/\">Voksenopplaeringssenter<\/a> (Noruega)<\/strong><\/span><\/h2>\n<h2><a href=\"https:\/\/blogsaverroes.juntadeandalucia.es\/llenandoaulas\/italia\/\"><span style=\"font-size: 14pt\"><strong>Centro Provinciale per L&#8217;istruzione degli Adulti&nbsp;<\/strong><\/span><\/a> <strong><span style=\"font-size: 14pt\">(Italia)<\/span><\/strong><\/h2>\n<p><span style=\"font-size: 14pt\"><a href=\"https:\/\/blogsaverroes.juntadeandalucia.es\/llenandoaulas\/alemania\/\"><strong>Berufsschulzentrum de Radolfzell<\/strong> <\/a><strong>(Alemania)<\/strong><\/span><\/p>\n<p>&nbsp;<\/p>\n<p><strong><span style=\"font-size: 24pt\">Club de lectura virtual<\/span><\/strong><\/p>\n<p><span style=\"font-size: 14pt\">La participaci\u00f3n del alumnado en este proyecto ser\u00e1 a trav\u00e9s del club de lectura. En el IES Arroyo de la Miel tenemos un club de lectura en Adultos desde el curso<\/span> <span style=\"font-size: 14pt\">2019\/20 y en este proyecto hemos realizado dos sesiones del club de lectura virtual con otros centros europeos para fomentar la lectura y la integraci\u00f3n en la gran familia europea.<\/span>&nbsp;<\/p>\n<h2><a href=\"https:\/\/blogsaverroes.juntadeandalucia.es\/llenandoaulas\/club-de-lectura-virtual\/\"><span style=\"font-size: 12pt\"><span style=\"font-size: 14pt\">Club virt<\/span><\/span><\/a><a href=\"https:\/\/blogsaverroes.juntadeandalucia.es\/llenandoaulas\/club-de-lectura-virtual\/\"><span style=\"font-size: 12pt\"><span style=\"font-size: 14pt\">ual de lectura&nbsp;<\/span><\/span><\/a><\/h2>\n<p>&nbsp;<\/p>\n<p>&nbsp;<\/p>\n<p>&nbsp;<\/p>\n","protected":false},"excerpt":{"rendered":"<p>&nbsp; &nbsp; El proyecto Erasmus+ Llenando Aulas&nbsp;se inici\u00f3 el 01\/09\/22 y terminar\u00e1 el 29\/02\/24. En este periodo se har\u00e1n visitas de observaci\u00f3n a distintos centros de Europa para conocer otros sistemas pedag\u00f3gicos en educaci\u00f3n&#46;&#46;&#46;<\/p>\n","protected":false},"author":18189,"featured_media":0,"parent":0,"menu_order":0,"comment_status":"closed","ping_status":"closed","template":"page-template-full.php","meta":{"ngg_post_thumbnail":0,"footnotes":""},"aioseo_notices":[],"_links":{"self":[{"href":"https:\/\/blogsaverroes.juntadeandalucia.es\/llenandoaulas\/wp-json\/wp\/v2\/pages\/44"}],"collection":[{"href":"https:\/\/blogsaverroes.juntadeandalucia.es\/llenandoaulas\/wp-json\/wp\/v2\/pages"}],"about":[{"href":"https:\/\/blogsaverroes.juntadeandalucia.es\/llenandoaulas\/wp-json\/wp\/v2\/types\/page"}],"author":[{"embeddable":true,"href":"https:\/\/blogsaverroes.juntadeandalucia.es\/llenandoaulas\/wp-json\/wp\/v2\/users\/18189"}],"replies":[{"embeddable":true,"href":"https:\/\/blogsaverroes.juntadeandalucia.es\/llenandoaulas\/wp-json\/wp\/v2\/comments?post=44"}],"version-history":[{"count":46,"href":"https:\/\/blogsaverroes.juntadeandalucia.es\/llenandoaulas\/wp-json\/wp\/v2\/pages\/44\/revisions"}],"predecessor-version":[{"id":370,"href":"https:\/\/blogsaverroes.juntadeandalucia.es\/llenandoaulas\/wp-json\/wp\/v2\/pages\/44\/revisions\/370"}],"wp:attachment":[{"href":"https:\/\/blogsaverroes.juntadeandalucia.es\/llenandoaulas\/wp-json\/wp\/v2\/media?parent=44"}],"curies":[{"name":"wp","href":"https:\/\/api.w.org\/{rel}","templated":true}]}}

<p><img loading="lazy" decoding="async" class="" src="https://blogsaverroes.juntadeandalucia.es/iesarroyodelamiel/files/2023/05/es_cofinanciado_por_la_union_europea_pantone-300x63.png" width="348" height="73"><img loading="lazy" decoding="async" class="alignright" src="https://blogsaverroes.juntadeandalucia.es/iesarroyodelamiel/files/2023/05/Logo-IES-Erasmus-con-letras-en-azul-300x291.jpg" width="116" height="112"></p>
<p>&nbsp;</p>
<p>&nbsp;</p>
<p><span style="font-size: 14pt">El proyecto Erasmus+ <em>Llenando Aulas</em>&nbsp;se inició el 01/09/22 y terminará el 29/02/24. En este periodo se harán visitas de observación a distintos centros de Europa para conocer otros sistemas pedagógicos en educación de Adultos y aplicarlos en nuestro centro, especialmente en cómo paliar el abandono escolar en Adultos.</span></p>
<p><span style="font-size: 14pt">Además, se realizará un curso de formación en competencias digitales para los docentes, siempre apostamos por la innovación en todos los campos.</span></p>
<p><span style="font-size: 14pt">Y finalmente, pero no por ello menos importante, se hará un club de lectura virtual en inglés con nuestro alumnado y el alumnado de los centros que visitaremos. En Adultos iniciamos un club de lectura trimestral en noviembre de 2019 y creemos que es una herramienta muy útil para potenciar el hábito lector y en esta versión, telemática y en inglés, será una experiencia única.</span></p>
<p><span style="font-size: 14pt">A continuación tenemos las palabras del director del IES Arroyo de la Miel, <strong>Juan Antonio Manceras Portales</strong>, que nos motiva a trabajar en el proyecto Eramus+ y en la educación de Adultos.&nbsp;</span></p>
<p><span style="font-size: 14pt">Europa es un concepto muy amplio: geográfico, político, económico, social&#8230; y educativo. Gracias a los programas europeos aprendemos y recibimos mucho. Los programas Erasmus son una maravillosa forma de colaborar educativamente. Es una verdad compartida que las dos mejores formas de aprender son viajar y leer y los programas Erasmus fomentan ambas.</span></p>
<p><span style="font-size: 14pt">Recibimos tanto, que a veces no somos conscientes de lo que podemos aportar al resto de la comunidad europea. Acceder a un Eramus relacionado con incentivar el aprendizaje y la cultura en Adultos dice mucho del profesorado del centro ya que son programas no obligatorios en los centros. Además, nos ha permitido descubrir que somos el único país europeo, junto con Portugal, donde la misma estructura educativa que soporta la cultura y el aprendizaje de los menores de edad lo hace también para los adultos. Vemos como otros países se centran más en el ámbito profesional o crean instituciones específicas para la formación de adultos, pero, en España, el concepto de escuela, instituto en nuestro caso, es más universal, abarca todas las edades.</span></p>
<p><span style="font-size: 14pt">Nuestra gran aspiración es que nuestro centro sea un referente de formación y cultura en nuestro entorno y que nuestra comunidad educativa abarque todas las edades. Eso legitima el proyecto, al centro y beneficia a la «tribu», mayores y menores se forman en el mismo sitio.</span></p>
<p><span style="font-size: 14pt">Así, mientras nos enriquecemos con los usos y costumbres de los países de nuestro alrededor y nos fortalecemos aprendiendo de las herramientas que usan para solventar el día a día, exportamos el concepto de universalidad de la escuela como eje social para construir una sociedad y una Europa más fuerte.&nbsp; &nbsp;&nbsp;</span></p>
<p><span style="font-size: 14pt">Los centros participantes en este proyecto son:</span></p>
<ul>
<li><span style="font-size: 14pt"><a href="https://blogsaverroes.juntadeandalucia.es/iesarroyodelamiel/">IES Arroyo de la Miel en Benalmádena</a> (España) coordinador de todo el proyecto y que gestiona Mercedes Guerra Villalobos.</span></li>
<li><span style="font-size: 14pt"><a href="https://escola.esjs-mafra.net/">Escola Secundária José Saramago de Mafra</a>&nbsp;(Portugal).</span></li>
<li><span style="font-size: 14pt"><a href="https://www.porsgrunn.kommune.no/skole-og-barnehage/voksenopplaering/">Voksenopplaeringssenter (centro de adultos) de Porsgrunn</a>&nbsp;(Noruega).</span></li>
<li><span style="font-size: 14pt"><a href="http://www.cpiapadova.it/">Centro Provinciale per l’istruzione degli Adulti en Padua</a>&nbsp;(Italia).</span></li>
<li><a href="https://www.bsz-radolfzell.de/home"><span style="font-size: 14pt">Berufsschulzentrum de Radolfzell </span></a><span style="font-size: 14pt">(Alemania).</span></li>
</ul>
<p><strong><span style="font-size: 24pt">Visitas del profesorado</span></strong></p>
<p><span style="font-size: 14pt">Como parte del programa es necesario que el profesorado realice visitas a otros centros e intercambien experiencias educativas para enriquecerse mutuamente.</span></p>
<p><span style="font-size: 14pt">Las visitas que ha realizado el profesorado son:</span></p>
<h2><span style="font-size: 14pt"><strong><a href="https://blogsaverroes.juntadeandalucia.es/llenandoaulas/portugal/">Escuela Secundária José Saramago</a> (Portugal)</strong></span></h2>
<h2><span style="font-size: 14pt"><strong><a href="https://blogsaverroes.juntadeandalucia.es/llenandoaulas/noruega/">Voksenopplaeringssenter</a> (Noruega)</strong></span></h2>
<h2><a href="https://blogsaverroes.juntadeandalucia.es/llenandoaulas/italia/"><span style="font-size: 14pt"><strong>Centro Provinciale per L&#8217;istruzione degli Adulti&nbsp;</strong></span></a> <strong><span style="font-size: 14pt">(Italia)</span></strong></h2>
<p><span style="font-size: 14pt"><a href="https://blogsaverroes.juntadeandalucia.es/llenandoaulas/alemania/"><strong>Berufsschulzentrum de Radolfzell</strong> </a><strong>(Alemania)</strong></span></p>
<p>&nbsp;</p>
<p><strong><span style="font-size: 24pt">Club de lectura virtual</span></strong></p>
<p><span style="font-size: 14pt">La participación del alumnado en este proyecto será a través del club de lectura. En el IES Arroyo de la Miel tenemos un club de lectura en Adultos desde el curso</span> <span style="font-size: 14pt">2019/20 y en este proyecto hemos realizado dos sesiones del club de lectura virtual con otros centros europeos para fomentar la lectura y la integración en la gran familia europea.</span>&nbsp;</p>
<h2><a href="https://blogsaverroes.juntadeandalucia.es/llenandoaulas/club-de-lectura-virtual/"><span style="font-size: 12pt"><span style="font-size: 14pt">Club virt</span></span></a><a href="https://blogsaverroes.juntadeandalucia.es/llenandoaulas/club-de-lectura-virtual/"><span style="font-size: 12pt"><span style="font-size: 14pt">ual de lectura&nbsp;</span></span></a></h2>
<p>&nbsp;</p>
<p>&nbsp;</p>
<p>&nbsp;</p>

<p>&nbsp; &nbsp; El proyecto Erasmus+ Llenando Aulas&nbsp;se inició el 01/09/22 y terminará el 29/02/24. En este periodo se harán visitas de observación a distintos centros de Europa para conocer otros sistemas pedagógicos en educación&#46;&#46;&#46;</p>
