{"id":2628,"date":"2022-04-26T14:24:40","date_gmt":"2022-04-26T14:24:40","guid":{"rendered":"https:\/\/blogsaverroes.juntadeandalucia.es\/losalmendros\/?page_id=2628"},"modified":"2022-04-26T14:56:00","modified_gmt":"2022-04-26T14:56:00","slug":"robotica-en-el-aula","status":"publish","type":"page","link":"https:\/\/blogsaverroes.juntadeandalucia.es\/losalmendros\/robotica-en-el-aula\/","title":{"rendered":"Rob\u00f3tica en el aula"},"content":{"rendered":"<p><img fetchpriority=\"high\" decoding=\"async\" class=\"aligncenter wp-image-2652 size-medium\" src=\"https:\/\/blogsaverroes.juntadeandalucia.es\/losalmendros\/files\/2022\/04\/Captura-de-pantalla-2021-10-29-a-las-16.06.59-300x189.png\" alt=\"\" width=\"300\" height=\"189\" srcset=\"https:\/\/blogsaverroes.juntadeandalucia.es\/losalmendros\/files\/2022\/04\/Captura-de-pantalla-2021-10-29-a-las-16.06.59-300x189.png 300w, https:\/\/blogsaverroes.juntadeandalucia.es\/losalmendros\/files\/2022\/04\/Captura-de-pantalla-2021-10-29-a-las-16.06.59-768x484.png 768w, https:\/\/blogsaverroes.juntadeandalucia.es\/losalmendros\/files\/2022\/04\/Captura-de-pantalla-2021-10-29-a-las-16.06.59.png 791w\" sizes=\"(max-width: 300px) 100vw, 300px\" \/><\/p>\n<p>&nbsp;<\/p>\n<p>Sabemos que el Siglo XXI es el siglo de la inform\u00e1tica, una \u00e9poca en la que la tecnolog\u00eda est\u00e1 al alcance de todos y todas y en la que la democratizaci\u00f3n de los recursos ha facilitado su inclusi\u00f3n en muchos entornos de la sociedad, pasando a ser parte fundamental de muchos de nuestros actos cotidianos.<\/p>\n<p>El desarrollo de la tecnolog\u00eda ha facilitado la evoluci\u00f3n de la industria o el comercio. Tambi\u00e9n ha cambiado nuestras costumbres sociales, as\u00ed como la forma en la que trabajamos o nos comunicamos. Se puede decir que la inform\u00e1tica est\u00e1 en casi todos los aspectos de nuestro d\u00eda a d\u00eda.<\/p>\n<p><iframe src=\"\/\/www.youtube.com\/embed\/R8Alek3JK6E?t=169s\" width=\"560\" height=\"314\"><\/iframe><\/p>\n<p>Por este motivo, el pensamiento computacional est\u00e1 considerado hoy como una competencia fundamental para cualquier ciudadano, as\u00ed como para cualquier estudian<\/p>\n<p>te dado que est\u00e1 relacionado con la capacidad de resolver un problema de manera creativa en distintas disciplinas. Est\u00e1 relacionado con la L\u00f3gica y el pensamiento l\u00f3gico, con Algoritmos y el pensamiento algor\u00edtmico, con los patrones y el reconocimi<\/p>\n<p>&nbsp;<\/p>\n<p>ento de patrones, con la abstracci\u00f3n y la generalizaci\u00f3n, con la evaluaci\u00f3n o comprobaci\u00f3n, con la automatizaci\u00f3n.<\/p>\n<p>En la pr\u00e1ctica incluye la descomposici\u00f3n de problemas, la creaci\u00f3n de artilugios computacionales, el probar y depurar algoritmos, la mejora reiterada y la colabora<\/p>\n<p>ci\u00f3n y creatividad. Conceptos y pr\u00e1cticas aplicables a cualquier materia.<\/p>\n<p>Con este programa pretendemos:<\/p>\n<p>a) Facilitar la formaci\u00f3n del profesorado y el alumnado en el estudio de la&nbsp;<strong>rob\u00f3tica<\/strong>, la&nbsp;<strong>impresi\u00f3n 3D<\/strong>&nbsp;y el&nbsp;<strong>pensamiento computacional<\/strong>.<\/p>\n<p>b) Favorecer la integraci\u00f3n de tareas y actividades&nbsp;<strong>STEAM<\/strong>&nbsp;en el curr\u00edculo de las asignaturas y en el proyecto de centro.<\/p>\n<p>c) Fomentar las vocaciones&nbsp;<strong>STEAM<\/strong>&nbsp;en el alumnado, contribuyendo a la igualdad de oportunidades.<\/p>\n<p>d) Impulsar un cambio metodol\u00f3gico en las materias&nbsp;<strong>STEAM<\/strong>&nbsp;hacia metodolog\u00edas activas e inclusivas.<\/p>\n<p>e) Favorecer la actualizaci\u00f3n cient\u00edfica y tecnol\u00f3gica del profesorado en el \u00e1mbito&nbsp;<strong>STEAM<\/strong>.<\/p>\n<p>f) Participar en proyectos de fomento y acercamiento al alumnado de las disciplinas <strong>STEAM<\/strong>, poniendo el foco en la incorporaci\u00f3n de la mujer a las profesiones de este \u00e1mbito.<\/p>\n<p>&nbsp;<\/p>\n<p>Coordina: Ana Granados Venegas<\/p>\n","protected":false},"excerpt":{"rendered":"<p>&nbsp; Sabemos que el Siglo XXI es el siglo de la inform\u00e1tica, una \u00e9poca en la que la tecnolog\u00eda est\u00e1 al alcance de todos y todas y en la que la democratizaci\u00f3n de los&#46;&#46;&#46;<\/p>\n","protected":false},"author":11026,"featured_media":0,"parent":0,"menu_order":0,"comment_status":"closed","ping_status":"closed","template":"","meta":{"ngg_post_thumbnail":0,"footnotes":"","_mc_calendar":[]},"aioseo_notices":[],"_links":{"self":[{"href":"https:\/\/blogsaverroes.juntadeandalucia.es\/losalmendros\/wp-json\/wp\/v2\/pages\/2628"}],"collection":[{"href":"https:\/\/blogsaverroes.juntadeandalucia.es\/losalmendros\/wp-json\/wp\/v2\/pages"}],"about":[{"href":"https:\/\/blogsaverroes.juntadeandalucia.es\/losalmendros\/wp-json\/wp\/v2\/types\/page"}],"author":[{"embeddable":true,"href":"https:\/\/blogsaverroes.juntadeandalucia.es\/losalmendros\/wp-json\/wp\/v2\/users\/11026"}],"replies":[{"embeddable":true,"href":"https:\/\/blogsaverroes.juntadeandalucia.es\/losalmendros\/wp-json\/wp\/v2\/comments?post=2628"}],"version-history":[{"count":4,"href":"https:\/\/blogsaverroes.juntadeandalucia.es\/losalmendros\/wp-json\/wp\/v2\/pages\/2628\/revisions"}],"predecessor-version":[{"id":2654,"href":"https:\/\/blogsaverroes.juntadeandalucia.es\/losalmendros\/wp-json\/wp\/v2\/pages\/2628\/revisions\/2654"}],"wp:attachment":[{"href":"https:\/\/blogsaverroes.juntadeandalucia.es\/losalmendros\/wp-json\/wp\/v2\/media?parent=2628"}],"curies":[{"name":"wp","href":"https:\/\/api.w.org\/{rel}","templated":true}]}}

Robótica en el aula

<p><img fetchpriority="high" decoding="async" class="aligncenter wp-image-2652 size-medium" src="https://blogsaverroes.juntadeandalucia.es/losalmendros/files/2022/04/Captura-de-pantalla-2021-10-29-a-las-16.06.59-300x189.png" alt="" width="300" height="189" srcset="https://blogsaverroes.juntadeandalucia.es/losalmendros/files/2022/04/Captura-de-pantalla-2021-10-29-a-las-16.06.59-300x189.png 300w, https://blogsaverroes.juntadeandalucia.es/losalmendros/files/2022/04/Captura-de-pantalla-2021-10-29-a-las-16.06.59-768x484.png 768w, https://blogsaverroes.juntadeandalucia.es/losalmendros/files/2022/04/Captura-de-pantalla-2021-10-29-a-las-16.06.59.png 791w" sizes="(max-width: 300px) 100vw, 300px" /></p>
<p>&nbsp;</p>
<p>Sabemos que el Siglo XXI es el siglo de la informática, una época en la que la tecnología está al alcance de todos y todas y en la que la democratización de los recursos ha facilitado su inclusión en muchos entornos de la sociedad, pasando a ser parte fundamental de muchos de nuestros actos cotidianos.</p>
<p>El desarrollo de la tecnología ha facilitado la evolución de la industria o el comercio. También ha cambiado nuestras costumbres sociales, así como la forma en la que trabajamos o nos comunicamos. Se puede decir que la informática está en casi todos los aspectos de nuestro día a día.</p>
<p><iframe src="//www.youtube.com/embed/R8Alek3JK6E?t=169s" width="560" height="314"></iframe></p>
<p>Por este motivo, el pensamiento computacional está considerado hoy como una competencia fundamental para cualquier ciudadano, así como para cualquier estudian</p>
<p>te dado que está relacionado con la capacidad de resolver un problema de manera creativa en distintas disciplinas. Está relacionado con la Lógica y el pensamiento lógico, con Algoritmos y el pensamiento algorítmico, con los patrones y el reconocimi</p>
<p>&nbsp;</p>
<p>ento de patrones, con la abstracción y la generalización, con la evaluación o comprobación, con la automatización.</p>
<p>En la práctica incluye la descomposición de problemas, la creación de artilugios computacionales, el probar y depurar algoritmos, la mejora reiterada y la colabora</p>
<p>ción y creatividad. Conceptos y prácticas aplicables a cualquier materia.</p>
<p>Con este programa pretendemos:</p>
<p>a) Facilitar la formación del profesorado y el alumnado en el estudio de la&nbsp;<strong>robótica</strong>, la&nbsp;<strong>impresión 3D</strong>&nbsp;y el&nbsp;<strong>pensamiento computacional</strong>.</p>
<p>b) Favorecer la integración de tareas y actividades&nbsp;<strong>STEAM</strong>&nbsp;en el currículo de las asignaturas y en el proyecto de centro.</p>
<p>c) Fomentar las vocaciones&nbsp;<strong>STEAM</strong>&nbsp;en el alumnado, contribuyendo a la igualdad de oportunidades.</p>
<p>d) Impulsar un cambio metodológico en las materias&nbsp;<strong>STEAM</strong>&nbsp;hacia metodologías activas e inclusivas.</p>
<p>e) Favorecer la actualización científica y tecnológica del profesorado en el ámbito&nbsp;<strong>STEAM</strong>.</p>
<p>f) Participar en proyectos de fomento y acercamiento al alumnado de las disciplinas <strong>STEAM</strong>, poniendo el foco en la incorporación de la mujer a las profesiones de este ámbito.</p>
<p>&nbsp;</p>
<p>Coordina: Ana Granados Venegas</p>

<p>&nbsp; Sabemos que el Siglo XXI es el siglo de la informática, una época en la que la tecnología está al alcance de todos y todas y en la que la democratización de los&#46;&#46;&#46;</p>
