{"id":42,"date":"2015-03-13T08:40:47","date_gmt":"2015-03-13T08:40:47","guid":{"rendered":"http:\/\/blogsaverroes.juntadeandalucia.es\/pre\/ceip\/?page_id=42"},"modified":"2021-01-25T17:28:33","modified_gmt":"2021-01-25T17:28:33","slug":"equipo-directivo","status":"publish","type":"page","link":"https:\/\/blogsaverroes.juntadeandalucia.es\/losalmendros\/equipo-directivo\/","title":{"rendered":"Equipo directivo"},"content":{"rendered":"<p>El Equipo Directivo del CEIP Los Almendros est\u00e1 formado por:<\/p>\n<p><strong>Direcci\u00f3n: <\/strong>Gloria J. S\u00e1ez Hidalgo<\/p>\n<p><strong>Jefatura de estudios: <\/strong>Loli Naranjo Gonz\u00e1lez<\/p>\n<p><strong>Secretar\u00eda: <\/strong>Ana Granados Venegas<\/p>\n","protected":false},"excerpt":{"rendered":"<p>El Equipo Directivo del CEIP Los Almendros est\u00e1 formado por: Direcci\u00f3n: Gloria J. S\u00e1ez Hidalgo Jefatura de estudios: Loli Naranjo Gonz\u00e1lez Secretar\u00eda: Ana Granados Venegas<\/p>\n","protected":false},"author":1,"featured_media":0,"parent":0,"menu_order":0,"comment_status":"closed","ping_status":"open","template":"","meta":{"ngg_post_thumbnail":0,"footnotes":"","_mc_calendar":[]},"aioseo_notices":[],"_links":{"self":[{"href":"https:\/\/blogsaverroes.juntadeandalucia.es\/losalmendros\/wp-json\/wp\/v2\/pages\/42"}],"collection":[{"href":"https:\/\/blogsaverroes.juntadeandalucia.es\/losalmendros\/wp-json\/wp\/v2\/pages"}],"about":[{"href":"https:\/\/blogsaverroes.juntadeandalucia.es\/losalmendros\/wp-json\/wp\/v2\/types\/page"}],"author":[{"embeddable":true,"href":"https:\/\/blogsaverroes.juntadeandalucia.es\/losalmendros\/wp-json\/wp\/v2\/users\/1"}],"replies":[{"embeddable":true,"href":"https:\/\/blogsaverroes.juntadeandalucia.es\/losalmendros\/wp-json\/wp\/v2\/comments?post=42"}],"version-history":[{"count":5,"href":"https:\/\/blogsaverroes.juntadeandalucia.es\/losalmendros\/wp-json\/wp\/v2\/pages\/42\/revisions"}],"predecessor-version":[{"id":2249,"href":"https:\/\/blogsaverroes.juntadeandalucia.es\/losalmendros\/wp-json\/wp\/v2\/pages\/42\/revisions\/2249"}],"wp:attachment":[{"href":"https:\/\/blogsaverroes.juntadeandalucia.es\/losalmendros\/wp-json\/wp\/v2\/media?parent=42"}],"curies":[{"name":"wp","href":"https:\/\/api.w.org\/{rel}","templated":true}]}}

<p>El Equipo Directivo del CEIP Los Almendros está formado por:</p>
<p><strong>Dirección: </strong>Gloria J. Sáez Hidalgo</p>
<p><strong>Jefatura de estudios: </strong>Loli Naranjo González</p>
<p><strong>Secretaría: </strong>Ana Granados Venegas</p>

<p>El Equipo Directivo del CEIP Los Almendros está formado por: Dirección: Gloria J. Sáez Hidalgo Jefatura de estudios: Loli Naranjo González Secretaría: Ana Granados Venegas</p>
