{"id":2376,"date":"2020-05-18T19:12:40","date_gmt":"2020-05-18T19:12:40","guid":{"rendered":"https:\/\/blogsaverroes.juntadeandalucia.es\/losjardinillos\/?page_id=2376"},"modified":"2024-09-11T08:12:13","modified_gmt":"2024-09-11T08:12:13","slug":"profesorado","status":"publish","type":"page","link":"https:\/\/blogsaverroes.juntadeandalucia.es\/losjardinillos\/profesorado\/","title":{"rendered":"Profesorado"},"content":{"rendered":"<p style=\"text-align: justify\">El grupo de profesores de este Centro lo componen:<\/p>\n<ul>\n<li style=\"text-align: justify\"><span style=\"color: #003366\"><strong>Carmen Nuria Chica Rodr\u00edguez<\/strong><\/span>, Jefa de Estudios Delegada del Centro y profesora del <strong>\u00e1mbito social<\/strong> en los grupos de secundaria, tambi\u00e9n imparte docencia en los planes de <strong>h\u00e1bitos de Vida Saludable<\/strong> y <strong>Patrimonio<\/strong>.<\/li>\n<li style=\"text-align: justify\"><span style=\"color: #003366\"><strong>Manuel J. Carrasco Fuentes<\/strong><\/span>, imparte la asignatura de <strong>lengua<\/strong> en los grupos de secundaria; las asignaturas de <strong>lengua<\/strong> y <strong>comentario de texto <\/strong>en el plan para la preparaci\u00f3n para las pruebas de acceso a la universidad para mayores de 25 y 45 a\u00f1os, el <strong>\u00e1mbito cient\u00edfico &#8211; tecnol\u00f3gico<\/strong> en los grupos de secundaria, as\u00ed como el plan de <strong>inform\u00e1tica<\/strong>.<\/li>\n<li style=\"text-align: justify\"><span style=\"color: #003366\"><strong>Mercedes Garrido L\u00f3pez<\/strong><\/span>, profesora de <strong>ingl\u00e9s<\/strong> en los grupos de secundaria y en el plan de uso b\u00e1sico de idiomas.<\/li>\n<li style=\"text-align: justify\"><span style=\"color: #003366\"><strong>V\u00edctor Plaza Rodr\u00edguez<\/strong><\/span>, profesor de <strong>portugu\u00e9s <\/strong>en el plan de acceso a la universidad para mayores de 25 y 45 a\u00f1os.<\/li>\n<\/ul>\n","protected":false},"excerpt":{"rendered":"<p>El grupo de profesores de este Centro lo componen: Carmen Nuria Chica Rodr\u00edguez, Jefa de Estudios Delegada del Centro y profesora del \u00e1mbito social en&hellip;<\/p>\n","protected":false},"author":6462,"featured_media":0,"parent":0,"menu_order":0,"comment_status":"closed","ping_status":"closed","template":"","meta":{"ngg_post_thumbnail":0,"footnotes":"","_mc_calendar":[]},"aioseo_notices":[],"_links":{"self":[{"href":"https:\/\/blogsaverroes.juntadeandalucia.es\/losjardinillos\/wp-json\/wp\/v2\/pages\/2376"}],"collection":[{"href":"https:\/\/blogsaverroes.juntadeandalucia.es\/losjardinillos\/wp-json\/wp\/v2\/pages"}],"about":[{"href":"https:\/\/blogsaverroes.juntadeandalucia.es\/losjardinillos\/wp-json\/wp\/v2\/types\/page"}],"author":[{"embeddable":true,"href":"https:\/\/blogsaverroes.juntadeandalucia.es\/losjardinillos\/wp-json\/wp\/v2\/users\/6462"}],"replies":[{"embeddable":true,"href":"https:\/\/blogsaverroes.juntadeandalucia.es\/losjardinillos\/wp-json\/wp\/v2\/comments?post=2376"}],"version-history":[{"count":11,"href":"https:\/\/blogsaverroes.juntadeandalucia.es\/losjardinillos\/wp-json\/wp\/v2\/pages\/2376\/revisions"}],"predecessor-version":[{"id":2968,"href":"https:\/\/blogsaverroes.juntadeandalucia.es\/losjardinillos\/wp-json\/wp\/v2\/pages\/2376\/revisions\/2968"}],"wp:attachment":[{"href":"https:\/\/blogsaverroes.juntadeandalucia.es\/losjardinillos\/wp-json\/wp\/v2\/media?parent=2376"}],"curies":[{"name":"wp","href":"https:\/\/api.w.org\/{rel}","templated":true}]}}

<p style="text-align: justify">El grupo de profesores de este Centro lo componen:</p>
<ul>
<li style="text-align: justify"><span style="color: #003366"><strong>Carmen Nuria Chica Rodríguez</strong></span>, Jefa de Estudios Delegada del Centro y profesora del <strong>ámbito social</strong> en los grupos de secundaria, también imparte docencia en los planes de <strong>hábitos de Vida Saludable</strong> y <strong>Patrimonio</strong>.</li>
<li style="text-align: justify"><span style="color: #003366"><strong>Manuel J. Carrasco Fuentes</strong></span>, imparte la asignatura de <strong>lengua</strong> en los grupos de secundaria; las asignaturas de <strong>lengua</strong> y <strong>comentario de texto </strong>en el plan para la preparación para las pruebas de acceso a la universidad para mayores de 25 y 45 años, el <strong>ámbito científico &#8211; tecnológico</strong> en los grupos de secundaria, así como el plan de <strong>informática</strong>.</li>
<li style="text-align: justify"><span style="color: #003366"><strong>Mercedes Garrido López</strong></span>, profesora de <strong>inglés</strong> en los grupos de secundaria y en el plan de uso básico de idiomas.</li>
<li style="text-align: justify"><span style="color: #003366"><strong>Víctor Plaza Rodríguez</strong></span>, profesor de <strong>portugués </strong>en el plan de acceso a la universidad para mayores de 25 y 45 años.</li>
</ul>

<p>El grupo de profesores de este Centro lo componen: Carmen Nuria Chica Rodríguez, Jefa de Estudios Delegada del Centro y profesora del ámbito social en&hellip;</p>
