{"id":2378,"date":"2020-05-18T19:12:40","date_gmt":"2020-05-18T19:12:40","guid":{"rendered":"https:\/\/blogsaverroes.juntadeandalucia.es\/losjardinillos\/?page_id=2378"},"modified":"2020-09-17T09:27:04","modified_gmt":"2020-09-17T09:27:04","slug":"matriculacion","status":"publish","type":"page","link":"https:\/\/blogsaverroes.juntadeandalucia.es\/losjardinillos\/matriculacion\/","title":{"rendered":"Matriculaci\u00f3n"},"content":{"rendered":"<p style=\"text-align: justify\">El periodo de matriculaci\u00f3n se divide en dos tramos:<\/p>\n<ul style=\"text-align: justify\">\n<li>Primer tramo del 1 al 30 de junio.<\/li>\n<li>Segundo tramo del 1 al 15 de septiembre.<\/li>\n<\/ul>\n<p style=\"text-align: justify\">Para matricularte en alguno de los planes que ofertamos necesitar\u00e1s traer una <strong>fotocopia del DNI<\/strong>, un <strong>certificado de los \u00faltimos estudios realizados<\/strong> (si no lo tienes, puedes pedirlo en tu instituto).<\/p>\n<p style=\"text-align: justify\">El horario de atenci\u00f3n al p\u00fablico ser\u00e1 de <strong>11:00 a 13:00<\/strong>.<\/p>\n","protected":false},"excerpt":{"rendered":"<p>El periodo de matriculaci\u00f3n se divide en dos tramos: Primer tramo del 1 al 30 de junio. Segundo tramo del 1 al 15 de septiembre.&hellip;<\/p>\n","protected":false},"author":6462,"featured_media":0,"parent":0,"menu_order":0,"comment_status":"closed","ping_status":"closed","template":"","meta":{"ngg_post_thumbnail":0,"footnotes":"","_mc_calendar":[]},"aioseo_notices":[],"_links":{"self":[{"href":"https:\/\/blogsaverroes.juntadeandalucia.es\/losjardinillos\/wp-json\/wp\/v2\/pages\/2378"}],"collection":[{"href":"https:\/\/blogsaverroes.juntadeandalucia.es\/losjardinillos\/wp-json\/wp\/v2\/pages"}],"about":[{"href":"https:\/\/blogsaverroes.juntadeandalucia.es\/losjardinillos\/wp-json\/wp\/v2\/types\/page"}],"author":[{"embeddable":true,"href":"https:\/\/blogsaverroes.juntadeandalucia.es\/losjardinillos\/wp-json\/wp\/v2\/users\/6462"}],"replies":[{"embeddable":true,"href":"https:\/\/blogsaverroes.juntadeandalucia.es\/losjardinillos\/wp-json\/wp\/v2\/comments?post=2378"}],"version-history":[{"count":6,"href":"https:\/\/blogsaverroes.juntadeandalucia.es\/losjardinillos\/wp-json\/wp\/v2\/pages\/2378\/revisions"}],"predecessor-version":[{"id":2801,"href":"https:\/\/blogsaverroes.juntadeandalucia.es\/losjardinillos\/wp-json\/wp\/v2\/pages\/2378\/revisions\/2801"}],"wp:attachment":[{"href":"https:\/\/blogsaverroes.juntadeandalucia.es\/losjardinillos\/wp-json\/wp\/v2\/media?parent=2378"}],"curies":[{"name":"wp","href":"https:\/\/api.w.org\/{rel}","templated":true}]}}

Matriculación

<p style="text-align: justify">El periodo de matriculación se divide en dos tramos:</p>
<ul style="text-align: justify">
<li>Primer tramo del 1 al 30 de junio.</li>
<li>Segundo tramo del 1 al 15 de septiembre.</li>
</ul>
<p style="text-align: justify">Para matricularte en alguno de los planes que ofertamos necesitarás traer una <strong>fotocopia del DNI</strong>, un <strong>certificado de los últimos estudios realizados</strong> (si no lo tienes, puedes pedirlo en tu instituto).</p>
<p style="text-align: justify">El horario de atención al público será de <strong>11:00 a 13:00</strong>.</p>

<p>El periodo de matriculación se divide en dos tramos: Primer tramo del 1 al 30 de junio. Segundo tramo del 1 al 15 de septiembre.&hellip;</p>
