{"id":2644,"date":"2020-06-11T09:59:18","date_gmt":"2020-06-11T09:59:18","guid":{"rendered":"https:\/\/blogsaverroes.juntadeandalucia.es\/losjardinillos\/?page_id=2644"},"modified":"2024-09-11T08:17:01","modified_gmt":"2024-09-11T08:17:01","slug":"pau25-45","status":"publish","type":"page","link":"https:\/\/blogsaverroes.juntadeandalucia.es\/losjardinillos\/pau25-45\/","title":{"rendered":"PAU +25\/+45"},"content":{"rendered":"<p style=\"text-align: justify\">Las pruebas de acceso a la Universidad difieren un poco en su formato, ya optes por la v\u00eda de +25 o por la de +45. Si pinch\u00e1is en la modalidad correspondiente, acceder\u00e9is directamente a la web de la Universidad de Ja\u00e9n, donde podr\u00e9is conocer los distintos plazos, la estructura de la prueba, el procedimiento de admisi\u00f3n, orientaciones y ex\u00e1menes de cursos anteriores, etc. Igualmente, cuando llegue el momento, a trav\u00e9s de estos enlaces, tambi\u00e9n podr\u00e9is descargar las calificaciones obtenidas en la prueba, solicitar una reclamaci\u00f3n y algunos tr\u00e1mites m\u00e1s.<\/p>\n<ul style=\"text-align: justify\">\n<li><span style=\"color: #003366\"><strong><a style=\"color: #003366\" href=\"https:\/\/www.ujaen.es\/estudios\/acceso-y-matricula\/acceso-y-admision-la-uja\/mayores-de-25-anos\" target=\"_blank\" rel=\"noopener noreferrer\">Mayores de 25<\/a><\/strong><\/span><span style=\"color: #000000\">.<\/span><\/li>\n<\/ul>\n<ul style=\"text-align: justify\">\n<li><span style=\"color: #000080\"><strong><a style=\"color: #000080\" href=\"https:\/\/www.ujaen.es\/estudios\/acceso-y-matricula\/acceso-y-admision-la-uja\/mayores-de-45-anos\" target=\"_blank\" rel=\"noopener noreferrer\"><span style=\"color: #003366\">Mayores de 45<\/span><\/a><\/strong><span style=\"color: #000000\">.<\/span><\/span><\/li>\n<\/ul>\n<p style=\"text-align: justify\">A lo largo del curso, la Universidad de Ja\u00e9n convoca una reuni\u00f3n para los futuros participantes a las Pruebas de Acceso, en donde os resolver\u00e1n todas vuestras dudas, ya sean de car\u00e1cter general o m\u00e1s espec\u00edficas relacionadas con los diferentes Grados que ofertan. Es interesant\u00edsimo que asist\u00e1is. De todo os informaremos a su debido tiempo, en clase y a trav\u00e9s de nuestra web o Facebook; aunque siempre pod\u00e9is consultar la web de la Universidad de Ja\u00e9n.<\/p>\n<p style=\"text-align: justify\">Si pinchas <span style=\"color: #003366\"><strong><a style=\"color: #003366\" href=\"https:\/\/www.juntadeandalucia.es\/educacion\/permanente\/materiales\/index.php?etapa=6\" target=\"_blank\" rel=\"noopener noreferrer\">aqu\u00ed<\/a><\/strong><\/span>, podr\u00e1s acceder al temario oficial. Lo interesante de este apartado, principalmente, ser\u00e1 poder ver o descargar aquellas asignaturas de la parte espec\u00edfica para mayores de 25 a\u00f1os.<\/p>\n<p>Existe otra opci\u00f3n para acceder a la Universidad, es una v\u00eda en la que no hace falta realizar ninguna prueba aunque s\u00ed presentar la vidad laboral y tener cumplidos los 40 a\u00f1os, os dejamos m\u00e1s informaci\u00f3n al respecto pulsando <span style=\"color: #000080\"><strong><a style=\"color: #000080\" href=\"https:\/\/www.ujaen.es\/estudios\/acceso-y-matricula\/acceso-y-admision-la-uja\/mayores-de-40-anos\">aqu\u00ed<\/a><\/strong><\/span>.<\/p>\n<p style=\"text-align: justify\">Por \u00faltimo, queremos dejar constancia de que superar las pruebas de acceso para mayores de 25 a\u00f1os (y no para mayores de 45) os igualar\u00e1, en muchas situaciones a un nivel de bachillerato, bien a la hora de buscar trabajo, bien para inscribiros en una oposici\u00f3n. Os dejamos algunos enlaces interesantes al respecto:<\/p>\n<ul>\n<li style=\"text-align: justify\"><span style=\"color: #003366\"><strong><a style=\"color: #003366\" href=\"https:\/\/educagob.educacionfpydeportes.gob.es\/eu\/ensenanzas\/bachillerato\/gestion-titulos\/equivalencias-efectos-laborales.html\" target=\"_blank\" rel=\"noopener noreferrer\">Equivalencias con el t\u00edtulo de bachiller<\/a><\/strong><\/span><span style=\"color: #000000\">.<\/span><\/li>\n<li style=\"text-align: justify\"><span style=\"color: #003366\"><a style=\"color: #003366\" href=\"https:\/\/www.boe.es\/eli\/es\/o\/2009\/06\/10\/edu1603\/dof\/spa\/pdf\" target=\"_blank\" rel=\"noopener noreferrer\">Orden EDU\/1603\/2009, de 10 de junio, <strong>POR LA QUE SE ESTABLECEN EQUIVALENCIAS CON LOS T\u00cdTULOS DE GRADUADO EN EDUCACI\u00d3N SECUNDARIA OBLIGATORIA Y DE BACHILLER REGULADOS EN LA LEY ORG\u00c1NICA 2\/2006, DE 3 DE MAYO, DE EDUCACI\u00d3N <\/strong>(<em>BOE n\u00fam. 146, de 17 de junio<\/em>)<\/a>.<\/span><\/li>\n<li>\n<div class=\"section\">\n<div class=\"layoutArea\">\n<div class=\"column\">\n<p style=\"text-align: justify\"><span style=\"color: #003366\"><strong><a style=\"color: #003366\" href=\"https:\/\/www.boe.es\/boe\/dias\/2011\/03\/14\/pdfs\/BOE-A-2011-4628.pdf\" target=\"_blank\" rel=\"noopener noreferrer\">Orden EDU\/520\/2011, de 7 de marzo, por la que se modifica la Orden EDU\/1603\/2009, de 10 de junio, por la que se establecen equivalencias con los t\u00edtulos de Graduado en Educaci\u00f3n Secundaria Obligatoria y de Bachiller regulados en la Ley Org\u00e1nica 2\/2006, de 3 de mayo, de Educaci\u00f3n<\/a><\/strong><\/span><span style=\"color: #000000\">. Consultar la nueva redacci\u00f3n del art\u00edculo 3, punto 5; as\u00ed como al art\u00edculo 4, punto 3.&nbsp;<\/span><\/p>\n<\/div>\n<\/div>\n<\/div>\n<\/li>\n<\/ul>\n","protected":false},"excerpt":{"rendered":"<p>Las pruebas de acceso a la Universidad difieren un poco en su formato, ya optes por la v\u00eda de +25 o por la de +45.&hellip;<\/p>\n","protected":false},"author":6462,"featured_media":0,"parent":0,"menu_order":0,"comment_status":"closed","ping_status":"closed","template":"","meta":{"ngg_post_thumbnail":0,"footnotes":"","_mc_calendar":[]},"aioseo_notices":[],"_links":{"self":[{"href":"https:\/\/blogsaverroes.juntadeandalucia.es\/losjardinillos\/wp-json\/wp\/v2\/pages\/2644"}],"collection":[{"href":"https:\/\/blogsaverroes.juntadeandalucia.es\/losjardinillos\/wp-json\/wp\/v2\/pages"}],"about":[{"href":"https:\/\/blogsaverroes.juntadeandalucia.es\/losjardinillos\/wp-json\/wp\/v2\/types\/page"}],"author":[{"embeddable":true,"href":"https:\/\/blogsaverroes.juntadeandalucia.es\/losjardinillos\/wp-json\/wp\/v2\/users\/6462"}],"replies":[{"embeddable":true,"href":"https:\/\/blogsaverroes.juntadeandalucia.es\/losjardinillos\/wp-json\/wp\/v2\/comments?post=2644"}],"version-history":[{"count":18,"href":"https:\/\/blogsaverroes.juntadeandalucia.es\/losjardinillos\/wp-json\/wp\/v2\/pages\/2644\/revisions"}],"predecessor-version":[{"id":2970,"href":"https:\/\/blogsaverroes.juntadeandalucia.es\/losjardinillos\/wp-json\/wp\/v2\/pages\/2644\/revisions\/2970"}],"wp:attachment":[{"href":"https:\/\/blogsaverroes.juntadeandalucia.es\/losjardinillos\/wp-json\/wp\/v2\/media?parent=2644"}],"curies":[{"name":"wp","href":"https:\/\/api.w.org\/{rel}","templated":true}]}}

<p style="text-align: justify">Las pruebas de acceso a la Universidad difieren un poco en su formato, ya optes por la vía de +25 o por la de +45. Si pincháis en la modalidad correspondiente, accederéis directamente a la web de la Universidad de Jaén, donde podréis conocer los distintos plazos, la estructura de la prueba, el procedimiento de admisión, orientaciones y exámenes de cursos anteriores, etc. Igualmente, cuando llegue el momento, a través de estos enlaces, también podréis descargar las calificaciones obtenidas en la prueba, solicitar una reclamación y algunos trámites más.</p>
<ul style="text-align: justify">
<li><span style="color: #003366"><strong><a style="color: #003366" href="https://www.ujaen.es/estudios/acceso-y-matricula/acceso-y-admision-la-uja/mayores-de-25-anos" target="_blank" rel="noopener noreferrer">Mayores de 25</a></strong></span><span style="color: #000000">.</span></li>
</ul>
<ul style="text-align: justify">
<li><span style="color: #000080"><strong><a style="color: #000080" href="https://www.ujaen.es/estudios/acceso-y-matricula/acceso-y-admision-la-uja/mayores-de-45-anos" target="_blank" rel="noopener noreferrer"><span style="color: #003366">Mayores de 45</span></a></strong><span style="color: #000000">.</span></span></li>
</ul>
<p style="text-align: justify">A lo largo del curso, la Universidad de Jaén convoca una reunión para los futuros participantes a las Pruebas de Acceso, en donde os resolverán todas vuestras dudas, ya sean de carácter general o más específicas relacionadas con los diferentes Grados que ofertan. Es interesantísimo que asistáis. De todo os informaremos a su debido tiempo, en clase y a través de nuestra web o Facebook; aunque siempre podéis consultar la web de la Universidad de Jaén.</p>
<p style="text-align: justify">Si pinchas <span style="color: #003366"><strong><a style="color: #003366" href="https://www.juntadeandalucia.es/educacion/permanente/materiales/index.php?etapa=6" target="_blank" rel="noopener noreferrer">aquí</a></strong></span>, podrás acceder al temario oficial. Lo interesante de este apartado, principalmente, será poder ver o descargar aquellas asignaturas de la parte específica para mayores de 25 años.</p>
<p>Existe otra opción para acceder a la Universidad, es una vía en la que no hace falta realizar ninguna prueba aunque sí presentar la vidad laboral y tener cumplidos los 40 años, os dejamos más información al respecto pulsando <span style="color: #000080"><strong><a style="color: #000080" href="https://www.ujaen.es/estudios/acceso-y-matricula/acceso-y-admision-la-uja/mayores-de-40-anos">aquí</a></strong></span>.</p>
<p style="text-align: justify">Por último, queremos dejar constancia de que superar las pruebas de acceso para mayores de 25 años (y no para mayores de 45) os igualará, en muchas situaciones a un nivel de bachillerato, bien a la hora de buscar trabajo, bien para inscribiros en una oposición. Os dejamos algunos enlaces interesantes al respecto:</p>
<ul>
<li style="text-align: justify"><span style="color: #003366"><strong><a style="color: #003366" href="https://educagob.educacionfpydeportes.gob.es/eu/ensenanzas/bachillerato/gestion-titulos/equivalencias-efectos-laborales.html" target="_blank" rel="noopener noreferrer">Equivalencias con el título de bachiller</a></strong></span><span style="color: #000000">.</span></li>
<li style="text-align: justify"><span style="color: #003366"><a style="color: #003366" href="https://www.boe.es/eli/es/o/2009/06/10/edu1603/dof/spa/pdf" target="_blank" rel="noopener noreferrer">Orden EDU/1603/2009, de 10 de junio, <strong>POR LA QUE SE ESTABLECEN EQUIVALENCIAS CON LOS TÍTULOS DE GRADUADO EN EDUCACIÓN SECUNDARIA OBLIGATORIA Y DE BACHILLER REGULADOS EN LA LEY ORGÁNICA 2/2006, DE 3 DE MAYO, DE EDUCACIÓN </strong>(<em>BOE núm. 146, de 17 de junio</em>)</a>.</span></li>
<li>
<div class="section">
<div class="layoutArea">
<div class="column">
<p style="text-align: justify"><span style="color: #003366"><strong><a style="color: #003366" href="https://www.boe.es/boe/dias/2011/03/14/pdfs/BOE-A-2011-4628.pdf" target="_blank" rel="noopener noreferrer">Orden EDU/520/2011, de 7 de marzo, por la que se modifica la Orden EDU/1603/2009, de 10 de junio, por la que se establecen equivalencias con los títulos de Graduado en Educación Secundaria Obligatoria y de Bachiller regulados en la Ley Orgánica 2/2006, de 3 de mayo, de Educación</a></strong></span><span style="color: #000000">. Consultar la nueva redacción del artículo 3, punto 5; así como al artículo 4, punto 3.&nbsp;</span></p>
</div>
</div>
</div>
</li>
</ul>

<p>Las pruebas de acceso a la Universidad difieren un poco en su formato, ya optes por la vía de +25 o por la de +45.&hellip;</p>
