{"id":2719,"date":"2020-09-15T09:07:15","date_gmt":"2020-09-15T09:07:15","guid":{"rendered":"https:\/\/blogsaverroes.juntadeandalucia.es\/losjardinillos\/?page_id=2719"},"modified":"2020-09-17T09:28:20","modified_gmt":"2020-09-17T09:28:20","slug":"normativa","status":"publish","type":"page","link":"https:\/\/blogsaverroes.juntadeandalucia.es\/losjardinillos\/normativa\/","title":{"rendered":"Normativa"},"content":{"rendered":"<p style=\"text-align: justify\">Acceder\u00e1s a la normativa cliqueando sobre el t\u00edtulo de la norma seleccionada y se visionar\u00e1 en formato pdf.<\/p>\n<ul>\n<li style=\"text-align: justify\"><span style=\"color: #003366\"><strong><a style=\"color: #003366\" href=\"https:\/\/www.adideandalucia.es\/normas\/instruc\/Instruccion11-2020InicioCursoAdultos.pdf\" target=\"_blank\" rel=\"noopener noreferrer\">Instrucci\u00f3n 11\/2020, de 15 de junio, de la Direcci\u00f3n General de Ordenaci\u00f3n y Evaluaci\u00f3n Educativa, relativa a las medidas educativas a adoptar en el inicio del Curso 2020\/2021 en los Centros Andaluces de Educaci\u00f3n de Personas Adultas.<\/a><\/strong><\/span><\/li>\n<li style=\"text-align: justify\"><span style=\"color: #000080\"><strong><a style=\"color: #000080\" href=\"https:\/\/drive.google.com\/file\/d\/1NgAWvgZE1Uv6ghhGM4VuTG4NWlylRH2S\/view?usp=sharing\"><span style=\"color: #008080\">Medidas de prevenci\u00f3n, protecci\u00f3n, vigilancia y promoci\u00f3n de salud. COVID-19. Centros y Servicios Educativos Docentes (No Universitarios) de Andaluc\u00eda.<\/span><\/a><\/strong><\/span><\/li>\n<li style=\"text-align: justify\"><span style=\"color: #003366\"><strong><a style=\"color: #003366\" href=\"https:\/\/www.adideandalucia.es\/normas\/instruc\/Instrucciones6julio2020OrganizacionCentrosDocentesCovid.pdf\">Instrucciones de 6 de julio de 2020, de la Viceconsejer\u00eda de Educaci\u00f3n y Deporte, relativas a la organizaci\u00f3n de los Centros Docentes para el Curso Escolar 2020\/2021, motivada por la crisis sanitaria del COVID-19.<\/a><\/strong><\/span><\/li>\n<li style=\"text-align: justify\"><span style=\"color: #008080\"><strong><a style=\"color: #008080\" href=\"https:\/\/www.adideandalucia.es\/normas\/instruc\/Instrucciones31julio2020TransformacionDigital.pdf\">Instrucci\u00f3n de 31 de julio, de la Direcci\u00f3n General de Formaci\u00f3n del Profesorado e Innovaci\u00f3n Educativa, sobre medidas de Transformaci\u00f3n Digital Educativa en los Centros Docentes P\u00fablicos para el Curso 2020\/21.<\/a><\/strong><\/span><\/li>\n<li style=\"text-align: justify\"><span style=\"color: #003366\"><strong><a style=\"color: #003366\" href=\"https:\/\/drive.google.com\/file\/d\/14W8hOND1dl7g2hHWRr1H6HHYVeR8oPJ2\/view?usp=sharing\">Gu\u00eda para la Organizaci\u00f3n Escolar del Curso 2020\/21. Consejer\u00eda de Educaci\u00f3n y Deporte.<\/a><\/strong><\/span><\/li>\n<li style=\"text-align: justify\"><span style=\"color: #000080\"><strong><a style=\"color: #000080\" href=\"https:\/\/blogsaverroes.juntadeandalucia.es\/orientadelegacionmalaga\/files\/2020\/08\/INFORMACION-TRABAJADORES-CENTROS-CURSO-2020_2021.pdf\"><span style=\"color: #008080\">Informaci\u00f3n en materia de Prevenci\u00f3n en Riesgos Laborales frente a la exposici\u00f3n al Coronavirus Sars CoV-2, para el personal docente y de administraci\u00f3n y servicios que trabajan en Centros y Servicios Educativos P\u00fablicos de Titularidad de la Junta de Andaluc\u00eda No Universitarios, para el Curso Escolar 2020\/2021 (versi\u00f3n 21-08-2021).<\/span><\/a><\/strong><\/span><\/li>\n<li style=\"text-align: justify\"><span style=\"color: #000080\"><strong><a style=\"color: #000080\" href=\"https:\/\/www.adideandalucia.es\/normas\/circulares\/Circular3septiembre2020MedidasFlexibilizacion20-21.pdf\"><span style=\"color: #003366\">Circular 3 de septiembre de 2020, de la Viceconsejer\u00eda de Educaci\u00f3n y Deporte, relativa a medidas de flexibilizaci\u00f3n curricular y organizativas para el curso 2020-2021.<\/span><\/a><\/strong><\/span><\/li>\n<\/ul>\n","protected":false},"excerpt":{"rendered":"<p>Acceder\u00e1s a la normativa cliqueando sobre el t\u00edtulo de la norma seleccionada y se visionar\u00e1 en formato pdf. Instrucci\u00f3n 11\/2020, de 15 de junio, de&hellip;<\/p>\n","protected":false},"author":6462,"featured_media":0,"parent":0,"menu_order":0,"comment_status":"closed","ping_status":"closed","template":"","meta":{"ngg_post_thumbnail":0,"footnotes":"","_mc_calendar":[]},"aioseo_notices":[],"_links":{"self":[{"href":"https:\/\/blogsaverroes.juntadeandalucia.es\/losjardinillos\/wp-json\/wp\/v2\/pages\/2719"}],"collection":[{"href":"https:\/\/blogsaverroes.juntadeandalucia.es\/losjardinillos\/wp-json\/wp\/v2\/pages"}],"about":[{"href":"https:\/\/blogsaverroes.juntadeandalucia.es\/losjardinillos\/wp-json\/wp\/v2\/types\/page"}],"author":[{"embeddable":true,"href":"https:\/\/blogsaverroes.juntadeandalucia.es\/losjardinillos\/wp-json\/wp\/v2\/users\/6462"}],"replies":[{"embeddable":true,"href":"https:\/\/blogsaverroes.juntadeandalucia.es\/losjardinillos\/wp-json\/wp\/v2\/comments?post=2719"}],"version-history":[{"count":5,"href":"https:\/\/blogsaverroes.juntadeandalucia.es\/losjardinillos\/wp-json\/wp\/v2\/pages\/2719\/revisions"}],"predecessor-version":[{"id":2802,"href":"https:\/\/blogsaverroes.juntadeandalucia.es\/losjardinillos\/wp-json\/wp\/v2\/pages\/2719\/revisions\/2802"}],"wp:attachment":[{"href":"https:\/\/blogsaverroes.juntadeandalucia.es\/losjardinillos\/wp-json\/wp\/v2\/media?parent=2719"}],"curies":[{"name":"wp","href":"https:\/\/api.w.org\/{rel}","templated":true}]}}

<p style="text-align: justify">Accederás a la normativa cliqueando sobre el título de la norma seleccionada y se visionará en formato pdf.</p>
<ul>
<li style="text-align: justify"><span style="color: #003366"><strong><a style="color: #003366" href="https://www.adideandalucia.es/normas/instruc/Instruccion11-2020InicioCursoAdultos.pdf" target="_blank" rel="noopener noreferrer">Instrucción 11/2020, de 15 de junio, de la Dirección General de Ordenación y Evaluación Educativa, relativa a las medidas educativas a adoptar en el inicio del Curso 2020/2021 en los Centros Andaluces de Educación de Personas Adultas.</a></strong></span></li>
<li style="text-align: justify"><span style="color: #000080"><strong><a style="color: #000080" href="https://drive.google.com/file/d/1NgAWvgZE1Uv6ghhGM4VuTG4NWlylRH2S/view?usp=sharing"><span style="color: #008080">Medidas de prevención, protección, vigilancia y promoción de salud. COVID-19. Centros y Servicios Educativos Docentes (No Universitarios) de Andalucía.</span></a></strong></span></li>
<li style="text-align: justify"><span style="color: #003366"><strong><a style="color: #003366" href="https://www.adideandalucia.es/normas/instruc/Instrucciones6julio2020OrganizacionCentrosDocentesCovid.pdf">Instrucciones de 6 de julio de 2020, de la Viceconsejería de Educación y Deporte, relativas a la organización de los Centros Docentes para el Curso Escolar 2020/2021, motivada por la crisis sanitaria del COVID-19.</a></strong></span></li>
<li style="text-align: justify"><span style="color: #008080"><strong><a style="color: #008080" href="https://www.adideandalucia.es/normas/instruc/Instrucciones31julio2020TransformacionDigital.pdf">Instrucción de 31 de julio, de la Dirección General de Formación del Profesorado e Innovación Educativa, sobre medidas de Transformación Digital Educativa en los Centros Docentes Públicos para el Curso 2020/21.</a></strong></span></li>
<li style="text-align: justify"><span style="color: #003366"><strong><a style="color: #003366" href="https://drive.google.com/file/d/14W8hOND1dl7g2hHWRr1H6HHYVeR8oPJ2/view?usp=sharing">Guía para la Organización Escolar del Curso 2020/21. Consejería de Educación y Deporte.</a></strong></span></li>
<li style="text-align: justify"><span style="color: #000080"><strong><a style="color: #000080" href="https://blogsaverroes.juntadeandalucia.es/orientadelegacionmalaga/files/2020/08/INFORMACION-TRABAJADORES-CENTROS-CURSO-2020_2021.pdf"><span style="color: #008080">Información en materia de Prevención en Riesgos Laborales frente a la exposición al Coronavirus Sars CoV-2, para el personal docente y de administración y servicios que trabajan en Centros y Servicios Educativos Públicos de Titularidad de la Junta de Andalucía No Universitarios, para el Curso Escolar 2020/2021 (versión 21-08-2021).</span></a></strong></span></li>
<li style="text-align: justify"><span style="color: #000080"><strong><a style="color: #000080" href="https://www.adideandalucia.es/normas/circulares/Circular3septiembre2020MedidasFlexibilizacion20-21.pdf"><span style="color: #003366">Circular 3 de septiembre de 2020, de la Viceconsejería de Educación y Deporte, relativa a medidas de flexibilización curricular y organizativas para el curso 2020-2021.</span></a></strong></span></li>
</ul>

<p>Accederás a la normativa cliqueando sobre el título de la norma seleccionada y se visionará en formato pdf. Instrucción 11/2020, de 15 de junio, de&hellip;</p>
