{"id":2812,"date":"2020-09-21T08:33:11","date_gmt":"2020-09-21T08:33:11","guid":{"rendered":"https:\/\/blogsaverroes.juntadeandalucia.es\/losjardinillos\/?page_id=2812"},"modified":"2020-11-03T09:25:43","modified_gmt":"2020-11-03T09:25:43","slug":"formacion-telematica","status":"publish","type":"page","link":"https:\/\/blogsaverroes.juntadeandalucia.es\/losjardinillos\/formacion-telematica\/","title":{"rendered":"Formaci\u00f3n Telem\u00e1tica"},"content":{"rendered":"<p class=\"fittexted_for_content_h4\" style=\"text-align: justify\"><span style=\"color: #003366\"><strong>MANUALES DE AUTOAYUDA Y COSEJOS PR\u00c1CTICOS<\/strong><\/span><\/p>\n<p>\u00a1Nueva actualiazaci\u00f3n!<\/p>\n<p>Os dejamos unos videotutoriales para conocer el entorno de Google Classroom, creados por nuestro profe Daniel Lastra, esperamos que os sirvan de ayuda:<\/p>\n<ol>\n<li><strong><span style=\"color: #003366\"><a style=\"color: #003366\" href=\"https:\/\/drive.google.com\/file\/d\/1eGGz5uDfpdlT7jdOm4jMcrs00L8G4Hlw\/view?usp=sharing\" target=\"_blank\" rel=\"noopener noreferrer\">Generaci\u00f3n de cuentas de correo electr\u00f3nico de Gmail exclusivas para trabajo en clase.<\/a><\/span><\/strong><\/li>\n<li><strong><span style=\"color: #003366\"><a style=\"color: #003366\" href=\"https:\/\/drive.google.com\/file\/d\/1aH5NFXkfGQpzFaxII46cTStqbM0Mi9Ms\/view?usp=sharing\" target=\"_blank\" rel=\"noopener noreferrer\">El acceso a Google Classroom.<\/a><\/span><\/strong><\/li>\n<li><strong><span style=\"color: #003366\"><a style=\"color: #003366\" href=\"https:\/\/drive.google.com\/file\/d\/1QhXXmqSAajTIzCSwbFElavg8wmJVTRnY\/view?usp=sharing\" target=\"_blank\" rel=\"noopener noreferrer\">C\u00f3mo subir y revisar tareas en Google Classroom.<\/a><\/span><\/strong><\/li>\n<li><strong><span style=\"color: #003366\"><a style=\"color: #003366\" href=\"https:\/\/drive.google.com\/file\/d\/199fBljRyPWvMOJ5Kv1YAmXIsPpElfBrH\/view?usp=sharing\" target=\"_blank\" rel=\"noopener noreferrer\">C\u00f3mo usar Google Meet.<\/a><\/span><\/strong><\/li>\n<\/ol>\n<hr>\n<p>&nbsp;<\/p>\n<p style=\"text-align: justify\">Ya pod\u00e9is acceder a los Manuales de Autoayuda de los recursos telem\u00e1ticos m\u00e1s utilizados junto con Consejos Pr\u00e1cticos B\u00e1sicos de utilidad en smartphones (tel\u00e9fonos inteligentes) y computadoras. Para acceder haz clic abajo, podr\u00e1s verlos y descargarlos en pdf.<\/p>\n<ul>\n<li><strong><a style=\"color: #003366\" href=\"https:\/\/blogsaverroes.juntadeandalucia.es\/losjardinillos\/files\/2020\/09\/Capturas-de-pantalla.pdf\" target=\"_blank\" rel=\"noopener noreferrer\">Consejos pr\u00e1cticos: C\u00f3mo realizar capturas de pantalla<\/a>.<\/strong><\/li>\n<li><strong><span style=\"color: #003366\"><a href=\"https:\/\/blogsaverroes.juntadeandalucia.es\/losjardinillos\/files\/2020\/09\/PASEN-Web.pdf\" target=\"_blank\" rel=\"noopener noreferrer\"><span style=\"color: #003366\">Manual de autoayuda del alumnado en \u00abPASEN\u00bb<\/span><\/a><span style=\"color: #003366\">.<\/span><\/span><\/strong><\/li>\n<\/ul>\n<p>Os dejamos tambi\u00e9n dos enlaces a videotutoriales sobre el uso de <span style=\"color: #003366\"><strong>ADOBE SCAN<\/strong><span style=\"color: #000000\">,<\/span><\/span> la aplicaci\u00f3n que recomendamos para escanear documentos.<\/p>\n<p><iframe loading=\"lazy\" title=\"ADOBE SCAN LA MEJOR APLICACI\u00d3N ESCANER ANDROID  2019\" width=\"843\" height=\"474\" src=\"https:\/\/www.youtube.com\/embed\/8bR0c6d1AO4?feature=oembed\" frameborder=\"0\" allow=\"accelerometer; autoplay; clipboard-write; encrypted-media; gyroscope; picture-in-picture\" allowfullscreen><\/iframe><\/p>\n<p><iframe loading=\"lazy\" title=\"#Tutorial Un escaner m\u00f3vil en tus manos con Adobe #Scan\" width=\"843\" height=\"474\" src=\"https:\/\/www.youtube.com\/embed\/7K4nEFiJGYw?feature=oembed\" frameborder=\"0\" allow=\"accelerometer; autoplay; clipboard-write; encrypted-media; gyroscope; picture-in-picture\" allowfullscreen><\/iframe><\/p>\n<p>&nbsp;<\/p>\n","protected":false},"excerpt":{"rendered":"<p>MANUALES DE AUTOAYUDA Y COSEJOS PR\u00c1CTICOS \u00a1Nueva actualiazaci\u00f3n! Os dejamos unos videotutoriales para conocer el entorno de Google Classroom, creados por nuestro profe Daniel Lastra,&hellip;<\/p>\n","protected":false},"author":6462,"featured_media":0,"parent":0,"menu_order":0,"comment_status":"closed","ping_status":"closed","template":"","meta":{"ngg_post_thumbnail":0,"footnotes":"","_mc_calendar":[]},"aioseo_notices":[],"_links":{"self":[{"href":"https:\/\/blogsaverroes.juntadeandalucia.es\/losjardinillos\/wp-json\/wp\/v2\/pages\/2812"}],"collection":[{"href":"https:\/\/blogsaverroes.juntadeandalucia.es\/losjardinillos\/wp-json\/wp\/v2\/pages"}],"about":[{"href":"https:\/\/blogsaverroes.juntadeandalucia.es\/losjardinillos\/wp-json\/wp\/v2\/types\/page"}],"author":[{"embeddable":true,"href":"https:\/\/blogsaverroes.juntadeandalucia.es\/losjardinillos\/wp-json\/wp\/v2\/users\/6462"}],"replies":[{"embeddable":true,"href":"https:\/\/blogsaverroes.juntadeandalucia.es\/losjardinillos\/wp-json\/wp\/v2\/comments?post=2812"}],"version-history":[{"count":7,"href":"https:\/\/blogsaverroes.juntadeandalucia.es\/losjardinillos\/wp-json\/wp\/v2\/pages\/2812\/revisions"}],"predecessor-version":[{"id":2833,"href":"https:\/\/blogsaverroes.juntadeandalucia.es\/losjardinillos\/wp-json\/wp\/v2\/pages\/2812\/revisions\/2833"}],"wp:attachment":[{"href":"https:\/\/blogsaverroes.juntadeandalucia.es\/losjardinillos\/wp-json\/wp\/v2\/media?parent=2812"}],"curies":[{"name":"wp","href":"https:\/\/api.w.org\/{rel}","templated":true}]}}