{"id":15,"date":"2021-12-12T00:08:40","date_gmt":"2021-12-12T00:08:40","guid":{"rendered":"https:\/\/blogsaverroes.juntadeandalucia.es\/maestradeprimaria\/?page_id=15"},"modified":"2022-01-07T21:27:40","modified_gmt":"2022-01-07T21:27:40","slug":"quien-soy","status":"publish","type":"page","link":"https:\/\/blogsaverroes.juntadeandalucia.es\/maestradeprimaria\/quien-soy\/","title":{"rendered":"\u00bfQui\u00e9n soy?"},"content":{"rendered":"<p style=\"text-align: left\">&nbsp;<\/p>\n<p><img loading=\"lazy\" decoding=\"async\" class=\"wp-image-75 alignright\" style=\"font-family: 'Open Sans', sans-serif;font-size: 15px;font-style: normal;font-weight: 400\" src=\"https:\/\/blogsaverroes.juntadeandalucia.es\/maestradeprimaria\/files\/2022\/01\/Alba-230x300.jpeg\" alt=\"\" width=\"177\" height=\"231\" srcset=\"https:\/\/blogsaverroes.juntadeandalucia.es\/maestradeprimaria\/files\/2022\/01\/Alba-230x300.jpeg 230w, https:\/\/blogsaverroes.juntadeandalucia.es\/maestradeprimaria\/files\/2022\/01\/Alba-786x1024.jpeg 786w, https:\/\/blogsaverroes.juntadeandalucia.es\/maestradeprimaria\/files\/2022\/01\/Alba-768x1001.jpeg 768w, https:\/\/blogsaverroes.juntadeandalucia.es\/maestradeprimaria\/files\/2022\/01\/Alba-1178x1536.jpeg 1178w, https:\/\/blogsaverroes.juntadeandalucia.es\/maestradeprimaria\/files\/2022\/01\/Alba-700x913.jpeg 700w, https:\/\/blogsaverroes.juntadeandalucia.es\/maestradeprimaria\/files\/2022\/01\/Alba-332x433.jpeg 332w, https:\/\/blogsaverroes.juntadeandalucia.es\/maestradeprimaria\/files\/2022\/01\/Alba.jpeg 1571w\" sizes=\"(max-width: 177px) 100vw, 177px\" \/><\/p>\n<p>Mi nombre es Alba Helices Campos y soy maestra de primaria. Estudi\u00e9 por la especialidad de educaci\u00f3n f\u00edsica, hice la diplomatura y continu\u00e9 el segundo ciclo de la licenciatura, as\u00ed que tengo bastantes conocimientos&nbsp; en esta especialidad. Pero he encontrado en la especialidad de primaria mi autentica vocaci\u00f3n. Y aqu\u00ed sigo form\u00e1ndome para poder ofrecer a mis alumnos nuevas formas de aprendizaje.<\/p>\n<p><a href=\"https:\/\/old.docente.me\/usuarios\/perfil\/kreisy\">M\u00e1s sobre m\u00ed<\/a><\/p>\n<p>[bestwebsoft_contact_form]<\/p>\n<p>&nbsp;<\/p>\n<p>&nbsp;<\/p>\n<p>&nbsp;<\/p>\n<p>&nbsp;<\/p>\n<p>&nbsp;<\/p>\n<p>&nbsp;<\/p>\n<p>&nbsp;<\/p>\n<p>&nbsp;<\/p>\n","protected":false},"excerpt":{"rendered":"<p>&nbsp; Mi nombre es Alba Helices Campos y soy maestra de primaria. Estudi\u00e9 por la especialidad de educaci\u00f3n f\u00edsica, hice la diplomatura y continu\u00e9 el segundo ciclo de la licenciatura, as\u00ed que tengo bastantes&#46;&#46;&#46;<\/p>\n","protected":false},"author":14100,"featured_media":0,"parent":0,"menu_order":0,"comment_status":"closed","ping_status":"closed","template":"","meta":{"ngg_post_thumbnail":0,"footnotes":""},"aioseo_notices":[],"_links":{"self":[{"href":"https:\/\/blogsaverroes.juntadeandalucia.es\/maestradeprimaria\/wp-json\/wp\/v2\/pages\/15"}],"collection":[{"href":"https:\/\/blogsaverroes.juntadeandalucia.es\/maestradeprimaria\/wp-json\/wp\/v2\/pages"}],"about":[{"href":"https:\/\/blogsaverroes.juntadeandalucia.es\/maestradeprimaria\/wp-json\/wp\/v2\/types\/page"}],"author":[{"embeddable":true,"href":"https:\/\/blogsaverroes.juntadeandalucia.es\/maestradeprimaria\/wp-json\/wp\/v2\/users\/14100"}],"replies":[{"embeddable":true,"href":"https:\/\/blogsaverroes.juntadeandalucia.es\/maestradeprimaria\/wp-json\/wp\/v2\/comments?post=15"}],"version-history":[{"count":12,"href":"https:\/\/blogsaverroes.juntadeandalucia.es\/maestradeprimaria\/wp-json\/wp\/v2\/pages\/15\/revisions"}],"predecessor-version":[{"id":81,"href":"https:\/\/blogsaverroes.juntadeandalucia.es\/maestradeprimaria\/wp-json\/wp\/v2\/pages\/15\/revisions\/81"}],"wp:attachment":[{"href":"https:\/\/blogsaverroes.juntadeandalucia.es\/maestradeprimaria\/wp-json\/wp\/v2\/media?parent=15"}],"curies":[{"name":"wp","href":"https:\/\/api.w.org\/{rel}","templated":true}]}}

¿Quién soy?

<p style="text-align: left">&nbsp;</p>
<p><img loading="lazy" decoding="async" class="wp-image-75 alignright" style="font-family: 'Open Sans', sans-serif;font-size: 15px;font-style: normal;font-weight: 400" src="https://blogsaverroes.juntadeandalucia.es/maestradeprimaria/files/2022/01/Alba-230x300.jpeg" alt="" width="177" height="231" srcset="https://blogsaverroes.juntadeandalucia.es/maestradeprimaria/files/2022/01/Alba-230x300.jpeg 230w, https://blogsaverroes.juntadeandalucia.es/maestradeprimaria/files/2022/01/Alba-786x1024.jpeg 786w, https://blogsaverroes.juntadeandalucia.es/maestradeprimaria/files/2022/01/Alba-768x1001.jpeg 768w, https://blogsaverroes.juntadeandalucia.es/maestradeprimaria/files/2022/01/Alba-1178x1536.jpeg 1178w, https://blogsaverroes.juntadeandalucia.es/maestradeprimaria/files/2022/01/Alba-700x913.jpeg 700w, https://blogsaverroes.juntadeandalucia.es/maestradeprimaria/files/2022/01/Alba-332x433.jpeg 332w, https://blogsaverroes.juntadeandalucia.es/maestradeprimaria/files/2022/01/Alba.jpeg 1571w" sizes="(max-width: 177px) 100vw, 177px" /></p>
<p>Mi nombre es Alba Helices Campos y soy maestra de primaria. Estudié por la especialidad de educación física, hice la diplomatura y continué el segundo ciclo de la licenciatura, así que tengo bastantes conocimientos&nbsp; en esta especialidad. Pero he encontrado en la especialidad de primaria mi autentica vocación. Y aquí sigo formándome para poder ofrecer a mis alumnos nuevas formas de aprendizaje.</p>
<p><a href="https://old.docente.me/usuarios/perfil/kreisy">Más sobre mí</a></p>
<p>[bestwebsoft_contact_form]</p>
<p>&nbsp;</p>
<p>&nbsp;</p>
<p>&nbsp;</p>
<p>&nbsp;</p>
<p>&nbsp;</p>
<p>&nbsp;</p>
<p>&nbsp;</p>
<p>&nbsp;</p>

<p>&nbsp; Mi nombre es Alba Helices Campos y soy maestra de primaria. Estudié por la especialidad de educación física, hice la diplomatura y continué el segundo ciclo de la licenciatura, así que tengo bastantes&#46;&#46;&#46;</p>
