{"id":56,"date":"2021-06-23T19:03:14","date_gmt":"2021-06-23T18:03:14","guid":{"rendered":"https:\/\/blogsaverroes.juntadeandalucia.es\/maestrarocio8\/?page_id=56"},"modified":"2026-03-16T18:44:39","modified_gmt":"2026-03-16T17:44:39","slug":"areas","status":"publish","type":"page","link":"https:\/\/blogsaverroes.juntadeandalucia.es\/maestrarocio8\/areas\/","title":{"rendered":"JUEGOS did\u00e1cticos"},"content":{"rendered":"<p>\u21d2 En esta tabla ir\u00e9 colgando enlaces de inter\u00e9s relacionados con las distintas asignaturas, para que entrenes tu cerebro y practiques.<\/p>\n<table style=\"height: 760px;width: 126.032%;border-collapse: collapse;background-color: #fafcfc;border-color: #000000;border-style: solid\">\n<tbody>\n<tr style=\"height: 35px\">\n<td style=\"width: 103.84%;text-align: center;border-style: solid;border-color: #000000;background-color: #a8c8f7;height: 35px\" colspan=\"2\"><span style=\"color: #0000ff\"><strong>MATES<\/strong><\/span><span style=\"color: #0000ff\"><strong><br \/>\n<\/strong><\/span><\/td>\n<\/tr>\n<tr style=\"height: 108px\">\n<td style=\"width: 48.7399%;border-style: solid;border-color: #000000;background-color: #a8c8f7;height: 33px\">&nbsp; &nbsp; &nbsp; &nbsp;<span style=\"font-size: 24pt\"><strong>\u2217<\/strong><\/span> <strong>C\u00c1LCULO MENTAL R\u00c1PIDO<\/strong>. <strong>Diferentes niveles.<\/strong>&nbsp;<a href=\"https:\/\/www3.gobiernodecanarias.org\/medusa\/eltanquematematico\/todo_mate\/calculo_m\/calculomental_p_p.html\"><em><span style=\"color: #800080\">(pincha aqu\u00ed)<\/span><\/em><\/a> &nbsp;<\/p>\n<p>&nbsp; &nbsp; &nbsp; &nbsp;<strong>SUMA<\/strong><\/p>\n<p>&nbsp; &nbsp; &nbsp; &nbsp; \u2666&nbsp; &nbsp;UNE PAREJAS sumas&nbsp; &nbsp;<a href=\"https:\/\/wordwall.net\/play\/69326\/753\/194\"><span style=\"color: #800080\"><em>(pincha aqu\u00ed)<\/em><\/span><\/a><\/p>\n<p>&nbsp; &nbsp; &nbsp; &nbsp;&nbsp;\u2666&nbsp;&nbsp; &nbsp;SUMA HASTA 20&nbsp;<a href=\"https:\/\/wordwall.net\/play\/69476\/676\/310\"><em><span style=\"color: #800080\"> (pincha aqu\u00ed)<\/span><\/em><\/a><\/p>\n<p>&nbsp; &nbsp; &nbsp; &nbsp; \u2666 \u2666 ABRECAJAS&nbsp; &nbsp;<em><span style=\"color: #800080\"><a style=\"color: #800080\" href=\"https:\/\/wordwall.net\/play\/69276\/084\/854\">(pincha aqu\u00ed)<\/a><\/span><\/em><\/p>\n<p>&nbsp; &nbsp; &nbsp; &nbsp; \u2666 \u2666&nbsp; &nbsp; APLASTA TOPOS sumas&nbsp; <span style=\"color: #800080\"><a style=\"color: #800080\" href=\"https:\/\/wordwall.net\/play\/69524\/177\/535\"><em>(pincha aqu\u00ed)<\/em><\/a><\/span><\/p>\n<p>&nbsp; &nbsp; &nbsp; &nbsp; \u2666 \u2666 &nbsp; AVI\u00d3N sumas&nbsp; &nbsp;<a href=\"https:\/\/wordwall.net\/play\/69524\/357\/772\"><span style=\"color: #800080\"><em>(pincha aqu\u00ed)<\/em><\/span><\/a><\/p>\n<p>&nbsp; &nbsp; &nbsp; &nbsp; \u2666 \u2666&nbsp; &nbsp;EXPLOTA GLOBOS sumas&nbsp; <a href=\"https:\/\/wordwall.net\/play\/70620\/720\/231\"><span style=\"color: #800080\"><em>(pincha aqu\u00ed)<\/em><\/span><\/a><\/p>\n<p><strong>TABLA X2<\/strong><\/p>\n<p><a href=\"https:\/\/wordwall.net\/es\/resource\/2977293\">Cada oveja con su pareja<\/a><\/p>\n<p><a href=\"https:\/\/wordwall.net\/es\/resource\/1823504\">Explota globos<\/a><\/p>\n<p><a href=\"https:\/\/wordwall.net\/es\/resource\/9860793\">Abrecajas<\/a><\/p>\n<p><strong>TABLA X5<\/strong><\/p>\n<p><a href=\"https:\/\/wordwall.net\/es\/resource\/1906710\">Explota globos<\/a><\/p>\n<p><a href=\"https:\/\/wordwall.net\/es\/resource\/2178601\">Abrecajas<\/a><\/p>\n<p><strong>TABLA X3<\/strong><\/p>\n<p><a href=\"https:\/\/wordwall.net\/es\/resource\/12778272\">Abrecajas<\/a><\/p>\n<p><a href=\"https:\/\/wordwall.net\/es\/resource\/100574857\">Une parejas<\/a><\/td>\n<td style=\"width: 55.1001%;border-style: solid;border-color: #000000;background-color: #a8c8f7;height: 33px;vertical-align: top\"><strong>TABLA X4<\/strong><\/p>\n<p><a href=\"https:\/\/wordwall.net\/play\/56337\/750\/8615\">Fruta voladora<\/a><\/p>\n<p><a href=\"https:\/\/wordwall.net\/play\/26893\/072\/8699\">Explota globos<\/a><\/p>\n<p><strong>TABLA X6<\/strong><\/p>\n<p><a href=\"https:\/\/wordwall.net\/play\/103854\/006\/638\">Cada oveja con su pareja<\/a><\/p>\n<p><a href=\"https:\/\/wordwall.net\/play\/1650\/637\/4589\">Explota globos<\/a><\/p>\n<p><a href=\"https:\/\/wordwall.net\/play\/103854\/245\/808\">Abrecajas<\/a><\/p>\n<p><strong>TABLA x7<\/strong><\/p>\n<p><a href=\"https:\/\/wordwall.net\/play\/105864\/924\/921\">Cada oveja con su pareja<\/a><\/p>\n<p><a href=\"https:\/\/wordwall.net\/play\/30262\/590\/192\">Une parejas<\/a><\/p>\n<p><a href=\"https:\/\/wordwall.net\/play\/105865\/462\/560\">Repaso x6 y x7 juntas<\/a><\/p>\n<p><strong>TABLA x8<\/strong><\/p>\n<p><a href=\"https:\/\/wordwall.net\/play\/77499\/403\/548\">Explotaglobos<\/a><\/p>\n<p><a href=\"https:\/\/wordwall.net\/play\/107205\/652\/806\">Memory<\/a><\/p>\n<p><a href=\"https:\/\/wordwall.net\/play\/1878\/390\/5867\">Aplastatopos<\/a><\/p>\n<p><a href=\"https:\/\/wordwall.net\/play\/2516\/529\/8182\">Parejas<\/a><\/p>\n<p><strong>TABLA x9<\/strong><\/p>\n<p><a href=\"https:\/\/game.afifedu.com\/\"><b>DUELOS&nbsp; MATEM\u00c1TICOS&nbsp;<\/b><\/a><\/td>\n<\/tr>\n<tr style=\"height: 10px\">\n<td style=\"width: 103.84%;border-style: solid;border-color: #000000;height: 10px;background-color: #fab9f9\" colspan=\"2\">\n<p style=\"padding-left: 120px\"><strong>&nbsp; &nbsp; &nbsp; &nbsp; &nbsp; &nbsp; &nbsp; &nbsp; &nbsp; &nbsp; &nbsp; &nbsp; &nbsp;PENSAMIENTO COMPUTACIONAL&nbsp;&nbsp; &nbsp;<\/strong> &nbsp;<\/p>\n<\/td>\n<\/tr>\n<tr style=\"background-color: #6ed6eb\">\n<td style=\"width: 48.7399%;border-style: solid;border-color: #000000;height: 377px;background-color: #fab9f9\">&nbsp; &nbsp; &nbsp; &nbsp; &nbsp; &nbsp; &nbsp; <strong><span style=\"font-size: 18pt\">\u2217 <\/span><\/strong>Caperucita. <span style=\"color: #800080\">(Pincha <strong><a style=\"color: #800080\" href=\"https:\/\/www.penyagolosaeduca.com\/el-camino-de-caperucita-roja\/\" target=\"_blank\" rel=\"noopener noreferrer\">aqu\u00ed)<\/a><\/strong><\/span><\/p>\n<p>&nbsp; &nbsp; &nbsp; &nbsp; &nbsp; &nbsp; &nbsp; <strong><span style=\"font-size: 18pt\">\u2217 <\/span><\/strong>Conejo. <span style=\"color: #800080\">(Pulsa <strong><a style=\"color: #800080\" href=\"https:\/\/www.google.com\/logos\/2017\/logo17\/logo17.html?hl=es-419\">aqu\u00ed)<\/a><\/strong><\/span><\/p>\n<p>&nbsp; &nbsp; &nbsp; &nbsp; &nbsp; &nbsp; &nbsp; <strong><span style=\"font-size: 18pt\">\u2217<\/span><\/strong> &nbsp;Lleva al robot a su casa <a href=\"https:\/\/botlogic.us\/game.html\"><span style=\"color: #800080\"><em>(pincha <strong>aqu\u00ed)<\/strong><\/em><\/span><\/a><\/p>\n<p>&nbsp; &nbsp; &nbsp; &nbsp; &nbsp; &nbsp; &nbsp; <strong><span style=\"font-size: 18pt\">\u2217 <\/span><\/strong>Esquiva las bombas <a href=\"https:\/\/www.cokitos.com\/programacion-para-ninos\/play\/\"><em><span style=\"color: #800080\">(pulsa <strong>aqu\u00ed)<\/strong><\/span><\/em><\/a><\/p>\n<p>&nbsp; &nbsp; &nbsp; &nbsp; &nbsp; &nbsp; &nbsp; <strong><span style=\"font-size: 18pt\">\u2217 <\/span><\/strong>Bloques. <em><span style=\"color: #800080\">(pincha <strong><a style=\"color: #800080\" href=\"https:\/\/toytheater.com\/pieces\/\" target=\"_blank\" rel=\"noopener noreferrer\">aqu\u00ed)<\/a><\/strong><\/span><\/em><\/p>\n<p>&nbsp; &nbsp; &nbsp; &nbsp; &nbsp; &nbsp; &nbsp; <strong><span style=\"font-size: 18pt\">\u2217 <\/span><\/strong>Aparcamiento. (<span style=\"color: #800080\">Pulsa&nbsp;<strong><a style=\"color: #800080\" href=\"https:\/\/toytheater.com\/parking\/\" target=\"_blank\" rel=\"noopener noreferrer\">aqu\u00ed)<\/a><\/strong><\/span><\/p>\n<p>&nbsp; &nbsp; &nbsp; &nbsp; &nbsp; &nbsp; &nbsp; <strong><span style=\"font-size: 18pt\">\u2217 <\/span><\/strong>Bomberos. <span style=\"color: #800080\">(Pulsa <strong><a style=\"color: #800080\" href=\"https:\/\/www.penyagolosaeduca.com\/apaga-fuegos-programando-secuencias-online\/\" target=\"_blank\" rel=\"noopener noreferrer\">aqu\u00ed)<\/a><\/strong><\/span><\/td>\n<td style=\"width: 55.1001%;border-style: solid;border-color: #000000;height: 377px;background-color: #fab9f9\">&nbsp; <strong><span style=\"font-size: 18pt\">\u2217 <\/span><\/strong>Pizza:&nbsp; &nbsp; &nbsp; &nbsp; &nbsp; &nbsp; &nbsp; &nbsp; &nbsp; &nbsp; &nbsp; &nbsp;<\/p>\n<p>&nbsp;&#8211;&nbsp; Ingredientes. Pulsa <span style=\"color: #800080\"><strong><a style=\"color: #800080\" href=\"https:\/\/www.penyagolosaeduca.com\/el-algoritmo-de-la-pizza\/\" target=\"_blank\" rel=\"noopener noreferrer\">aqu\u00ed<\/a><\/strong><\/span><\/p>\n<p>&nbsp; &#8211; Porciones. Pulsa <span style=\"color: #800080\"><strong><a style=\"color: #800080\" href=\"https:\/\/www.penyagolosaeduca.com\/buscar-patrones-en-la-pizza-3-7-ingredientes\/\" target=\"_blank\" rel=\"noopener noreferrer\">aqu\u00ed<\/a><\/strong><\/span><\/p>\n<p>&nbsp; &#8211; Descomponer. Pulsa <span style=\"color: #800080\"><strong><a style=\"color: #800080\" href=\"https:\/\/www.penyagolosaeduca.com\/descompon-la-pizza\/\" target=\"_blank\" rel=\"noopener noreferrer\">aqu\u00ed<\/a><\/strong><\/span><\/p>\n<p>&nbsp;<\/p>\n<p style=\"padding-left: 40px\">&nbsp;&nbsp; <strong>\u2666&nbsp; <span style=\"color: #800080\">&nbsp;<a style=\"color: #800080\" href=\"https:\/\/www.cokitos.com\/tag\/juegos-de-robotica\/\">WEB COKITOS ROB\u00d3TICA<\/a>.<\/span> &nbsp; &nbsp; &nbsp; &nbsp; &nbsp;<\/strong> &nbsp; &nbsp; &nbsp;<\/p>\n<\/td>\n<\/tr>\n<tr style=\"height: 46px\">\n<td style=\"width: 103.84%;text-align: center;border-color: #000000;border-style: solid;background-color: #fab9b9;height: 46px\" colspan=\"2\"><span style=\"color: #ff0000\"><strong>LENGUA<\/strong><\/span><span style=\"color: #ff0000\"><strong><br \/>\n<\/strong><\/span><\/td>\n<\/tr>\n<tr style=\"height: 108px\">\n<td style=\"width: 48.7399%;border-color: #000000;border-style: solid;background-color: #fab9b9;height: 108px;padding-left: 40px\">\u2666\u2666 <strong>JUEGOS CON ANIMALES<\/strong><\/p>\n<p>&#8211;<a href=\"https:\/\/wordwall.net\/play\/80599\/640\/565\"> Oraciones desordenadas<\/a><\/p>\n<p>&#8211;<a href=\"https:\/\/wordwall.net\/play\/80257\/324\/472\"> Completa las oraciones<\/a><\/p>\n<p><a href=\"https:\/\/wordwall.net\/play\/80256\/709\/153\">&#8211; Une parejas<\/a><\/p>\n<p><strong>MEMORY DE PALABRAS:<\/strong><\/p>\n<ul>\n<li>&nbsp; (<a href=\"https:\/\/wordwall.net\/play\/69326\/328\/269\"><em><span style=\"color: #800080\">Pincha aqu\u00ed)\u2666\u2666\u2666<\/span><\/em><\/a><\/li>\n<\/ul>\n<p><strong>ORACIONES DESORDENADAS<\/strong>&nbsp;<\/p>\n<ul>\n<li><a href=\"https:\/\/wordwall.net\/play\/80599\/640\/682\"><span style=\"color: #800080\">juego1 <\/span><\/a><\/li>\n<li><a href=\"https:\/\/wordwall.net\/play\/101808\/634\/461\">juego2<\/a><\/li>\n<\/ul>\n<\/td>\n<td style=\"width: 55.1001%;border-color: #000000;border-style: solid;background-color: #fab9b9;padding-left: 40px;height: 108px\"><strong>VOCABULARIO:<\/strong><\/p>\n<ul>\n<li><a href=\"https:\/\/wordwall.net\/play\/101706\/467\/682\"><em>Sin\u00f3nimos1<\/em><\/a><\/li>\n<li><a href=\"https:\/\/wordwall.net\/play\/5751\/198\/429\">Sin\u00f3nimos2<\/a><\/li>\n<li><a href=\"https:\/\/wordwall.net\/play\/3448\/762\/7981\">Sin\u00f3nimos 3<\/a><\/li>\n<li><a href=\"https:\/\/wordwall.net\/play\/23508\/346\/730\">Sin\u00f3nimos4<\/a><\/li>\n<li>&nbsp;<\/li>\n<li><em><a href=\"https:\/\/wordwall.net\/play\/101711\/251\/570\">Ant\u00f3nimos<\/a><\/em><\/li>\n<\/ul>\n<p><strong>SUJETO Y PREDICADO<\/strong><\/p>\n<ul>\n<li><a href=\"https:\/\/wordwall.net\/play\/101803\/882\/761\">Juego 1<\/a><\/li>\n<li><a href=\"https:\/\/wordwall.net\/play\/101805\/215\/298\">Juego 2<\/a><\/li>\n<\/ul>\n<p><a href=\"https:\/\/wayground.com\/join?gc=11307806\"><strong>Sustantivos y adjetivos<\/strong><\/a><\/td>\n<\/tr>\n<tr style=\"height: 43px\">\n<td style=\"text-align: center;border-style: solid;border-color: #000000;background-color: #faf1a2;height: 43px;width: 103.84%\" colspan=\"2\"><span style=\"color: #87ab1b\"><strong>CONOCIMIENTO DEL MEDIO&nbsp;<\/strong><\/span><span style=\"color: #87ab1b\"><strong><br \/>\n<\/strong><\/span><\/td>\n<\/tr>\n<tr style=\"height: 108px\">\n<td style=\"border-style: solid;border-color: #000000;background-color: #faf1a2;text-align: left;padding-left: 40px;height: 108px;width: 48.7399%\">&nbsp;<\/p>\n<ul>\n<li><a href=\"https:\/\/wordwall.net\/play\/9621\/293\/9872\">Vertebrados<\/a>1<\/li>\n<li><a href=\"https:\/\/wordwall.net\/play\/4350\/793\/9026\">Vertebrados2<\/a><\/li>\n<li><a href=\"https:\/\/wordwall.net\/play\/2339\/390\/1924\">Invertebrados1<\/a><\/li>\n<li><a href=\"https:\/\/wordwall.net\/play\/10543\/786\/116\">Animales invertebrados(2)<\/a><\/li>\n<\/ul>\n<\/td>\n<td style=\"border-style: solid;border-color: #000000;background-color: #faf1a2;text-align: left;padding-left: 40px;width: 55.1001%;height: 108px\">&nbsp;<\/p>\n<ul>\n<li><a href=\"https:\/\/wordwall.net\/play\/80257\/324\/151\">Mam\u00edferos<\/a><\/li>\n<li><a href=\"https:\/\/wordwall.net\/play\/72430\/135\/802\">Tipos de paisajes<\/a><\/li>\n<\/ul>\n<\/td>\n<\/tr>\n<\/tbody>\n<\/table>\n<p>&nbsp;<\/p>\n","protected":false},"excerpt":{"rendered":"<p>\u21d2 En esta tabla ir\u00e9 colgando enlaces de inter\u00e9s relacionados con las distintas asignaturas, para que entrenes tu cerebro y practiques. MATES &nbsp; &nbsp; &nbsp; &nbsp;\u2217 C\u00c1LCULO MENTAL R\u00c1PIDO. Diferentes niveles.&nbsp;(pincha aqu\u00ed) &nbsp; &nbsp; &nbsp; &nbsp; &nbsp;SUMA &nbsp; &nbsp; &nbsp; &nbsp; \u2666&nbsp; &nbsp;UNE PAREJAS sumas&nbsp; &nbsp;(pincha aqu\u00ed) &nbsp; &nbsp; &nbsp; &nbsp;&nbsp;\u2666&nbsp;&nbsp; &nbsp;SUMA HASTA 20&nbsp; (pincha &hellip; <\/p>\n<p class=\"link-more\"><a href=\"https:\/\/blogsaverroes.juntadeandalucia.es\/maestrarocio8\/areas\/\" class=\"more-link\">Continuar leyendo<span class=\"screen-reader-text\"> \u00abJUEGOS did\u00e1cticos\u00bb<\/span><\/a><\/p>\n","protected":false},"author":12808,"featured_media":0,"parent":0,"menu_order":0,"comment_status":"closed","ping_status":"closed","template":"","meta":{"ngg_post_thumbnail":0,"footnotes":""},"aioseo_notices":[],"_links":{"self":[{"href":"https:\/\/blogsaverroes.juntadeandalucia.es\/maestrarocio8\/wp-json\/wp\/v2\/pages\/56"}],"collection":[{"href":"https:\/\/blogsaverroes.juntadeandalucia.es\/maestrarocio8\/wp-json\/wp\/v2\/pages"}],"about":[{"href":"https:\/\/blogsaverroes.juntadeandalucia.es\/maestrarocio8\/wp-json\/wp\/v2\/types\/page"}],"author":[{"embeddable":true,"href":"https:\/\/blogsaverroes.juntadeandalucia.es\/maestrarocio8\/wp-json\/wp\/v2\/users\/12808"}],"replies":[{"embeddable":true,"href":"https:\/\/blogsaverroes.juntadeandalucia.es\/maestrarocio8\/wp-json\/wp\/v2\/comments?post=56"}],"version-history":[{"count":137,"href":"https:\/\/blogsaverroes.juntadeandalucia.es\/maestrarocio8\/wp-json\/wp\/v2\/pages\/56\/revisions"}],"predecessor-version":[{"id":796,"href":"https:\/\/blogsaverroes.juntadeandalucia.es\/maestrarocio8\/wp-json\/wp\/v2\/pages\/56\/revisions\/796"}],"wp:attachment":[{"href":"https:\/\/blogsaverroes.juntadeandalucia.es\/maestrarocio8\/wp-json\/wp\/v2\/media?parent=56"}],"curies":[{"name":"wp","href":"https:\/\/api.w.org\/{rel}","templated":true}]}}