{"id":32,"date":"2021-11-24T11:16:05","date_gmt":"2021-11-24T11:16:05","guid":{"rendered":"https:\/\/blogsaverroes.juntadeandalucia.es\/maestrosalva\/?page_id=32"},"modified":"2021-11-24T11:16:05","modified_gmt":"2021-11-24T11:16:05","slug":"sobre-mi","status":"publish","type":"page","link":"https:\/\/blogsaverroes.juntadeandalucia.es\/maestrosalva\/sobre-mi\/","title":{"rendered":"Sobre m\u00ed"},"content":{"rendered":"<p>Lugar donde expondr\u00e9 mi trayectoria, curr\u00edculum, perfil profesional y mis intereses e ideas que mueven mi acci\u00f3n docente.<\/p>\n","protected":false},"excerpt":{"rendered":"<p>Lugar donde expondr\u00e9 mi trayectoria, curr\u00edculum, perfil profesional y mis intereses e ideas que mueven mi acci\u00f3n docente.<\/p>\n","protected":false},"author":1181,"featured_media":0,"parent":0,"menu_order":0,"comment_status":"closed","ping_status":"closed","template":"","meta":{"ngg_post_thumbnail":0,"footnotes":""},"aioseo_notices":[],"_links":{"self":[{"href":"https:\/\/blogsaverroes.juntadeandalucia.es\/maestrosalva\/wp-json\/wp\/v2\/pages\/32"}],"collection":[{"href":"https:\/\/blogsaverroes.juntadeandalucia.es\/maestrosalva\/wp-json\/wp\/v2\/pages"}],"about":[{"href":"https:\/\/blogsaverroes.juntadeandalucia.es\/maestrosalva\/wp-json\/wp\/v2\/types\/page"}],"author":[{"embeddable":true,"href":"https:\/\/blogsaverroes.juntadeandalucia.es\/maestrosalva\/wp-json\/wp\/v2\/users\/1181"}],"replies":[{"embeddable":true,"href":"https:\/\/blogsaverroes.juntadeandalucia.es\/maestrosalva\/wp-json\/wp\/v2\/comments?post=32"}],"version-history":[{"count":1,"href":"https:\/\/blogsaverroes.juntadeandalucia.es\/maestrosalva\/wp-json\/wp\/v2\/pages\/32\/revisions"}],"predecessor-version":[{"id":33,"href":"https:\/\/blogsaverroes.juntadeandalucia.es\/maestrosalva\/wp-json\/wp\/v2\/pages\/32\/revisions\/33"}],"wp:attachment":[{"href":"https:\/\/blogsaverroes.juntadeandalucia.es\/maestrosalva\/wp-json\/wp\/v2\/media?parent=32"}],"curies":[{"name":"wp","href":"https:\/\/api.w.org\/{rel}","templated":true}]}}