{"id":41,"date":"2021-11-24T11:18:53","date_gmt":"2021-11-24T11:18:53","guid":{"rendered":"https:\/\/blogsaverroes.juntadeandalucia.es\/maestrosalva\/?page_id=41"},"modified":"2021-11-24T11:18:53","modified_gmt":"2021-11-24T11:18:53","slug":"cursos","status":"publish","type":"page","link":"https:\/\/blogsaverroes.juntadeandalucia.es\/maestrosalva\/cursos\/","title":{"rendered":"Cursos"},"content":{"rendered":"<p>En este espacio, clasificar\u00e9 los distintos cursos a los que las entradas y el material van a ir referido, ya que cada a\u00f1o solemos impartir materias o \u00e1reas distintas en curso diferente, por lo que considero \u00fatil a\u00f1adir esta p\u00e1gina para clasificar y ordenar el contenido de manera clara y eficiente.<\/p>\n","protected":false},"excerpt":{"rendered":"<p>En este espacio, clasificar\u00e9 los distintos cursos a los que las entradas y el material van a ir referido, ya que cada a\u00f1o solemos impartir materias o \u00e1reas distintas en curso diferente, por lo&#46;&#46;&#46;<\/p>\n","protected":false},"author":1181,"featured_media":0,"parent":0,"menu_order":0,"comment_status":"closed","ping_status":"closed","template":"","meta":{"ngg_post_thumbnail":0,"footnotes":""},"aioseo_notices":[],"_links":{"self":[{"href":"https:\/\/blogsaverroes.juntadeandalucia.es\/maestrosalva\/wp-json\/wp\/v2\/pages\/41"}],"collection":[{"href":"https:\/\/blogsaverroes.juntadeandalucia.es\/maestrosalva\/wp-json\/wp\/v2\/pages"}],"about":[{"href":"https:\/\/blogsaverroes.juntadeandalucia.es\/maestrosalva\/wp-json\/wp\/v2\/types\/page"}],"author":[{"embeddable":true,"href":"https:\/\/blogsaverroes.juntadeandalucia.es\/maestrosalva\/wp-json\/wp\/v2\/users\/1181"}],"replies":[{"embeddable":true,"href":"https:\/\/blogsaverroes.juntadeandalucia.es\/maestrosalva\/wp-json\/wp\/v2\/comments?post=41"}],"version-history":[{"count":1,"href":"https:\/\/blogsaverroes.juntadeandalucia.es\/maestrosalva\/wp-json\/wp\/v2\/pages\/41\/revisions"}],"predecessor-version":[{"id":42,"href":"https:\/\/blogsaverroes.juntadeandalucia.es\/maestrosalva\/wp-json\/wp\/v2\/pages\/41\/revisions\/42"}],"wp:attachment":[{"href":"https:\/\/blogsaverroes.juntadeandalucia.es\/maestrosalva\/wp-json\/wp\/v2\/media?parent=41"}],"curies":[{"name":"wp","href":"https:\/\/api.w.org\/{rel}","templated":true}]}}