{"id":1485,"date":"2021-08-17T23:56:01","date_gmt":"2021-08-17T21:56:01","guid":{"rendered":"https:\/\/blogsaverroes.juntadeandalucia.es\/manuelandujar\/?page_id=1485"},"modified":"2025-08-30T20:32:53","modified_gmt":"2025-08-30T18:32:53","slug":"pacto-de-estado","status":"publish","type":"page","link":"https:\/\/blogsaverroes.juntadeandalucia.es\/manuelandujar\/pacto-de-estado\/","title":{"rendered":"Prevenci\u00f3n de la Violencia de G\u00e9nero &#8211; Pacto de Estado"},"content":{"rendered":"<p>[et_pb_section fb_built=&#8221;1&#8243; _builder_version=&#8221;4.16&#8243; custom_padding=&#8221;0px||0px|&#8221; z_index_tablet=&#8221;500&#8243; box_shadow_horizontal_tablet=&#8221;0px&#8221; box_shadow_vertical_tablet=&#8221;0px&#8221; box_shadow_blur_tablet=&#8221;40px&#8221; box_shadow_spread_tablet=&#8221;0px&#8221; global_colors_info=&#8221;{}&#8221;][et_pb_row _builder_version=&#8221;4.16&#8243; background_size=&#8221;initial&#8221; background_position=&#8221;top_left&#8221; background_repeat=&#8221;repeat&#8221; global_colors_info=&#8221;{}&#8221;][et_pb_column type=&#8221;4_4&#8243; _builder_version=&#8221;4.16&#8243; custom_padding=&#8221;|||&#8221; global_colors_info=&#8221;{}&#8221; custom_padding__hover=&#8221;|||&#8221;][et_pb_image src=&#8221;https:\/\/blogsaverroes.juntadeandalucia.es\/manuelandujar\/files\/2024\/05\/banner_prevencion_vg.png&#8221; title_text=&#8221;banner_prevencion_vg&#8221; admin_label=&#8221;Imagen de la portada&#8221; _builder_version=&#8221;4.24.2&#8243; z_index_tablet=&#8221;500&#8243; box_shadow_horizontal_tablet=&#8221;0px&#8221; box_shadow_vertical_tablet=&#8221;0px&#8221; box_shadow_blur_tablet=&#8221;40px&#8221; box_shadow_spread_tablet=&#8221;0px&#8221; global_colors_info=&#8221;{}&#8221;][\/et_pb_image][et_pb_text admin_label=&#8221;Texto descriptivo&#8221; _builder_version=&#8221;4.24.2&#8243; hover_enabled=&#8221;0&#8243; z_index_tablet=&#8221;500&#8243; text_text_shadow_horizontal_length_tablet=&#8221;0px&#8221; text_text_shadow_vertical_length_tablet=&#8221;0px&#8221; text_text_shadow_blur_strength_tablet=&#8221;1px&#8221; link_text_shadow_horizontal_length_tablet=&#8221;0px&#8221; link_text_shadow_vertical_length_tablet=&#8221;0px&#8221; link_text_shadow_blur_strength_tablet=&#8221;1px&#8221; ul_text_shadow_horizontal_length_tablet=&#8221;0px&#8221; ul_text_shadow_vertical_length_tablet=&#8221;0px&#8221; ul_text_shadow_blur_strength_tablet=&#8221;1px&#8221; ol_text_shadow_horizontal_length_tablet=&#8221;0px&#8221; ol_text_shadow_vertical_length_tablet=&#8221;0px&#8221; ol_text_shadow_blur_strength_tablet=&#8221;1px&#8221; quote_text_shadow_horizontal_length_tablet=&#8221;0px&#8221; quote_text_shadow_vertical_length_tablet=&#8221;0px&#8221; quote_text_shadow_blur_strength_tablet=&#8221;1px&#8221; header_text_shadow_horizontal_length_tablet=&#8221;0px&#8221; header_text_shadow_vertical_length_tablet=&#8221;0px&#8221; header_text_shadow_blur_strength_tablet=&#8221;1px&#8221; header_2_text_shadow_horizontal_length_tablet=&#8221;0px&#8221; header_2_text_shadow_vertical_length_tablet=&#8221;0px&#8221; header_2_text_shadow_blur_strength_tablet=&#8221;1px&#8221; header_3_text_shadow_horizontal_length_tablet=&#8221;0px&#8221; header_3_text_shadow_vertical_length_tablet=&#8221;0px&#8221; header_3_text_shadow_blur_strength_tablet=&#8221;1px&#8221; header_4_text_shadow_horizontal_length_tablet=&#8221;0px&#8221; header_4_text_shadow_vertical_length_tablet=&#8221;0px&#8221; header_4_text_shadow_blur_strength_tablet=&#8221;1px&#8221; header_5_text_shadow_horizontal_length_tablet=&#8221;0px&#8221; header_5_text_shadow_vertical_length_tablet=&#8221;0px&#8221; header_5_text_shadow_blur_strength_tablet=&#8221;1px&#8221; header_6_text_shadow_horizontal_length_tablet=&#8221;0px&#8221; header_6_text_shadow_vertical_length_tablet=&#8221;0px&#8221; header_6_text_shadow_blur_strength_tablet=&#8221;1px&#8221; box_shadow_horizontal_tablet=&#8221;0px&#8221; box_shadow_vertical_tablet=&#8221;0px&#8221; box_shadow_blur_tablet=&#8221;40px&#8221; box_shadow_spread_tablet=&#8221;0px&#8221; global_colors_info=&#8221;{}&#8221; sticky_enabled=&#8221;0&#8243;]<\/p>\n<h2><strong>Prevenci\u00f3n de la Violencia de G\u00e9nero &#8211; Pacto de Estado<\/strong><\/h2>\n<hr \/>\n<p><span style=\"font-size: 14pt\"><strong>Curso 2025\/2026<\/strong><\/span><\/p>\n<p style=\"text-align: justify\"><span style=\"font-size: 14pt\">Nuestro colegio ha elaborado <strong>Proyecto Coeducativo para participar en la convocatoria que la Junta de Andaluc\u00eda oferta para el desarrollo de medidas y actuaciones destinadas a la prevenci\u00f3n de la violencia de g\u00e9nero en los centros docentes p\u00fablicos.<\/strong> <\/span><\/p>\n<p style=\"text-align: justify\"><span style=\"font-size: 14pt\">La convocatoria del curso 2024\/2025 ha estado subvencionada con los fondos p\u00fablicos del<strong> Pacto de Estado contra la violencia de g\u00e9nero y se nos ha concedido una ayuda 300 \u20ac.<\/strong><\/span><\/p>\n<p><strong><span style=\"font-size: 14pt\">Coordinadora: Pendiente<\/span><\/strong><\/p>\n<p style=\"text-align: center\"><span style=\"font-size: 14pt\"><a href=\"https:\/\/drive.google.com\/file\/d\/1AI-n1fHxjN0zbFlJLBUd2NYrpqsRODk6\/view?usp=sharing\" target=\"_blank\" rel=\"noopener\">PLAN DE IGUALDAD 2024\/2025<\/a><\/span><\/p>\n<p style=\"text-align: center\"><iframe loading=\"lazy\" src=\"https:\/\/drive.google.com\/file\/d\/1AI-n1fHxjN0zbFlJLBUd2NYrpqsRODk6\/preview\" width=\"640\" height=\"480\"><\/iframe><\/p>\n<p style=\"text-align: center\">&nbsp;<\/p>\n<hr \/>\n<p><span style=\"font-size: 14pt\"><strong>NORMATIVA (Pendiente)<\/strong><\/span><\/p>\n<p style=\"text-align: justify\">&nbsp;<\/p>\n<hr \/>\n<p><strong style=\"font-size: 14pt\">OBJETIVOS PLANTEADOS Y CONSEGUIDOS<\/strong><\/p>\n<ul>\n<li style=\"text-align: justify\"><span style=\"font-size: 14pt\">Facilitar un mayor conocimiento de las diferencias de g\u00e9nero.<\/span><\/li>\n<li style=\"text-align: justify\"><span style=\"font-size: 14pt\">Promover condiciones escolares que favorezcan pr\u00e1cticas educativas correctoras de estereotipos de g\u00e9nero, de dominaci\u00f3n y de dependencia.<\/span><\/li>\n<li style=\"text-align: justify\"><span style=\"font-size: 14pt\">Promover valores de respeto a las diferencias y a la diversidad.<\/span><\/li>\n<li style=\"text-align: justify\"><span style=\"font-size: 14pt\">Uso del lenguaje inclusivo.<\/span><\/li>\n<li style=\"text-align: justify\"><span style=\"font-size: 14pt\">Concienciaci\u00f3n del rol femenino y la igualdad entre hombres y mujeres.<\/span><\/li>\n<\/ul>\n<p>&nbsp;<\/p>\n<p style=\"text-align: justify\"><strong style=\"font-size: 14pt\">\u00bfQU\u00c9 ACTIVIDADES HEMOS PODIDO LLEVAR A CABO Y QU\u00c9 MATERIALES HEMOS PODIDO ADQUIRIR GRACIAS A ESTE RESPALDO ECON\u00d3MICO?<\/strong><\/p>\n<ul>\n<li><span style=\"font-size: 14pt\">20N: D\u00eda del Pijama.<\/span><\/li>\n<li><span style=\"font-size: 14pt\">25N: Acto conjunto en colaboraci\u00f3n con el centro de la mujer de la localidad y lectura de los manifiestos de Tercer Ciclo. Trabajamos Pepuka y el monstruo que se llev\u00f3 su sonrisa.<\/span><\/li>\n<li><span style=\"font-size: 14pt\">11F: talleres de cient\u00edficas y experimentos por la UJA y el parque de las ciencias.<\/span><\/li>\n<li><span style=\"font-size: 14pt\">15F: recaudaci\u00f3n p\u00eddeme la luna.<\/span><\/li>\n<li><span style=\"font-size: 14pt\">8M: concurso de manualidades, casa de la igualdad, carreras reivindicativas.<\/span><\/li>\n<li><span style=\"font-size: 14pt\">15MAYO: Un pu\u00f1ado de botones y talleres cient\u00edficos.<\/span><\/li>\n<li><span style=\"font-size: 14pt\">Apadrinamiento lector en Igualdad.<\/span><\/li>\n<\/ul>\n<p>&nbsp;<\/p>\n<p style=\"text-align: justify\"><span style=\"font-size: 14pt\">El Programa de Prevenci\u00f3n de la Violencia de G\u00e9nero ha estado relacionado en todo momento con el <a href=\"https:\/\/blogsaverroes.juntadeandalucia.es\/manuelandujar\/plan-igualdad\/\" target=\"_blank\" rel=\"noopener\">Plan de Igualdad<\/a> ya que, gracias a sus fondos se han podido realizar distintas actividades y actuaciones dirigidas a toda la comunidad educativa y recogidas en el Plan de Igualdad.<\/span><\/p>\n<p style=\"text-align: justify\"><span style=\"font-size: 14pt\">Destacamos que con los fondos concedidos hemos adquirido un gran abanico de libros de igualdad para la biblioteca del centro que nos ha permitido realizar apadrinamientos lectores y adem\u00e1s hemos podido <\/span><span style=\"font-size: 14pt\">comprar: globos, cartulinas, pinturas, materiales de uso escolar&#8230;<\/span><\/p>\n<p style=\"text-align: center\"><a href=\"https:\/\/youtu.be\/79sJBE89zUM?si=5SRT-xCncOAKWeqr\" target=\"_blank\" rel=\"noopener\"><span style=\"font-size: 14pt\">D\u00cdA DE LOS DERECHOS DE LA INFANCIA 20N 2023<\/span><\/a><\/p>\n<p style=\"text-align: center\"><iframe loading=\"lazy\" src=\"https:\/\/www.youtube.com\/embed\/79sJBE89zUM?si=gDLnQs_PDgRp7xwR\" width=\"420\" height=\"315\" frameborder=\"0\"><\/iframe><\/p>\n<p style=\"text-align: center\"><a href=\"https:\/\/youtu.be\/4QiFD2x8ISc?si=S6lbYk2OJa5Ttnjb\" target=\"_blank\" rel=\"noopener\"><span style=\"font-size: 14pt\">CELEBRACI\u00d3N D\u00cdA INTERNACIONAL DE LA ELIMINACI\u00d3N DE LA LA VIOLENCIA CONTRA LA MUJER 25N 2023<\/span><\/a><\/p>\n<p style=\"text-align: center\"><iframe loading=\"lazy\" src=\"https:\/\/www.youtube.com\/embed\/4QiFD2x8ISc?si=YS0_07ErBEePZItq\" width=\"420\" height=\"315\" frameborder=\"0\"><\/iframe><\/p>\n<p style=\"text-align: center\"><a href=\"https:\/\/youtu.be\/STkKw0GIYLE?si=p4y2C7UD7y7mXe7Z\" target=\"_blank\" rel=\"noopener\"><span style=\"font-size: 14pt\">CELEBRACI\u00d3N 8 M 2024<\/span><\/a><\/p>\n<p style=\"text-align: center\"><iframe loading=\"lazy\" src=\"https:\/\/www.youtube.com\/embed\/STkKw0GIYLE?si=ATx5e32XI3VoepnJ\" width=\"420\" height=\"315\" frameborder=\"0\"><\/iframe><\/p>\n<p>&nbsp;<\/p>\n<hr \/>\n<p style=\"text-align: justify\"><span style=\"font-size: 14pt\"><strong>Curso 2020\/2021<\/strong><\/span><\/p>\n<p style=\"text-align: justify\"><strong style=\"font-size: 14pt\">\u00bfQU\u00c9 ACTIVIDADES HEMOS PODIDO LLEVAR A CABO Y QU\u00c9 MATERIALES HEMOS PODIDO ADQUIRIR GRACIAS A ESTE RESPALDO ECON\u00d3MICO?<\/strong><\/p>\n<ul style=\"text-align: justify\">\n<li><span style=\"font-size: 14pt\">Mural &#8220;Arbol mensajero&#8221; en una pared del Pabell\u00f3n 2 donde los alumnos cuelgan mensajes en forma de hoja. <\/span><\/li>\n<li><span style=\"font-size: 14pt\">Vinilos en las escaleras del Pabell\u00f3n de Gobierno con mensajes alusivos a la paz y el respeto, a partir de un concurso de frases.<\/span><\/li>\n<li><span style=\"font-size: 14pt\">Pintura de &#8220;Bancos de la amistad&#8221;, el alumnado ha pintado varios bancos mediante trabajo cooperativo.<\/span><\/li>\n<li><span style=\"font-size: 14pt\">Elaboraci\u00f3n de &#8220;Gafas moradas&#8221;, para concienciar al alumnado de la importancia de ver las cosas desde otro punto de vista, desde el respeto hacia a la mujer. <\/span><\/li>\n<\/ul>\n<p>&nbsp;<\/p>\n<p><span style=\"font-size: 14pt\"><strong>OTRAS ACTIVIDADES<\/strong><\/span><\/p>\n<ul>\n<li><span style=\"font-size: 14pt\">Videoclip &#8220;Puerta violeta&#8221;, de Rozalem. (Dirigido por el maestro Luismi)<\/span><\/li>\n<\/ul>\n<p style=\"text-align: center\"><iframe loading=\"lazy\" src=\"https:\/\/www.youtube.com\/embed\/NTC2Hm2DHv0\" width=\"420\" height=\"315\" frameborder=\"0\"><\/iframe><\/p>\n<ul>\n<li><span style=\"font-size: 14pt\">Videoclip &#8220;Mujer de las Mil Batallas. (Dirigido por el maestro Juanfra)<\/span><\/li>\n<\/ul>\n<p style=\"text-align: center\"><iframe loading=\"lazy\" src=\"https:\/\/www.youtube.com\/embed\/j6Ir1uy7tgg\" width=\"420\" height=\"315\" frameborder=\"0\"><\/iframe><\/p>\n<hr \/>\n<p>&nbsp;<\/p>\n<p style=\"text-align: center\"><a href=\"https:\/\/www.juntadeandalucia.es\/educacion\/portals\/web\/igualdad\/inicio\" target=\"_blank\" rel=\"noopener noreferrer\"><span style=\"font-size: 14pt\"><strong>PORTAL DE IGUALDAD<\/strong><\/span><\/a><\/p>\n<p><img loading=\"lazy\" decoding=\"async\" class=\"wp-image-3220 aligncenter size-medium\" src=\"https:\/\/blogsaverroes.juntadeandalucia.es\/manuelandujar\/files\/2025\/08\/Banner-pequeno-pacto-estado-VG-268x300.png\" alt=\"\" width=\"268\" height=\"300\" srcset=\"https:\/\/blogsaverroes.juntadeandalucia.es\/manuelandujar\/files\/2025\/08\/Banner-pequeno-pacto-estado-VG-268x300.png 268w, https:\/\/blogsaverroes.juntadeandalucia.es\/manuelandujar\/files\/2025\/08\/Banner-pequeno-pacto-estado-VG.png 358w\" sizes=\"(max-width: 268px) 100vw, 268px\" \/><\/p>\n<p>&nbsp;<\/p>\n<p>&nbsp;<\/p>\n<p>[\/et_pb_text][\/et_pb_column][\/et_pb_row][\/et_pb_section]<\/p>\n","protected":false},"excerpt":{"rendered":"<p>Prevenci\u00f3n de la Violencia de G\u00e9nero &#8211; Pacto de Estado Curso 2025\/2026 Nuestro colegio ha elaborado Proyecto Coeducativo para participar en la convocatoria que la Junta de Andaluc\u00eda oferta para el desarrollo de medidas y actuaciones destinadas a la prevenci\u00f3n de la violencia de g\u00e9nero en los centros docentes p\u00fablicos. La convocatoria del curso 2024\/2025 [&hellip;]<\/p>\n","protected":false},"author":7782,"featured_media":0,"parent":0,"menu_order":0,"comment_status":"closed","ping_status":"closed","template":"","meta":{"_et_pb_use_builder":"on","_et_pb_old_content":"","_et_gb_content_width":"","ngg_post_thumbnail":0,"footnotes":""},"aioseo_notices":[],"_links":{"self":[{"href":"https:\/\/blogsaverroes.juntadeandalucia.es\/manuelandujar\/wp-json\/wp\/v2\/pages\/1485"}],"collection":[{"href":"https:\/\/blogsaverroes.juntadeandalucia.es\/manuelandujar\/wp-json\/wp\/v2\/pages"}],"about":[{"href":"https:\/\/blogsaverroes.juntadeandalucia.es\/manuelandujar\/wp-json\/wp\/v2\/types\/page"}],"author":[{"embeddable":true,"href":"https:\/\/blogsaverroes.juntadeandalucia.es\/manuelandujar\/wp-json\/wp\/v2\/users\/7782"}],"replies":[{"embeddable":true,"href":"https:\/\/blogsaverroes.juntadeandalucia.es\/manuelandujar\/wp-json\/wp\/v2\/comments?post=1485"}],"version-history":[{"count":23,"href":"https:\/\/blogsaverroes.juntadeandalucia.es\/manuelandujar\/wp-json\/wp\/v2\/pages\/1485\/revisions"}],"predecessor-version":[{"id":3221,"href":"https:\/\/blogsaverroes.juntadeandalucia.es\/manuelandujar\/wp-json\/wp\/v2\/pages\/1485\/revisions\/3221"}],"wp:attachment":[{"href":"https:\/\/blogsaverroes.juntadeandalucia.es\/manuelandujar\/wp-json\/wp\/v2\/media?parent=1485"}],"curies":[{"name":"wp","href":"https:\/\/api.w.org\/{rel}","templated":true}]}}