{"id":2814,"date":"2024-11-03T14:17:51","date_gmt":"2024-11-03T13:17:51","guid":{"rendered":"https:\/\/blogsaverroes.juntadeandalucia.es\/manuelandujar\/?page_id=2814"},"modified":"2025-02-23T21:50:03","modified_gmt":"2025-02-23T20:50:03","slug":"proyecto-curricular","status":"publish","type":"page","link":"https:\/\/blogsaverroes.juntadeandalucia.es\/manuelandujar\/proyecto-curricular\/","title":{"rendered":"Proyecto Curricular"},"content":{"rendered":"<p>[et_pb_section fb_built=&#8221;1&#8243; _builder_version=&#8221;4.16&#8243; global_colors_info=&#8221;{}&#8221;][et_pb_row _builder_version=&#8221;4.16&#8243; background_size=&#8221;initial&#8221; background_position=&#8221;top_left&#8221; background_repeat=&#8221;repeat&#8221; global_colors_info=&#8221;{}&#8221;][et_pb_column type=&#8221;4_4&#8243; _builder_version=&#8221;4.16&#8243; custom_padding=&#8221;|||&#8221; global_colors_info=&#8221;{}&#8221; custom_padding__hover=&#8221;|||&#8221;][et_pb_image src=&#8221;https:\/\/blogsaverroes.juntadeandalucia.es\/manuelandujar\/files\/2020\/02\/elcentro.png&#8221; title_text=&#8221;elcentro&#8221; admin_label=&#8221;Imagen de la portada&#8221; _builder_version=&#8221;4.16&#8243; z_index_tablet=&#8221;500&#8243; box_shadow_horizontal_tablet=&#8221;0px&#8221; box_shadow_vertical_tablet=&#8221;0px&#8221; box_shadow_blur_tablet=&#8221;40px&#8221; box_shadow_spread_tablet=&#8221;0px&#8221; global_colors_info=&#8221;{}&#8221;][\/et_pb_image][et_pb_text admin_label=&#8221;Texto descriptivo&#8221; _builder_version=&#8221;4.24.2&#8243; hover_enabled=&#8221;0&#8243; z_index_tablet=&#8221;500&#8243; text_text_shadow_horizontal_length_tablet=&#8221;0px&#8221; text_text_shadow_vertical_length_tablet=&#8221;0px&#8221; text_text_shadow_blur_strength_tablet=&#8221;1px&#8221; link_text_shadow_horizontal_length_tablet=&#8221;0px&#8221; link_text_shadow_vertical_length_tablet=&#8221;0px&#8221; link_text_shadow_blur_strength_tablet=&#8221;1px&#8221; ul_text_shadow_horizontal_length_tablet=&#8221;0px&#8221; ul_text_shadow_vertical_length_tablet=&#8221;0px&#8221; ul_text_shadow_blur_strength_tablet=&#8221;1px&#8221; ol_text_shadow_horizontal_length_tablet=&#8221;0px&#8221; ol_text_shadow_vertical_length_tablet=&#8221;0px&#8221; ol_text_shadow_blur_strength_tablet=&#8221;1px&#8221; quote_text_shadow_horizontal_length_tablet=&#8221;0px&#8221; quote_text_shadow_vertical_length_tablet=&#8221;0px&#8221; quote_text_shadow_blur_strength_tablet=&#8221;1px&#8221; header_text_shadow_horizontal_length_tablet=&#8221;0px&#8221; header_text_shadow_vertical_length_tablet=&#8221;0px&#8221; header_text_shadow_blur_strength_tablet=&#8221;1px&#8221; header_2_text_shadow_horizontal_length_tablet=&#8221;0px&#8221; header_2_text_shadow_vertical_length_tablet=&#8221;0px&#8221; header_2_text_shadow_blur_strength_tablet=&#8221;1px&#8221; header_3_text_shadow_horizontal_length_tablet=&#8221;0px&#8221; header_3_text_shadow_vertical_length_tablet=&#8221;0px&#8221; header_3_text_shadow_blur_strength_tablet=&#8221;1px&#8221; header_4_text_shadow_horizontal_length_tablet=&#8221;0px&#8221; header_4_text_shadow_vertical_length_tablet=&#8221;0px&#8221; header_4_text_shadow_blur_strength_tablet=&#8221;1px&#8221; header_5_text_shadow_horizontal_length_tablet=&#8221;0px&#8221; header_5_text_shadow_vertical_length_tablet=&#8221;0px&#8221; header_5_text_shadow_blur_strength_tablet=&#8221;1px&#8221; header_6_text_shadow_horizontal_length_tablet=&#8221;0px&#8221; header_6_text_shadow_vertical_length_tablet=&#8221;0px&#8221; header_6_text_shadow_blur_strength_tablet=&#8221;1px&#8221; box_shadow_horizontal_tablet=&#8221;0px&#8221; box_shadow_vertical_tablet=&#8221;0px&#8221; box_shadow_blur_tablet=&#8221;40px&#8221; box_shadow_spread_tablet=&#8221;0px&#8221; global_colors_info=&#8221;{}&#8221; sticky_enabled=&#8221;0&#8243;]<\/p>\n<h2 style=\"text-align: justify\"><strong>Proyecto Curricular<\/strong><\/h2>\n<p dir=\"ltr\">&nbsp;<\/p>\n<p class=\"zfr3Q CDt4Ke \" dir=\"ltr\" style=\"text-align: justify\"><span class=\"C9DxTc \" style=\"font-size: 12pt;color: #000000\">En nuestro Centro contamos con un curr\u00edculum concreto, adaptado a la <a href=\"https:\/\/www.boe.es\/buscar\/pdf\/2020\/BOE-A-2020-17264-consolidado.pdf\" target=\"_blank\" rel=\"noopener\">LOMLOE<\/a> y a la realidad sociocultural de nuestro alumnado y abierto a toda la Comunidad Educativa. Todas nuestras programaciones est\u00e1n realizadas en el entorno S\u00e9neca.<\/span><\/p>\n<p dir=\"ltr\">&nbsp;<\/p>\n<p class=\"zfr3Q CDt4Ke \" dir=\"ltr\" style=\"text-align: justify\"><strong><span class=\"C9DxTc \" style=\"font-size: 12pt;color: #000000\">Concreci\u00f3n curricular del Centro para el curso 2024\/2025.<\/span><\/strong><\/p>\n<p dir=\"ltr\">&nbsp;<\/p>\n<p class=\"zfr3Q CDt4Ke \" dir=\"ltr\" style=\"text-align: justify\"><span style=\"font-size: 12pt;color: #000000\"><strong><span class=\"C9DxTc \">EDUCACI\u00d3N INFANTIL<\/span><\/strong><\/span><\/p>\n<ul>\n<li><a href=\"https:\/\/drive.google.com\/file\/d\/1nCTRl2d960Ur6XKs5KvLvog1fJBDRiW2\/view?usp=drive_link\" target=\"_blank\" rel=\"noopener\"><span style=\"font-family: arial, helvetica, sans-serif;font-size: 14pt;color: #333333\"><span style=\"color: #3366ff\">CRECIMIENTO EN ARMON\u00cdA<\/span><\/span><\/a><\/li>\n<li><span style=\"color: #3366ff\"><a style=\"color: #3366ff\" href=\"https:\/\/drive.google.com\/file\/d\/1ZMy0K2Jt9tsGmY4Oru0Yy20hTt2masVS\/view?usp=drive_link\" target=\"_blank\" rel=\"noopener\"><span style=\"font-family: arial, helvetica, sans-serif;font-size: 14pt\">DESCUBRIMIENTO Y EXPLORACI\u00d3N DEL ENTORNO<\/span><\/a><\/span><\/li>\n<li><span style=\"color: #3366ff\"><a style=\"color: #3366ff\" href=\"https:\/\/drive.google.com\/file\/d\/1xCVeEvfSZCipxwFWDQ4qxR_rPJLwLWIF\/view?usp=sharing\" target=\"_blank\" rel=\"noopener\"><span style=\"font-family: arial, helvetica, sans-serif;font-size: 14pt\">COMUNICACI\u00d3N Y REPRESENTACI\u00d3N DE LA REALIDAD<\/span><\/a><\/span><\/li>\n<li><span style=\"color: #3366ff\"><a style=\"color: #3366ff\" href=\"https:\/\/drive.google.com\/file\/d\/1mPpgGr5kBbDB2OaRJ8jvwZVDaBmISOSp\/view?usp=drive_link\" target=\"_blank\" rel=\"noopener\"><span style=\"font-family: arial, helvetica, sans-serif;font-size: 14pt\">RELIGI\u00d3N MORAL Y CAT\u00d3LICA<\/span><\/a><\/span><\/li>\n<li><span style=\"color: #3366ff\"><a style=\"color: #3366ff\" href=\"https:\/\/drive.google.com\/file\/d\/1MpsT3gMGE70IuQYb195HLn21uTddUHdm\/view?usp=drive_link\" target=\"_blank\" rel=\"noopener\"><span style=\"font-family: arial, helvetica, sans-serif;font-size: 14pt\">RELICI\u00d3N MORAL Y EVANG\u00c9LICA<\/span><\/a><\/span><\/li>\n<li><span style=\"font-size: 12pt;color: #000000\">ATENCI\u00d3N EDUCATIVA (<em>En Actualizaci\u00f3n<\/em>).<\/span><\/li>\n<\/ul>\n<p>&nbsp;<\/p>\n<p class=\"zfr3Q CDt4Ke \" dir=\"ltr\" style=\"text-align: justify\"><span style=\"font-size: 12pt;color: #000000\"><strong><span class=\"C9DxTc \">EDUCACI\u00d3N PRIMARIA<\/span><\/strong><\/span><\/p>\n<ul>\n<li><a href=\"https:\/\/drive.google.com\/file\/d\/1FNpMeKaSHjaG0qnRjsClVUrxzgJZz0Cp\/view?usp=sharing\" target=\"_blank\" rel=\"noopener\"><span style=\"font-family: arial, helvetica, sans-serif;font-size: 14pt;color: #333333\"><span style=\"color: #3366ff\">PRIMERA LENGUA EXTRANJERA:INGL\u00c9S<\/span><\/span><\/a><\/li>\n<li><span style=\"color: #3366ff\"><a style=\"color: #3366ff\" href=\"https:\/\/drive.google.com\/file\/d\/1cyAzoclnH-0DStAD8nLuDi_cBLjbRhzW\/view?usp=sharing\" target=\"_blank\" rel=\"noopener\"><span style=\"font-family: arial, helvetica, sans-serif;font-size: 14pt\">CONOCIMIENTO DEL MEDIO<\/span><\/a><\/span><\/li>\n<li><span style=\"color: #3366ff\"><a style=\"color: #3366ff\" href=\"https:\/\/drive.google.com\/file\/d\/1z-yPmyBY-5FTbygLruhjQoe7Ss4MOtIb\/view?usp=sharing\" target=\"_blank\" rel=\"noopener\"><span style=\"font-family: arial, helvetica, sans-serif;font-size: 14pt\">LENGUA CASTELLANA Y LITERATURA<\/span><\/a><\/span><\/li>\n<li><span style=\"color: #3366ff\"><a style=\"color: #3366ff\" href=\"https:\/\/drive.google.com\/file\/d\/1_84jY59Oeg6I24dzwgYKbPYN4QF0qCJP\/view?usp=sharing\" target=\"_blank\" rel=\"noopener\"><span style=\"font-family: arial, helvetica, sans-serif;font-size: 14pt\">RELIGI\u00d3N CAT\u00d3LICA<\/span><\/a><\/span><\/li>\n<li><span style=\"color: #3366ff\"><a style=\"color: #3366ff\" href=\"https:\/\/drive.google.com\/file\/d\/1zwyqdfRDBNpq-ct2pWGziNRc6DStDo1x\/view?usp=drive_link\" target=\"_blank\" rel=\"noopener\"><span style=\"font-family: arial, helvetica, sans-serif;font-size: 14pt\">RELIGI\u00d3N EVANG\u00c9LICA<\/span><\/a><\/span><\/li>\n<li><span style=\"color: #3366ff\"><a style=\"color: #3366ff\" href=\"https:\/\/drive.google.com\/file\/d\/14MQYD_rJjKaBQpSl-wZTosvwNW6ijEAA\/view?usp=sharing\" target=\"_blank\" rel=\"noopener\"><span style=\"font-family: arial, helvetica, sans-serif;font-size: 14pt\">EDUCACI\u00d3N ART\u00cdSITICA<\/span><\/a><\/span><\/li>\n<li><span style=\"color: #3366ff\"><a style=\"color: #3366ff\" href=\"https:\/\/drive.google.com\/file\/d\/1qFLzrHRK5beIGQBpadMPsMH6V_MBy39z\/view?usp=sharing\" target=\"_blank\" rel=\"noopener\"><span style=\"font-family: arial, helvetica, sans-serif;font-size: 14pt\">EDUCACI\u00d3N F\u00cdSICA<\/span><\/a><\/span><\/li>\n<li><span style=\"color: #3366ff\"><a style=\"color: #3366ff\" href=\"https:\/\/drive.google.com\/file\/d\/1oB5386XJbMceo_xPNalaQyauGUZengd-\/view?usp=sharing\" target=\"_blank\" rel=\"noopener\"><span style=\"font-family: arial, helvetica, sans-serif;font-size: 14pt\">MATEM\u00c1TICAS<\/span><\/a><\/span><\/li>\n<li><span style=\"color: #3366ff\"><a style=\"color: #3366ff\" href=\"https:\/\/drive.google.com\/file\/d\/1w7G9b7jzo5vPjMOdX0tI_5iZpwQWJjJV\/view?usp=sharing\" target=\"_blank\" rel=\"noopener\"><span style=\"font-family: arial, helvetica, sans-serif;font-size: 14pt\">SEGUNDA LENGUA EXTRANJERA: FRANC\u00c9S<\/span><\/a><\/span><\/li>\n<li><span style=\"color: #3366ff\"><a style=\"color: #3366ff\" href=\"https:\/\/drive.google.com\/file\/d\/17z-mgv0TaZhbsAvY_qmACMLeKxCdhqtg\/view?usp=sharing\" target=\"_blank\" rel=\"noopener\"><span style=\"font-family: arial, helvetica, sans-serif;font-size: 14pt\">EDUCACI\u00d3N EN VALORES C\u00cdVICOS Y \u00c9TICOS<\/span><\/a><\/span><\/li>\n<li dir=\"ltr\"><span style=\"font-size: 12pt;color: #000000\">ATENCI\u00d3N EDUCATIVA (<em>En Actualizaci\u00f3n<\/em>).<\/span><\/li>\n<li dir=\"ltr\"><span style=\"font-size: 12pt;color: #000000\">\u00c1REA LING\u00dc\u00cdSTICA DE CAR\u00c1CTER TRANSVERSAL (<em>En Actualizaci\u00f3n<\/em>).<\/span><\/li>\n<\/ul>\n<p>[\/et_pb_text][\/et_pb_column][\/et_pb_row][\/et_pb_section]<\/p>\n","protected":false},"excerpt":{"rendered":"<p>Proyecto Curricular &nbsp; En nuestro Centro contamos con un curr\u00edculum concreto, adaptado a la LOMLOE y a la realidad sociocultural de nuestro alumnado y abierto a toda la Comunidad Educativa. Todas nuestras programaciones est\u00e1n realizadas en el entorno S\u00e9neca. &nbsp; Concreci\u00f3n curricular del Centro para el curso 2024\/2025. &nbsp; EDUCACI\u00d3N INFANTIL CRECIMIENTO EN ARMON\u00cdA DESCUBRIMIENTO [&hellip;]<\/p>\n","protected":false},"author":7782,"featured_media":0,"parent":0,"menu_order":0,"comment_status":"closed","ping_status":"closed","template":"","meta":{"_et_pb_use_builder":"on","_et_pb_old_content":"","_et_gb_content_width":"","ngg_post_thumbnail":0,"footnotes":""},"aioseo_notices":[],"_links":{"self":[{"href":"https:\/\/blogsaverroes.juntadeandalucia.es\/manuelandujar\/wp-json\/wp\/v2\/pages\/2814"}],"collection":[{"href":"https:\/\/blogsaverroes.juntadeandalucia.es\/manuelandujar\/wp-json\/wp\/v2\/pages"}],"about":[{"href":"https:\/\/blogsaverroes.juntadeandalucia.es\/manuelandujar\/wp-json\/wp\/v2\/types\/page"}],"author":[{"embeddable":true,"href":"https:\/\/blogsaverroes.juntadeandalucia.es\/manuelandujar\/wp-json\/wp\/v2\/users\/7782"}],"replies":[{"embeddable":true,"href":"https:\/\/blogsaverroes.juntadeandalucia.es\/manuelandujar\/wp-json\/wp\/v2\/comments?post=2814"}],"version-history":[{"count":6,"href":"https:\/\/blogsaverroes.juntadeandalucia.es\/manuelandujar\/wp-json\/wp\/v2\/pages\/2814\/revisions"}],"predecessor-version":[{"id":3083,"href":"https:\/\/blogsaverroes.juntadeandalucia.es\/manuelandujar\/wp-json\/wp\/v2\/pages\/2814\/revisions\/3083"}],"wp:attachment":[{"href":"https:\/\/blogsaverroes.juntadeandalucia.es\/manuelandujar\/wp-json\/wp\/v2\/media?parent=2814"}],"curies":[{"name":"wp","href":"https:\/\/api.w.org\/{rel}","templated":true}]}}

<p>[et_pb_section fb_built=&#8221;1&#8243; _builder_version=&#8221;4.16&#8243; global_colors_info=&#8221;{}&#8221;][et_pb_row _builder_version=&#8221;4.16&#8243; background_size=&#8221;initial&#8221; background_position=&#8221;top_left&#8221; background_repeat=&#8221;repeat&#8221; global_colors_info=&#8221;{}&#8221;][et_pb_column type=&#8221;4_4&#8243; _builder_version=&#8221;4.16&#8243; custom_padding=&#8221;|||&#8221; global_colors_info=&#8221;{}&#8221; custom_padding__hover=&#8221;|||&#8221;][et_pb_image src=&#8221;https://blogsaverroes.juntadeandalucia.es/manuelandujar/files/2020/02/elcentro.png&#8221; title_text=&#8221;elcentro&#8221; admin_label=&#8221;Imagen de la portada&#8221; _builder_version=&#8221;4.16&#8243; z_index_tablet=&#8221;500&#8243; box_shadow_horizontal_tablet=&#8221;0px&#8221; box_shadow_vertical_tablet=&#8221;0px&#8221; box_shadow_blur_tablet=&#8221;40px&#8221; box_shadow_spread_tablet=&#8221;0px&#8221; global_colors_info=&#8221;{}&#8221;][/et_pb_image][et_pb_text admin_label=&#8221;Texto descriptivo&#8221; _builder_version=&#8221;4.24.2&#8243; hover_enabled=&#8221;0&#8243; z_index_tablet=&#8221;500&#8243; text_text_shadow_horizontal_length_tablet=&#8221;0px&#8221; text_text_shadow_vertical_length_tablet=&#8221;0px&#8221; text_text_shadow_blur_strength_tablet=&#8221;1px&#8221; link_text_shadow_horizontal_length_tablet=&#8221;0px&#8221; link_text_shadow_vertical_length_tablet=&#8221;0px&#8221; link_text_shadow_blur_strength_tablet=&#8221;1px&#8221; ul_text_shadow_horizontal_length_tablet=&#8221;0px&#8221; ul_text_shadow_vertical_length_tablet=&#8221;0px&#8221; ul_text_shadow_blur_strength_tablet=&#8221;1px&#8221; ol_text_shadow_horizontal_length_tablet=&#8221;0px&#8221; ol_text_shadow_vertical_length_tablet=&#8221;0px&#8221; ol_text_shadow_blur_strength_tablet=&#8221;1px&#8221; quote_text_shadow_horizontal_length_tablet=&#8221;0px&#8221; quote_text_shadow_vertical_length_tablet=&#8221;0px&#8221; quote_text_shadow_blur_strength_tablet=&#8221;1px&#8221; header_text_shadow_horizontal_length_tablet=&#8221;0px&#8221; header_text_shadow_vertical_length_tablet=&#8221;0px&#8221; header_text_shadow_blur_strength_tablet=&#8221;1px&#8221; header_2_text_shadow_horizontal_length_tablet=&#8221;0px&#8221; header_2_text_shadow_vertical_length_tablet=&#8221;0px&#8221; header_2_text_shadow_blur_strength_tablet=&#8221;1px&#8221; header_3_text_shadow_horizontal_length_tablet=&#8221;0px&#8221; header_3_text_shadow_vertical_length_tablet=&#8221;0px&#8221; header_3_text_shadow_blur_strength_tablet=&#8221;1px&#8221; header_4_text_shadow_horizontal_length_tablet=&#8221;0px&#8221; header_4_text_shadow_vertical_length_tablet=&#8221;0px&#8221; header_4_text_shadow_blur_strength_tablet=&#8221;1px&#8221; header_5_text_shadow_horizontal_length_tablet=&#8221;0px&#8221; header_5_text_shadow_vertical_length_tablet=&#8221;0px&#8221; header_5_text_shadow_blur_strength_tablet=&#8221;1px&#8221; header_6_text_shadow_horizontal_length_tablet=&#8221;0px&#8221; header_6_text_shadow_vertical_length_tablet=&#8221;0px&#8221; header_6_text_shadow_blur_strength_tablet=&#8221;1px&#8221; box_shadow_horizontal_tablet=&#8221;0px&#8221; box_shadow_vertical_tablet=&#8221;0px&#8221; box_shadow_blur_tablet=&#8221;40px&#8221; box_shadow_spread_tablet=&#8221;0px&#8221; global_colors_info=&#8221;{}&#8221; sticky_enabled=&#8221;0&#8243;]</p>
<h2 style="text-align: justify"><strong>Proyecto Curricular</strong></h2>
<p dir="ltr">&nbsp;</p>
<p class="zfr3Q CDt4Ke " dir="ltr" style="text-align: justify"><span class="C9DxTc " style="font-size: 12pt;color: #000000">En nuestro Centro contamos con un currículum concreto, adaptado a la <a href="https://www.boe.es/buscar/pdf/2020/BOE-A-2020-17264-consolidado.pdf" target="_blank" rel="noopener">LOMLOE</a> y a la realidad sociocultural de nuestro alumnado y abierto a toda la Comunidad Educativa. Todas nuestras programaciones están realizadas en el entorno Séneca.</span></p>
<p dir="ltr">&nbsp;</p>
<p class="zfr3Q CDt4Ke " dir="ltr" style="text-align: justify"><strong><span class="C9DxTc " style="font-size: 12pt;color: #000000">Concreción curricular del Centro para el curso 2024/2025.</span></strong></p>
<p dir="ltr">&nbsp;</p>
<p class="zfr3Q CDt4Ke " dir="ltr" style="text-align: justify"><span style="font-size: 12pt;color: #000000"><strong><span class="C9DxTc ">EDUCACIÓN INFANTIL</span></strong></span></p>
<ul>
<li><a href="https://drive.google.com/file/d/1nCTRl2d960Ur6XKs5KvLvog1fJBDRiW2/view?usp=drive_link" target="_blank" rel="noopener"><span style="font-family: arial, helvetica, sans-serif;font-size: 14pt;color: #333333"><span style="color: #3366ff">CRECIMIENTO EN ARMONÍA</span></span></a></li>
<li><span style="color: #3366ff"><a style="color: #3366ff" href="https://drive.google.com/file/d/1ZMy0K2Jt9tsGmY4Oru0Yy20hTt2masVS/view?usp=drive_link" target="_blank" rel="noopener"><span style="font-family: arial, helvetica, sans-serif;font-size: 14pt">DESCUBRIMIENTO Y EXPLORACIÓN DEL ENTORNO</span></a></span></li>
<li><span style="color: #3366ff"><a style="color: #3366ff" href="https://drive.google.com/file/d/1xCVeEvfSZCipxwFWDQ4qxR_rPJLwLWIF/view?usp=sharing" target="_blank" rel="noopener"><span style="font-family: arial, helvetica, sans-serif;font-size: 14pt">COMUNICACIÓN Y REPRESENTACIÓN DE LA REALIDAD</span></a></span></li>
<li><span style="color: #3366ff"><a style="color: #3366ff" href="https://drive.google.com/file/d/1mPpgGr5kBbDB2OaRJ8jvwZVDaBmISOSp/view?usp=drive_link" target="_blank" rel="noopener"><span style="font-family: arial, helvetica, sans-serif;font-size: 14pt">RELIGIÓN MORAL Y CATÓLICA</span></a></span></li>
<li><span style="color: #3366ff"><a style="color: #3366ff" href="https://drive.google.com/file/d/1MpsT3gMGE70IuQYb195HLn21uTddUHdm/view?usp=drive_link" target="_blank" rel="noopener"><span style="font-family: arial, helvetica, sans-serif;font-size: 14pt">RELICIÓN MORAL Y EVANGÉLICA</span></a></span></li>
<li><span style="font-size: 12pt;color: #000000">ATENCIÓN EDUCATIVA (<em>En Actualización</em>).</span></li>
</ul>
<p>&nbsp;</p>
<p class="zfr3Q CDt4Ke " dir="ltr" style="text-align: justify"><span style="font-size: 12pt;color: #000000"><strong><span class="C9DxTc ">EDUCACIÓN PRIMARIA</span></strong></span></p>
<ul>
<li><a href="https://drive.google.com/file/d/1FNpMeKaSHjaG0qnRjsClVUrxzgJZz0Cp/view?usp=sharing" target="_blank" rel="noopener"><span style="font-family: arial, helvetica, sans-serif;font-size: 14pt;color: #333333"><span style="color: #3366ff">PRIMERA LENGUA EXTRANJERA:INGLÉS</span></span></a></li>
<li><span style="color: #3366ff"><a style="color: #3366ff" href="https://drive.google.com/file/d/1cyAzoclnH-0DStAD8nLuDi_cBLjbRhzW/view?usp=sharing" target="_blank" rel="noopener"><span style="font-family: arial, helvetica, sans-serif;font-size: 14pt">CONOCIMIENTO DEL MEDIO</span></a></span></li>
<li><span style="color: #3366ff"><a style="color: #3366ff" href="https://drive.google.com/file/d/1z-yPmyBY-5FTbygLruhjQoe7Ss4MOtIb/view?usp=sharing" target="_blank" rel="noopener"><span style="font-family: arial, helvetica, sans-serif;font-size: 14pt">LENGUA CASTELLANA Y LITERATURA</span></a></span></li>
<li><span style="color: #3366ff"><a style="color: #3366ff" href="https://drive.google.com/file/d/1_84jY59Oeg6I24dzwgYKbPYN4QF0qCJP/view?usp=sharing" target="_blank" rel="noopener"><span style="font-family: arial, helvetica, sans-serif;font-size: 14pt">RELIGIÓN CATÓLICA</span></a></span></li>
<li><span style="color: #3366ff"><a style="color: #3366ff" href="https://drive.google.com/file/d/1zwyqdfRDBNpq-ct2pWGziNRc6DStDo1x/view?usp=drive_link" target="_blank" rel="noopener"><span style="font-family: arial, helvetica, sans-serif;font-size: 14pt">RELIGIÓN EVANGÉLICA</span></a></span></li>
<li><span style="color: #3366ff"><a style="color: #3366ff" href="https://drive.google.com/file/d/14MQYD_rJjKaBQpSl-wZTosvwNW6ijEAA/view?usp=sharing" target="_blank" rel="noopener"><span style="font-family: arial, helvetica, sans-serif;font-size: 14pt">EDUCACIÓN ARTÍSITICA</span></a></span></li>
<li><span style="color: #3366ff"><a style="color: #3366ff" href="https://drive.google.com/file/d/1qFLzrHRK5beIGQBpadMPsMH6V_MBy39z/view?usp=sharing" target="_blank" rel="noopener"><span style="font-family: arial, helvetica, sans-serif;font-size: 14pt">EDUCACIÓN FÍSICA</span></a></span></li>
<li><span style="color: #3366ff"><a style="color: #3366ff" href="https://drive.google.com/file/d/1oB5386XJbMceo_xPNalaQyauGUZengd-/view?usp=sharing" target="_blank" rel="noopener"><span style="font-family: arial, helvetica, sans-serif;font-size: 14pt">MATEMÁTICAS</span></a></span></li>
<li><span style="color: #3366ff"><a style="color: #3366ff" href="https://drive.google.com/file/d/1w7G9b7jzo5vPjMOdX0tI_5iZpwQWJjJV/view?usp=sharing" target="_blank" rel="noopener"><span style="font-family: arial, helvetica, sans-serif;font-size: 14pt">SEGUNDA LENGUA EXTRANJERA: FRANCÉS</span></a></span></li>
<li><span style="color: #3366ff"><a style="color: #3366ff" href="https://drive.google.com/file/d/17z-mgv0TaZhbsAvY_qmACMLeKxCdhqtg/view?usp=sharing" target="_blank" rel="noopener"><span style="font-family: arial, helvetica, sans-serif;font-size: 14pt">EDUCACIÓN EN VALORES CÍVICOS Y ÉTICOS</span></a></span></li>
<li dir="ltr"><span style="font-size: 12pt;color: #000000">ATENCIÓN EDUCATIVA (<em>En Actualización</em>).</span></li>
<li dir="ltr"><span style="font-size: 12pt;color: #000000">ÁREA LINGÜÍSTICA DE CARÁCTER TRANSVERSAL (<em>En Actualización</em>).</span></li>
</ul>
<p>[/et_pb_text][/et_pb_column][/et_pb_row][/et_pb_section]</p>

<p>Proyecto Curricular &nbsp; En nuestro Centro contamos con un currículum concreto, adaptado a la LOMLOE y a la realidad sociocultural de nuestro alumnado y abierto a toda la Comunidad Educativa. Todas nuestras programaciones están realizadas en el entorno Séneca. &nbsp; Concreción curricular del Centro para el curso 2024/2025. &nbsp; EDUCACIÓN INFANTIL CRECIMIENTO EN ARMONÍA DESCUBRIMIENTO [&hellip;]</p>
