{"id":1728,"date":"2024-02-04T15:39:39","date_gmt":"2024-02-04T15:39:39","guid":{"rendered":"https:\/\/blogsaverroes.juntadeandalucia.es\/manuroca03\/?page_id=1728"},"modified":"2024-02-04T15:53:44","modified_gmt":"2024-02-04T15:53:44","slug":"lc_u6","status":"publish","type":"page","link":"https:\/\/blogsaverroes.juntadeandalucia.es\/manuroca03\/lc_u6\/","title":{"rendered":"LC5\u00baU6. Caminamos por la igualdad"},"content":{"rendered":"<div class=\"entry-content\">\n<p>Ya estamos en la mitad del curso. En esta unidad comenzaremos leyendo una biograf\u00eda pero vamos a hacer muchas m\u00e1s cosas.<\/p>\n<ul>\n<li>Aprenderemos qu\u00e9 son los gentilicios.<\/li>\n<li>Grabaremos un post para colocarlo en nuestro blog.<\/li>\n<li>Escribiremos alg\u00fan texto cotidiano.<\/li>\n<li>Repasaremos los pronombres personales.<\/li>\n<li>Usaremos par\u00e9ntesis, rayas y guiones en nuestros textos.<\/li>\n<\/ul>\n<h4><a href=\"https:\/\/app.genial.ly\/editor\/615c7cd6d8bd560de624449e\"><img loading=\"lazy\" decoding=\"async\" class=\"alignnone wp-image-4673\" src=\"https:\/\/blogsaverroes.juntadeandalucia.es\/verainqueclase\/files\/2024\/01\/genially-diario-300x176.jpg\" alt=\"\" width=\"828\" height=\"486\"><\/a><\/h4>\n<h4><strong>Los gentilicios.<\/strong><\/h4>\n<p><a href=\"https:\/\/view.genial.ly\/659ed8ac1846fc0014f07286\/interactive-content-bio-historia\"><img loading=\"lazy\" decoding=\"async\" class=\"alignnone wp-image-4674\" src=\"https:\/\/blogsaverroes.juntadeandalucia.es\/verainqueclase\/files\/2024\/01\/genially-gentilicio-300x176.jpg\" alt=\"\" width=\"818\" height=\"480\"><\/a><\/p>\n<table>\n<tbody>\n<tr>\n<td><a href=\"https:\/\/www.mundoprimaria.com\/juegos-educativos\/jueg-len-voc-44\"><img loading=\"lazy\" decoding=\"async\" class=\"alignnone size-medium wp-image-4675\" src=\"https:\/\/blogsaverroes.juntadeandalucia.es\/verainqueclase\/files\/2024\/01\/Juego-gentilicios-300x176.jpg\" alt=\"\" width=\"300\" height=\"176\"><\/a><\/td>\n<td>&nbsp;<\/td>\n<td>&nbsp;<\/td>\n<\/tr>\n<\/tbody>\n<\/table>\n<h4><strong>Entrada de audio para el blog.<\/strong><\/h4>\n<p><a href=\"https:\/\/view.genial.ly\/659edd5d1d6fff00141d41ba\/interactive-content-infografia-mockup-pc\"><img loading=\"lazy\" decoding=\"async\" class=\"alignnone wp-image-4676\" src=\"https:\/\/blogsaverroes.juntadeandalucia.es\/verainqueclase\/files\/2024\/01\/genially-blogs-300x176.jpg\" alt=\"\" width=\"818\" height=\"480\"><\/a><\/p>\n<h4><strong>Los textos cotidianos.<\/strong><\/h4>\n<p><a href=\"https:\/\/view.genial.ly\/659ee38d1d6fff001420c6f0\/interactive-content-copia-textos-para-jugar\"><img loading=\"lazy\" decoding=\"async\" class=\"alignnone wp-image-4677\" src=\"https:\/\/blogsaverroes.juntadeandalucia.es\/verainqueclase\/files\/2024\/01\/genially-textos-cotidianos-300x176.jpg\" alt=\"\" width=\"1014\" height=\"595\"><\/a><\/p>\n<p><a href=\"https:\/\/view.genial.ly\/5fc17b25429d140d2fa50956\/interactive-image-el-email\"><img loading=\"lazy\" decoding=\"async\" class=\"\" src=\"https:\/\/blogsaverroes.juntadeandalucia.es\/verainqueclase\/files\/2021\/10\/genially-email-300x141.jpg\" width=\"802\" height=\"377\"><\/a><\/p>\n<h4><strong>Los pronombres personales.<\/strong><\/h4>\n<p><a href=\"https:\/\/view.genial.ly\/659ee9ca4c9def0014ddb6cd\/horizontal-infographic-review-copia-pronombres\"><img loading=\"lazy\" decoding=\"async\" class=\"alignnone wp-image-4678\" src=\"https:\/\/blogsaverroes.juntadeandalucia.es\/verainqueclase\/files\/2024\/01\/genially-pronombres-300x176.jpg\" alt=\"\" width=\"990\" height=\"581\"><\/a><\/p>\n<table>\n<tbody>\n<tr>\n<td><a href=\"https:\/\/www.mundoprimaria.com\/juegos-educativos\/jueg-len-grm-62\"><img loading=\"lazy\" decoding=\"async\" class=\"alignnone size-medium wp-image-4679\" src=\"https:\/\/blogsaverroes.juntadeandalucia.es\/verainqueclase\/files\/2024\/01\/juego-pronombres-300x176.jpg\" alt=\"\" width=\"300\" height=\"176\"><\/a><\/td>\n<td><a href=\"https:\/\/www.mundoprimaria.com\/juegos-educativos\/jueg-len-grm-29\"><img decoding=\"async\" src=\"https:\/\/blogsaverroes.juntadeandalucia.es\/verainqueclase\/files\/2022\/09\/juego-pronombres-300x180.jpg\"><\/a><\/td>\n<td><a href=\"https:\/\/www.mundoprimaria.com\/juegos-educativos\/jueg-len-grm-48\"><img decoding=\"async\" src=\"https:\/\/blogsaverroes.juntadeandalucia.es\/verainqueclase\/files\/2022\/09\/juego-pronombres-2-300x180.jpg\"><\/a><\/td>\n<\/tr>\n<tr>\n<td><a href=\"https:\/\/wordwall.net\/es\/resource\/957372\/pronombres-personales\"><img decoding=\"async\" src=\"https:\/\/blogsaverroes.juntadeandalucia.es\/verainqueclase\/files\/2021\/09\/juego-pronombres-2-300x168.jpg\"><\/a><\/td>\n<td><a href=\"https:\/\/wordwall.net\/es\/resource\/13127068\/pronombres-personales\"><img decoding=\"async\" src=\"https:\/\/blogsaverroes.juntadeandalucia.es\/verainqueclase\/files\/2021\/08\/juego-quiz-300x176.jpg\"><\/a><\/td>\n<td><a href=\"https:\/\/www.mundoprimaria.com\/juegos-educativos\/juegos-lenguaje\/juego-pronombres\"><img decoding=\"async\" src=\"https:\/\/blogsaverroes.juntadeandalucia.es\/verainqueclase\/files\/2021\/09\/juego-pronombres-300x168.jpg\"><\/a><\/td>\n<\/tr>\n<tr>\n<td>&nbsp;<\/td>\n<td>&nbsp;<\/td>\n<td>&nbsp;<\/td>\n<\/tr>\n<\/tbody>\n<\/table>\n<h4><strong>El par\u00e9ntesis, la raya y guion.<\/strong><\/h4>\n<p><a href=\"https:\/\/view.genial.ly\/5fc7e4b224b2260d1a4e8325\/horizontal-infographic-lists-guion-raya-parentesis-y-comillas\"><img loading=\"lazy\" decoding=\"async\" class=\"alignnone wp-image-4682\" src=\"https:\/\/blogsaverroes.juntadeandalucia.es\/verainqueclase\/files\/2024\/01\/genially-guion-raya-300x176.jpg\" alt=\"\" width=\"949\" height=\"557\"><\/a><\/p>\n<table>\n<tbody>\n<tr>\n<td><a href=\"https:\/\/www.mundoprimaria.com\/juegos-educativos\/jueg-len-ort-56\"><img loading=\"lazy\" decoding=\"async\" class=\"alignnone size-medium wp-image-4680\" src=\"https:\/\/blogsaverroes.juntadeandalucia.es\/verainqueclase\/files\/2024\/01\/juego-par%C3%A9ntesis-300x176.jpg\" alt=\"\" width=\"300\" height=\"176\"><\/a><\/td>\n<td><a href=\"https:\/\/www.mundoprimaria.com\/juegos-educativos\/jueg-len-ort-57\"><img loading=\"lazy\" decoding=\"async\" class=\"alignnone size-medium wp-image-4681\" src=\"https:\/\/blogsaverroes.juntadeandalucia.es\/verainqueclase\/files\/2024\/01\/juego-guion-300x176.jpg\" alt=\"\" width=\"300\" height=\"176\"><\/a><\/td>\n<td>&nbsp;<\/td>\n<\/tr>\n<tr>\n<td>&nbsp;<\/td>\n<td>&nbsp;<\/td>\n<td>&nbsp;<\/td>\n<\/tr>\n<\/tbody>\n<\/table>\n<\/div>\n","protected":false},"excerpt":{"rendered":"<p>Ya estamos en la mitad del curso. En esta unidad comenzaremos leyendo una biograf\u00eda pero vamos a hacer muchas m\u00e1s cosas. Aprenderemos qu\u00e9 son los gentilicios. Grabaremos un post para colocarlo en nuestro blog. Escribiremos alg\u00fan texto cotidiano. Repasaremos los pronombres personales. Usaremos par\u00e9ntesis, rayas y guiones en nuestros textos. Los gentilicios. &nbsp; &nbsp; Entrada &hellip; <\/p>\n<p><a class=\"more-link btn\" href=\"https:\/\/blogsaverroes.juntadeandalucia.es\/manuroca03\/lc_u6\/\">Seguir leyendo<\/a><\/p>\n","protected":false},"author":10452,"featured_media":0,"parent":0,"menu_order":0,"comment_status":"closed","ping_status":"closed","template":"","meta":{"ngg_post_thumbnail":0,"footnotes":""},"aioseo_notices":[],"_links":{"self":[{"href":"https:\/\/blogsaverroes.juntadeandalucia.es\/manuroca03\/wp-json\/wp\/v2\/pages\/1728"}],"collection":[{"href":"https:\/\/blogsaverroes.juntadeandalucia.es\/manuroca03\/wp-json\/wp\/v2\/pages"}],"about":[{"href":"https:\/\/blogsaverroes.juntadeandalucia.es\/manuroca03\/wp-json\/wp\/v2\/types\/page"}],"author":[{"embeddable":true,"href":"https:\/\/blogsaverroes.juntadeandalucia.es\/manuroca03\/wp-json\/wp\/v2\/users\/10452"}],"replies":[{"embeddable":true,"href":"https:\/\/blogsaverroes.juntadeandalucia.es\/manuroca03\/wp-json\/wp\/v2\/comments?post=1728"}],"version-history":[{"count":3,"href":"https:\/\/blogsaverroes.juntadeandalucia.es\/manuroca03\/wp-json\/wp\/v2\/pages\/1728\/revisions"}],"predecessor-version":[{"id":1749,"href":"https:\/\/blogsaverroes.juntadeandalucia.es\/manuroca03\/wp-json\/wp\/v2\/pages\/1728\/revisions\/1749"}],"wp:attachment":[{"href":"https:\/\/blogsaverroes.juntadeandalucia.es\/manuroca03\/wp-json\/wp\/v2\/media?parent=1728"}],"curies":[{"name":"wp","href":"https:\/\/api.w.org\/{rel}","templated":true}]}}