{"id":1732,"date":"2024-02-04T15:41:12","date_gmt":"2024-02-04T15:41:12","guid":{"rendered":"https:\/\/blogsaverroes.juntadeandalucia.es\/manuroca03\/?page_id=1732"},"modified":"2026-03-04T17:32:28","modified_gmt":"2026-03-04T17:32:28","slug":"lc_u7","status":"publish","type":"page","link":"https:\/\/blogsaverroes.juntadeandalucia.es\/manuroca03\/lc_u7\/","title":{"rendered":"LC5\u00baU7. Comunidades con futuro"},"content":{"rendered":"<p>Continuamos con los temas. Hoy partiremos de una biograf\u00eda y de un texto para aprender muchas cosas nuevas.<\/p>\n<ul>\n<li>Recordaremos que eran las abreviaturas y las siglas.<\/li>\n<li>Escribiremos una f\u00e1bula.<\/li>\n<li>Escribiremos una narraci\u00f3n.<\/li>\n<li>Revisaremos qu\u00e9 eran los adverbios, las preposiciones y las conjunciones.<\/li>\n<li>Repasaremos la ortograf\u00eda de las palabras con h.<\/li>\n<\/ul>\n<h4><a href=\"https:\/\/view.genially.com\/690133e0c1adf66159c6a24f\/horizontal-infographic-lists-biografias-y-autobiografias\"><img loading=\"lazy\" decoding=\"async\" class=\"alignnone wp-image-4699\" src=\"https:\/\/blogsaverroes.juntadeandalucia.es\/verainqueclase\/files\/2024\/01\/biograf%C3%ADas-y-autobiograf%C3%ADas-300x149.jpg\" alt=\"\" width=\"828\" height=\"411\"><\/a><\/h4>\n<table>\n<tbody>\n<tr>\n<td><a href=\"https:\/\/wordwall.net\/es\/resource\/3544259\/la-biograf%C3%ADa-y-autobiograf%C3%ADa\"><img loading=\"lazy\" decoding=\"async\" class=\"alignnone size-medium wp-image-5728\" src=\"https:\/\/blogsaverroes.juntadeandalucia.es\/verainqueclase\/files\/2025\/08\/juego-silabas-tonica-300x190.jpg\" alt=\"\" width=\"300\" height=\"190\"><\/a><\/td>\n<td><a href=\"https:\/\/wordwall.net\/es\/resource\/18325115\/biograf%C3%ADa\"><img loading=\"lazy\" decoding=\"async\" class=\"size-medium wp-image-5787 aligncenter\" src=\"https:\/\/blogsaverroes.juntadeandalucia.es\/verainqueclase\/files\/2025\/08\/juego-biografia-300x190.jpg\" alt=\"\" width=\"300\" height=\"190\"><\/a><\/td>\n<td><a href=\"https:\/\/wordwall.net\/es\/resource\/23632113\/biograf%C3%ADa-y-autobiograf%C3%ADa\"><img loading=\"lazy\" decoding=\"async\" class=\"alignnone size-medium wp-image-5754\" src=\"https:\/\/blogsaverroes.juntadeandalucia.es\/verainqueclase\/files\/2025\/08\/juego-la-coma-3-300x190.jpg\" alt=\"\" width=\"300\" height=\"190\"><\/a><\/td>\n<\/tr>\n<tr class=\"alt\">\n<td><a href=\"https:\/\/wordwall.net\/es\/resource\/15724071\/autobiograf%C3%ADa\"><img loading=\"lazy\" decoding=\"async\" class=\"alignnone size-medium wp-image-5788\" src=\"https:\/\/blogsaverroes.juntadeandalucia.es\/verainqueclase\/files\/2025\/08\/juego-biografia-2-300x190.jpg\" alt=\"\" width=\"300\" height=\"190\"><\/a><\/td>\n<td><a href=\"https:\/\/wordwall.net\/es\/resource\/3891935\/biograf%C3%ADa\"><img loading=\"lazy\" decoding=\"async\" class=\"size-medium wp-image-5789 aligncenter\" src=\"https:\/\/blogsaverroes.juntadeandalucia.es\/verainqueclase\/files\/2025\/08\/juego-biografia-3-300x190.jpg\" alt=\"\" width=\"300\" height=\"190\"><\/a><\/td>\n<td>&nbsp;<\/td>\n<\/tr>\n<\/tbody>\n<\/table>\n<h4><strong>Las abreviaturas y las siglas.<\/strong><\/h4>\n<p><a href=\"https:\/\/view.genially.com\/6902762587f0f74e3a59e8c8\/horizontal-infographic-lists-410-abreviaturas-y-siglas\"><img loading=\"lazy\" decoding=\"async\" class=\"alignnone wp-image-4700\" src=\"https:\/\/blogsaverroes.juntadeandalucia.es\/verainqueclase\/files\/2024\/01\/genially-abreviaturas-y-siglas-300x149.jpg\" alt=\"\" width=\"801\" height=\"398\"><\/a><\/p>\n<table>\n<tbody>\n<tr>\n<td><a href=\"https:\/\/wordwall.net\/es\/resource\/4692980\/siglas-abreviaturas-y-acr%c3%b3nimos\"><img decoding=\"async\" src=\"https:\/\/blogsaverroes.juntadeandalucia.es\/verainqueclase\/files\/2020\/11\/juego-siglas-3-300x164.jpg\"><\/a><\/td>\n<td><a href=\"https:\/\/wordwall.net\/es\/resource\/5132947\/abreviaturas\"><img decoding=\"async\" src=\"https:\/\/blogsaverroes.juntadeandalucia.es\/verainqueclase\/files\/2020\/11\/juego-siglas-4-300x165.jpg\"><\/a><\/td>\n<td><a href=\"https:\/\/wordwall.net\/es\/resource\/5326987\/abreviaturas\"><img decoding=\"async\" src=\"https:\/\/blogsaverroes.juntadeandalucia.es\/verainqueclase\/files\/2020\/11\/juego-siglas-5-300x165.jpg\"><\/a><\/td>\n<\/tr>\n<tr class=\"alt\">\n<td><a href=\"https:\/\/wordwall.net\/es\/resource\/4015583\/siglas-y-abreviaturas\"><img loading=\"lazy\" decoding=\"async\" class=\"size-medium wp-image-5820 aligncenter\" src=\"https:\/\/blogsaverroes.juntadeandalucia.es\/verainqueclase\/files\/2025\/08\/juego-abreviaturas-2-300x178.jpg\" alt=\"\" width=\"300\" height=\"178\"><\/a><\/td>\n<td><a href=\"https:\/\/wordwall.net\/es\/resource\/18041439\/abreviaturas\"><img loading=\"lazy\" decoding=\"async\" class=\"alignnone size-medium wp-image-5821\" src=\"https:\/\/blogsaverroes.juntadeandalucia.es\/verainqueclase\/files\/2025\/08\/juego-abreviaturas-3-300x178.jpg\" alt=\"\" width=\"300\" height=\"178\"><\/a><\/td>\n<td><a href=\"https:\/\/www.mundoprimaria.com\/juegos-educativos\/lengua-voc-4-2?path=juegos-premium\/8797\"><img decoding=\"async\" src=\"https:\/\/blogsaverroes.juntadeandalucia.es\/verainqueclase\/files\/2023\/04\/juego-abreviaturas-2-300x177.jpg\"><\/a><\/td>\n<\/tr>\n<tr>\n<td><a href=\"https:\/\/wordwall.net\/es\/resource\/64377127\/siglas\"><img loading=\"lazy\" decoding=\"async\" class=\"alignnone size-medium wp-image-5822\" src=\"https:\/\/blogsaverroes.juntadeandalucia.es\/verainqueclase\/files\/2025\/08\/juego-siglas-300x178.jpg\" alt=\"\" width=\"300\" height=\"178\"><\/a><\/td>\n<td>&nbsp;<\/td>\n<td>&nbsp;<\/td>\n<\/tr>\n<\/tbody>\n<\/table>\n<h4><strong>La f\u00e1bula.<\/strong><\/h4>\n<p><a href=\"https:\/\/view.genially.com\/68ffa1005384ae2cfee852b0\/horizontal-infographic-review-las-fabulas\"><img loading=\"lazy\" decoding=\"async\" class=\"alignnone wp-image-4701\" src=\"https:\/\/blogsaverroes.juntadeandalucia.es\/verainqueclase\/files\/2024\/01\/genially-f%C3%A1bula-300x149.jpg\" alt=\"\" width=\"801\" height=\"398\"><\/a><\/p>\n<table>\n<tbody>\n<tr class=\"alt\">\n<td><a href=\"https:\/\/wordwall.net\/es\/resource\/33629610\/f%C3%A1bula\"><img loading=\"lazy\" decoding=\"async\" class=\"size-medium wp-image-5793 aligncenter\" src=\"https:\/\/blogsaverroes.juntadeandalucia.es\/verainqueclase\/files\/2025\/08\/juego-fabulas-300x178.jpg\" alt=\"\" width=\"300\" height=\"178\"><\/a><\/td>\n<td><a href=\"https:\/\/wordwall.net\/es\/resource\/19888286\/f%C3%A1bula\"><img loading=\"lazy\" decoding=\"async\" class=\"alignnone size-medium wp-image-5728\" src=\"https:\/\/blogsaverroes.juntadeandalucia.es\/verainqueclase\/files\/2025\/08\/juego-silabas-tonica-300x190.jpg\" alt=\"\" width=\"300\" height=\"190\"><\/a><\/td>\n<td><a href=\"https:\/\/wordwall.net\/es\/resource\/13204188\/cu%C3%A1nto-sabes-de-la-f%C3%A1bula\"><img loading=\"lazy\" decoding=\"async\" class=\"alignnone size-medium wp-image-5754\" src=\"https:\/\/blogsaverroes.juntadeandalucia.es\/verainqueclase\/files\/2025\/08\/juego-la-coma-3-300x190.jpg\" alt=\"\" width=\"300\" height=\"190\"><\/a><\/td>\n<\/tr>\n<tr>\n<td><a href=\"https:\/\/www.mundoprimaria.com\/juegos-educativos\/lengua-lit-5-2?path=juegos-premium\/10007\"><img loading=\"lazy\" decoding=\"async\" class=\"alignnone size-medium wp-image-6086\" src=\"https:\/\/blogsaverroes.juntadeandalucia.es\/verainqueclase\/files\/2025\/09\/juego-partes-relato-300x191.jpg\" alt=\"\" width=\"300\" height=\"191\"><\/a>&nbsp;<\/td>\n<td>&nbsp;<\/td>\n<td>&nbsp;<\/td>\n<\/tr>\n<\/tbody>\n<\/table>\n<h4><strong>Las narraciones literarias.<\/strong><\/h4>\n<p><a href=\"https:\/\/view.genial.ly\/65b018259ae8560014095c0e\/interactive-content-57-narracion-literaria\"><img loading=\"lazy\" decoding=\"async\" class=\"alignnone wp-image-4702\" src=\"https:\/\/blogsaverroes.juntadeandalucia.es\/verainqueclase\/files\/2024\/01\/genially-textos-literarios-300x149.jpg\" alt=\"\" width=\"830\" height=\"412\"><\/a><\/p>\n<table>\n<tbody>\n<tr class=\"alt\">\n<td><a href=\"https:\/\/wordwall.net\/es\/resource\/17204523\/el-cuento-y-la-novela\"><img loading=\"lazy\" decoding=\"async\" class=\"alignnone size-medium wp-image-5753\" src=\"https:\/\/blogsaverroes.juntadeandalucia.es\/verainqueclase\/files\/2025\/08\/juego-la-coma-2-300x190.jpg\" alt=\"\" width=\"300\" height=\"190\"><\/a><\/td>\n<td><a href=\"https:\/\/wordwall.net\/es\/resource\/13652173\/el-cuento-3%c2%bac\/el-cuento\"><img loading=\"lazy\" decoding=\"async\" class=\"alignnone size-medium wp-image-5823\" src=\"https:\/\/blogsaverroes.juntadeandalucia.es\/verainqueclase\/files\/2025\/08\/juego-cuento-300x178.jpg\" alt=\"\" width=\"300\" height=\"178\"><\/a><\/td>\n<td><a href=\"https:\/\/www.mundoprimaria.com\/juegos-educativos\/lengua-lit-6-1?path=juegos-premium\/10003\"><img loading=\"lazy\" decoding=\"async\" class=\"alignnone size-medium wp-image-6097\" src=\"https:\/\/blogsaverroes.juntadeandalucia.es\/verainqueclase\/files\/2025\/09\/juegos-narraciones-300x195.jpg\" alt=\"\" width=\"300\" height=\"195\"><\/a><\/td>\n<\/tr>\n<\/tbody>\n<\/table>\n<h4><strong>Los adverbios.<\/strong><\/h4>\n<p><a href=\"https:\/\/view.genially.com\/690914956de5d6bd26b25fbf\/horizontal-infographic-review-adverbios\"><img loading=\"lazy\" decoding=\"async\" class=\"alignnone wp-image-4703\" src=\"https:\/\/blogsaverroes.juntadeandalucia.es\/verainqueclase\/files\/2024\/01\/genially-los-adverbios-300x149.jpg\" alt=\"\" width=\"1029\" height=\"511\"><\/a><\/p>\n<table>\n<tbody>\n<tr>\n<td><a href=\"https:\/\/www.mundoprimaria.com\/juegos-educativos\/lengua-gra-4-4?path=juegos-premium\/8766\"><img loading=\"lazy\" decoding=\"async\" class=\"alignnone size-medium wp-image-5794\" src=\"https:\/\/blogsaverroes.juntadeandalucia.es\/verainqueclase\/files\/2025\/08\/juego-adverbios-300x178.jpg\" alt=\"\" width=\"300\" height=\"178\"><\/a><\/td>\n<td><a href=\"https:\/\/wordwall.net\/es\/resource\/36780779\/lengua-espa%c3%b1ola\/adverbios\"><img loading=\"lazy\" decoding=\"async\" class=\"alignnone size-medium wp-image-5798\" src=\"https:\/\/blogsaverroes.juntadeandalucia.es\/verainqueclase\/files\/2025\/08\/juego-adverbios-2-300x178.jpg\" alt=\"\" width=\"300\" height=\"178\"><\/a><\/td>\n<td><a href=\"https:\/\/view.genial.ly\/5eccf472572ef10daf3837de\/game-ahora-caigo-adverbios\"><img decoding=\"async\" src=\"https:\/\/blogsaverroes.juntadeandalucia.es\/verainqueclase\/files\/2020\/12\/genially-los-adverbios-4-300x162.jpg\"><\/a><\/td>\n<\/tr>\n<tr class=\"alt\">\n<td><a href=\"https:\/\/wordwall.net\/es\/resource\/7321393\/adverbios\"><img loading=\"lazy\" decoding=\"async\" class=\"size-medium wp-image-5799 aligncenter\" src=\"https:\/\/blogsaverroes.juntadeandalucia.es\/verainqueclase\/files\/2025\/08\/juego-adverbios-3-300x178.jpg\" alt=\"\" width=\"300\" height=\"178\"><\/a><\/td>\n<td><a href=\"https:\/\/wordwall.net\/es\/resource\/2429831\/adverbios\"><img decoding=\"async\" src=\"https:\/\/blogsaverroes.juntadeandalucia.es\/verainqueclase\/files\/2020\/12\/juego-adverbios-ahorcado-300x162.jpg\"><\/a><\/td>\n<td><a href=\"https:\/\/wordwall.net\/es\/resource\/2774094\/adverbios\"><img decoding=\"async\" src=\"https:\/\/blogsaverroes.juntadeandalucia.es\/verainqueclase\/files\/2020\/12\/juego-adverbios-tren-300x162.jpg\"><\/a><\/td>\n<\/tr>\n<tr>\n<td><a href=\"https:\/\/wordwall.net\/es\/resource\/2846624\/se%c3%b1ala-los-adverbios-\"><img decoding=\"async\" src=\"https:\/\/blogsaverroes.juntadeandalucia.es\/verainqueclase\/files\/2020\/12\/juego-adverbios-tiempo-300x162.jpg\"><\/a><\/td>\n<td><a href=\"https:\/\/wordwall.net\/es\/resource\/2654044\/los-adverbios\"><img decoding=\"async\" src=\"https:\/\/blogsaverroes.juntadeandalucia.es\/verainqueclase\/files\/2020\/12\/juego-adverbios-tiempo-300x162.jpg\"><\/a><\/td>\n<td><a href=\"https:\/\/wordwall.net\/es\/resource\/2846624\/se%c3%b1ala-los-adverbios-\"><img decoding=\"async\" src=\"https:\/\/blogsaverroes.juntadeandalucia.es\/verainqueclase\/files\/2020\/12\/juego-adverbios-otro-300x162.jpg\"><\/a><\/td>\n<\/tr>\n<tr class=\"alt\">\n<td><a href=\"https:\/\/wordwall.net\/es\/resource\/2846845\/clasifica-los-adverbios\"><img decoding=\"async\" src=\"https:\/\/blogsaverroes.juntadeandalucia.es\/verainqueclase\/files\/2020\/12\/juego-adverbios-otro-2-300x162.jpg\"><\/a><\/td>\n<td><a href=\"https:\/\/wordwall.net\/es\/resource\/2671467\/recuerda-los-adverbios\"><img decoding=\"async\" src=\"https:\/\/blogsaverroes.juntadeandalucia.es\/verainqueclase\/files\/2020\/12\/juego-adverbios-otro-3-300x162.jpg\"><\/a><\/td>\n<td><a href=\"https:\/\/wordwall.net\/es\/resource\/4947403\/adverbios\"><img decoding=\"async\" src=\"https:\/\/blogsaverroes.juntadeandalucia.es\/verainqueclase\/files\/2020\/12\/juego-adverbios-otro-4-300x162.jpg\"><\/a><\/td>\n<\/tr>\n<tr>\n<td><a href=\"https:\/\/view.genial.ly\/5cd6ea369d5aca0f71d677d1\/guide-el-adverbio\"><img decoding=\"async\" src=\"https:\/\/blogsaverroes.juntadeandalucia.es\/verainqueclase\/files\/2020\/12\/genially-los-adverbios-2-300x162.jpg\"><\/a><\/td>\n<td><a href=\"https:\/\/view.genial.ly\/5dcfeaf260277e0f6fe0f0f1\/presentation-lengua-categorias-gramaticales\"><img decoding=\"async\" src=\"https:\/\/blogsaverroes.juntadeandalucia.es\/verainqueclase\/files\/2020\/12\/genially-los-adverbios-3-300x162.jpg\"><\/a><\/td>\n<td>&nbsp;<\/td>\n<\/tr>\n<\/tbody>\n<\/table>\n<h4><strong>Las preposiciones y las conjunciones.<\/strong><\/h4>\n<p><a href=\"https:\/\/view.genially.com\/69091532fd6fccc8c1d8b15e\/horizontal-infographic-lists-preposiciones-conjunciones-interjecciones\"><img loading=\"lazy\" decoding=\"async\" class=\"\" src=\"https:\/\/blogsaverroes.juntadeandalucia.es\/verainqueclase\/files\/2020\/12\/genially-preposicione-300x162.jpg\" width=\"909\" height=\"491\"><\/a><\/p>\n<table>\n<tbody>\n<tr class=\"alt\">\n<td><a href=\"https:\/\/www.mundoprimaria.com\/juegos-educativos\/lengua-gra-5-1?path=juegos-premium\/7859\"><img loading=\"lazy\" decoding=\"async\" class=\"size-medium wp-image-5800 aligncenter\" src=\"https:\/\/blogsaverroes.juntadeandalucia.es\/verainqueclase\/files\/2025\/08\/juego-preposiciones-300x178.jpg\" alt=\"\" width=\"300\" height=\"178\"><\/a><\/td>\n<td><a href=\"https:\/\/www.mundoprimaria.com\/juegos-educativos\/lengua-gra-5-2?path=juegos-premium\/7871\"><img loading=\"lazy\" decoding=\"async\" class=\"alignnone size-medium wp-image-5801\" src=\"https:\/\/blogsaverroes.juntadeandalucia.es\/verainqueclase\/files\/2025\/08\/juego-conjunciones-300x178.jpg\" alt=\"\" width=\"300\" height=\"178\"><\/a><\/td>\n<td><a href=\"https:\/\/wordwall.net\/es\/resource\/16187955\/preposiciones-conjunciones-y-adverbios\"><img loading=\"lazy\" decoding=\"async\" class=\"size-medium wp-image-5802 aligncenter\" src=\"https:\/\/blogsaverroes.juntadeandalucia.es\/verainqueclase\/files\/2025\/08\/juego-preposiciones-y-conjunciones-300x178.jpg\" alt=\"\" width=\"300\" height=\"178\"><\/a><\/td>\n<\/tr>\n<tr>\n<td><a href=\"https:\/\/wordwall.net\/es\/resource\/2793512\/encuentra-10-preposiciones\"><img decoding=\"async\" src=\"https:\/\/blogsaverroes.juntadeandalucia.es\/verainqueclase\/files\/2020\/12\/juego-wordwall-preposiciones-2-300x162.jpg\"><\/a><\/td>\n<td><a href=\"https:\/\/wordwall.net\/es\/resource\/2960569\/el-tren-de-la-lengua\"><img decoding=\"async\" src=\"https:\/\/blogsaverroes.juntadeandalucia.es\/verainqueclase\/files\/2020\/12\/juego-adverbios-tren-300x162.jpg\"><\/a><\/td>\n<td><a href=\"https:\/\/wordwall.net\/es\/resource\/56862161\/preposiciones-y-conjunciones\"><img loading=\"lazy\" decoding=\"async\" class=\"size-medium wp-image-5803 aligncenter\" src=\"https:\/\/blogsaverroes.juntadeandalucia.es\/verainqueclase\/files\/2025\/08\/juego-preposiciones-y-conjunciones-2-300x178.jpg\" alt=\"\" width=\"300\" height=\"178\"><\/a><\/td>\n<\/tr>\n<tr class=\"alt\">\n<td><a href=\"https:\/\/wordwall.net\/es\/resource\/1996851\/qui%c3%a9n-es-qui%c3%a9n\"><img decoding=\"async\" src=\"https:\/\/blogsaverroes.juntadeandalucia.es\/verainqueclase\/files\/2020\/12\/juego-wordwall-preposiciones-4-300x162.jpg\"><\/a><\/td>\n<td><a href=\"https:\/\/wordwall.net\/es\/resource\/2653746\/preposiciones-y-conjunciones\"><img decoding=\"async\" src=\"https:\/\/blogsaverroes.juntadeandalucia.es\/verainqueclase\/files\/2020\/12\/juego-wordwall-preposiciones-3-300x162.jpg\"><\/a><\/td>\n<td><a href=\"https:\/\/wordwall.net\/es\/resource\/37184628\/interjecciones\"><img loading=\"lazy\" decoding=\"async\" class=\"size-medium wp-image-5804 aligncenter\" src=\"https:\/\/blogsaverroes.juntadeandalucia.es\/verainqueclase\/files\/2025\/08\/juego-interjecciones-300x178.jpg\" alt=\"\" width=\"300\" height=\"178\"><\/a><\/td>\n<\/tr>\n<\/tbody>\n<\/table>\n<h4><strong>Palabras con h.<\/strong><\/h4>\n<p><img loading=\"lazy\" decoding=\"async\" class=\"wp-image-4704 alignleft\" src=\"https:\/\/blogsaverroes.juntadeandalucia.es\/verainqueclase\/files\/2024\/01\/descarga-1-2-332x332-1-300x300.png\" alt=\"\" width=\"260\" height=\"260\"><\/p>\n<h4><strong>LA H \u2013 Se escriben con h:<\/strong><\/h4>\n<p>\u2022&nbsp;<strong>Palabras que empiezan por hia-, hie-, hue-, hui-:<\/strong>&nbsp;hiedra, hu\u00e9sped, huida.<br \/>\n\u2022&nbsp;<strong>Palabras que comienzan por hidra-, hidro-, hiper-, hipo-, hecto-, hepta-, hexa- o hemi-:&nbsp;<\/strong>hidroavi\u00f3n, hipermercado, hect\u00f3metro\u2026<\/p>\n<p>\u2022&nbsp;<strong>Formas verbales de los verbos hacer, haber, hablar, hallar y habitar.<\/strong><\/p>\n<p>&nbsp;<\/p>\n<table>\n<tbody>\n<tr>\n<td><a href=\"https:\/\/view.genial.ly\/5c72b9365d0e4e575e176858\/interactive-content-1x06-huida-de-universidad-inside-game\"><img decoding=\"async\" src=\"https:\/\/blogsaverroes.juntadeandalucia.es\/verainqueclase\/files\/2020\/12\/juego-sherlock-h-300x167.jpg\"><\/a><\/td>\n<td><a href=\"https:\/\/www.mundoprimaria.com\/juegos-educativos\/lengua-ort-2-3?path=juegos-premium\/6019\"><img loading=\"lazy\" decoding=\"async\" class=\"alignnone size-medium wp-image-5824\" src=\"https:\/\/blogsaverroes.juntadeandalucia.es\/verainqueclase\/files\/2025\/08\/juego-h-300x178.jpg\" alt=\"\" width=\"300\" height=\"178\"><\/a><\/td>\n<td><a href=\"https:\/\/www.mundoprimaria.com\/juegos-educativos\/lengua-ort-3-3?path=juegos-premium\/8662\"><img loading=\"lazy\" decoding=\"async\" class=\"alignnone size-medium wp-image-5825\" src=\"https:\/\/blogsaverroes.juntadeandalucia.es\/verainqueclase\/files\/2025\/08\/juego-hie-300x178.jpg\" alt=\"\" width=\"300\" height=\"178\"><\/a><\/td>\n<\/tr>\n<\/tbody>\n<\/table>\n","protected":false},"excerpt":{"rendered":"<p>Continuamos con los temas. Hoy partiremos de una biograf\u00eda y de un texto para aprender muchas cosas nuevas. Recordaremos que eran las abreviaturas y las siglas. Escribiremos una f\u00e1bula. Escribiremos una narraci\u00f3n. Revisaremos qu\u00e9 eran los adverbios, las preposiciones y las conjunciones. Repasaremos la ortograf\u00eda de las palabras con h. &nbsp; Las abreviaturas y las &hellip; <\/p>\n<p><a class=\"more-link btn\" href=\"https:\/\/blogsaverroes.juntadeandalucia.es\/manuroca03\/lc_u7\/\">Seguir leyendo<\/a><\/p>\n","protected":false},"author":10452,"featured_media":0,"parent":0,"menu_order":0,"comment_status":"closed","ping_status":"closed","template":"","meta":{"ngg_post_thumbnail":0,"footnotes":""},"aioseo_notices":[],"_links":{"self":[{"href":"https:\/\/blogsaverroes.juntadeandalucia.es\/manuroca03\/wp-json\/wp\/v2\/pages\/1732"}],"collection":[{"href":"https:\/\/blogsaverroes.juntadeandalucia.es\/manuroca03\/wp-json\/wp\/v2\/pages"}],"about":[{"href":"https:\/\/blogsaverroes.juntadeandalucia.es\/manuroca03\/wp-json\/wp\/v2\/types\/page"}],"author":[{"embeddable":true,"href":"https:\/\/blogsaverroes.juntadeandalucia.es\/manuroca03\/wp-json\/wp\/v2\/users\/10452"}],"replies":[{"embeddable":true,"href":"https:\/\/blogsaverroes.juntadeandalucia.es\/manuroca03\/wp-json\/wp\/v2\/comments?post=1732"}],"version-history":[{"count":3,"href":"https:\/\/blogsaverroes.juntadeandalucia.es\/manuroca03\/wp-json\/wp\/v2\/pages\/1732\/revisions"}],"predecessor-version":[{"id":2192,"href":"https:\/\/blogsaverroes.juntadeandalucia.es\/manuroca03\/wp-json\/wp\/v2\/pages\/1732\/revisions\/2192"}],"wp:attachment":[{"href":"https:\/\/blogsaverroes.juntadeandalucia.es\/manuroca03\/wp-json\/wp\/v2\/media?parent=1732"}],"curies":[{"name":"wp","href":"https:\/\/api.w.org\/{rel}","templated":true}]}}