{"id":1735,"date":"2024-02-04T15:43:00","date_gmt":"2024-02-04T15:43:00","guid":{"rendered":"https:\/\/blogsaverroes.juntadeandalucia.es\/manuroca03\/?page_id=1735"},"modified":"2024-02-04T15:56:25","modified_gmt":"2024-02-04T15:56:25","slug":"mt_u6","status":"publish","type":"page","link":"https:\/\/blogsaverroes.juntadeandalucia.es\/manuroca03\/mt_u6\/","title":{"rendered":"MT5\u00baU6. Ahorramos d\u00e9cimas de energ\u00eda"},"content":{"rendered":"<div class=\"entry-content\">\n<p>Continuamos trabajando con los n\u00fameros decimales, ahora vamos a realizar operaciones:<\/p>\n<ul>\n<li>Sumo y resto n\u00fameros decimales.<\/li>\n<li>Multiplicamos un decimal por un n\u00famero natural.<\/li>\n<li>Multiplicamos dos n\u00fameros decimales.<\/li>\n<li>Multiplicamos x10 x100 y x1000.<\/li>\n<li>Hago divisiones con cociente decimal.<\/li>\n<li>Divido un decimal entre un n\u00famero natural.<\/li>\n<li>Dividimos :10 :100 y :1000.<\/li>\n<\/ul>\n<h4><strong>Sumo y resto n\u00fameros decimales.<\/strong><\/h4>\n<p><a href=\"https:\/\/view.genial.ly\/5fce22d9b311230dad3165d5\/horizontal-infographic-review-decimales-aproximar-decimales-copia\"><img loading=\"lazy\" decoding=\"async\" class=\"\" src=\"https:\/\/blogsaverroes.juntadeandalucia.es\/verainqueclase\/files\/2020\/12\/genially-sumas-y-restas-300x168.jpg\" width=\"754\" height=\"422\"><\/a><\/p>\n<table>\n<tbody>\n<tr>\n<td><a href=\"https:\/\/www.mundoprimaria.com\/recursos-matematicas\/numeros-decimales\"><img loading=\"lazy\" decoding=\"async\" class=\"alignnone size-medium wp-image-4668\" src=\"https:\/\/blogsaverroes.juntadeandalucia.es\/verainqueclase\/files\/2024\/01\/juego-suma-decimales-300x193.jpg\" alt=\"\" width=\"300\" height=\"193\"><\/a><\/td>\n<td><a href=\"https:\/\/www.cokitos.com\/piramide-de-numeros-decimales\/play\/\"><img loading=\"lazy\" decoding=\"async\" class=\"alignnone size-medium wp-image-4695\" src=\"https:\/\/blogsaverroes.juntadeandalucia.es\/verainqueclase\/files\/2024\/01\/juego-pir%C3%A1mide-decimal-300x149.jpg\" alt=\"\" width=\"300\" height=\"149\"><\/a><\/td>\n<td><a href=\"https:\/\/www.cokitos.com\/numeros-decimales-con-el-hamster\/play\/\"><img loading=\"lazy\" decoding=\"async\" class=\"alignnone size-medium wp-image-4696\" src=\"https:\/\/blogsaverroes.juntadeandalucia.es\/verainqueclase\/files\/2024\/01\/juego-hamster-decimal-300x149.jpg\" alt=\"\" width=\"300\" height=\"149\"><\/a><\/td>\n<\/tr>\n<tr>\n<td><a href=\"https:\/\/view.genial.ly\/5dd433cb3b7a2c0f85b325e1\/game-sumes-i-restes-amb-decimals\"><img decoding=\"async\" src=\"https:\/\/blogsaverroes.juntadeandalucia.es\/verainqueclase\/files\/2020\/12\/juego-suma-y-resta-de-decimales-300x178.jpg\"><\/a><\/td>\n<td><a href=\"https:\/\/view.genial.ly\/5c921d6f68711f76b99986e8\/game-xumanji\"><img decoding=\"async\" src=\"https:\/\/blogsaverroes.juntadeandalucia.es\/verainqueclase\/files\/2020\/12\/juego-sumas-y-restas-300x178.jpg\"><\/a><\/td>\n<td><a href=\"https:\/\/www.cokitos.com\/sumas-con-decimales\/play\/\"><img loading=\"lazy\" decoding=\"async\" class=\"alignnone size-medium wp-image-4697\" src=\"https:\/\/blogsaverroes.juntadeandalucia.es\/verainqueclase\/files\/2024\/01\/juego-sumas-restas-decimales-300x149.jpg\" alt=\"\" width=\"300\" height=\"149\"><\/a><\/td>\n<\/tr>\n<tr>\n<td>&nbsp;<\/td>\n<td>&nbsp;<\/td>\n<td>&nbsp;<\/td>\n<\/tr>\n<\/tbody>\n<\/table>\n<h4><strong>Multiplicamos un decimal por un n\u00famero natural.<\/strong><\/h4>\n<p><a href=\"https:\/\/view.genial.ly\/5fce6882f4bedc0d202e2755\/horizontal-infographic-review-decimales-multiplicar-decimales-1\"><img loading=\"lazy\" decoding=\"async\" class=\"\" src=\"https:\/\/blogsaverroes.juntadeandalucia.es\/verainqueclase\/files\/2020\/12\/genially-multiplicar-300x175.jpg\" width=\"770\" height=\"449\"><\/a><\/p>\n<table>\n<tbody>\n<tr>\n<td><a href=\"https:\/\/www.mundoprimaria.com\/recursos-matematicas\/numeros-decimales\"><img decoding=\"async\" src=\"https:\/\/blogsaverroes.juntadeandalucia.es\/verainqueclase\/files\/2024\/01\/juego-suma-decimales-300x193.jpg\"><\/a><\/td>\n<td><a href=\"https:\/\/www.mundoprimaria.com\/juegos-educativos\/juegos-matematicas\/operaciones-con-decimales\"><img decoding=\"async\" src=\"https:\/\/blogsaverroes.juntadeandalucia.es\/verainqueclase\/files\/2020\/12\/operaciones-con-decimales-300x178.jpg\"><\/a><\/td>\n<td>&nbsp;<\/td>\n<\/tr>\n<tr>\n<td>&nbsp;<\/td>\n<td>&nbsp;<\/td>\n<td>&nbsp;<\/td>\n<\/tr>\n<\/tbody>\n<\/table>\n<h4><strong>Multiplicamos dos n\u00fameros decimales.<\/strong><\/h4>\n<p><a href=\"https:\/\/view.genial.ly\/5fce6ecab311230dad3170e1\/horizontal-infographic-review-decimales-multiplicar-dos-decimales\"><img loading=\"lazy\" decoding=\"async\" class=\"\" src=\"https:\/\/blogsaverroes.juntadeandalucia.es\/verainqueclase\/files\/2020\/12\/genially-multiplicar-dos-decimales-300x167.jpg\" width=\"810\" height=\"451\"><\/a><\/p>\n<h4><strong>Multiplicamos x10 x100 y x1000.<\/strong><\/h4>\n<p><a href=\"https:\/\/view.genial.ly\/659d80aba1b55c0014b5c00d\/horizontal-infographic-review-copia-decimales-multiplicar-dos-decimales\"><img loading=\"lazy\" decoding=\"async\" class=\"alignnone wp-image-4669\" src=\"https:\/\/blogsaverroes.juntadeandalucia.es\/verainqueclase\/files\/2024\/01\/genially-multiplicar-decimal-por-unidad-y-ceros-300x152.jpg\" alt=\"\" width=\"864\" height=\"438\"><\/a><\/p>\n<h4><strong>Hago divisiones con cociente decimal.<\/strong><\/h4>\n<p><a href=\"https:\/\/view.genial.ly\/65b008fe3d61110015226c83\/horizontal-infographic-review-copia-53-division-exacta-e-inexacta\"><img loading=\"lazy\" decoding=\"async\" class=\"alignnone wp-image-4691\" src=\"https:\/\/blogsaverroes.juntadeandalucia.es\/verainqueclase\/files\/2024\/01\/genially-dividir-sacando-decimales-300x149.jpg\" alt=\"\" width=\"815\" height=\"405\"><\/a><\/p>\n<h4><strong>Divido un decimal entre un n\u00famero natural.<\/strong><\/h4>\n<p><a href=\"https:\/\/view.genial.ly\/5fce715134487c74a6da96e9\/horizontal-infographic-review-decimales-dividir-un-numero-natural-por-un-decimal\"><img loading=\"lazy\" decoding=\"async\" class=\"\" src=\"https:\/\/blogsaverroes.juntadeandalucia.es\/verainqueclase\/files\/2020\/12\/genially-divisi%C3%B3n-1-300x167.jpg\" width=\"841\" height=\"468\"><\/a><\/p>\n<table>\n<tbody>\n<tr>\n<td><a href=\"https:\/\/www.mundoprimaria.com\/juegos-educativos\/juegos-matematicas\/operaciones-con-decimales-2\"><img decoding=\"async\" src=\"https:\/\/blogsaverroes.juntadeandalucia.es\/verainqueclase\/files\/2020\/12\/operaciones-con-decimales-divisi%C3%B3n-300x178.jpg\"><\/a><\/td>\n<td><a href=\"https:\/\/www.mundoprimaria.com\/recursos-matematicas\/numeros-decimales\"><img decoding=\"async\" src=\"https:\/\/blogsaverroes.juntadeandalucia.es\/verainqueclase\/files\/2024\/01\/juego-suma-decimales-300x193.jpg\"><\/a><\/td>\n<td>&nbsp;<\/td>\n<\/tr>\n<\/tbody>\n<\/table>\n<h4><strong>Dividimos :10 :100 y :1000.<\/strong><\/h4>\n<p><a href=\"https:\/\/view.genial.ly\/659d822045149f0015606a48\/horizontal-infographic-review-copia-copia-decimales-multiplicar-dos-decimales\"><img loading=\"lazy\" decoding=\"async\" class=\"alignnone wp-image-4670\" src=\"https:\/\/blogsaverroes.juntadeandalucia.es\/verainqueclase\/files\/2024\/01\/genially-dividir-decimal-por-unidad-y-ceros-300x152.jpg\" alt=\"\" width=\"774\" height=\"392\"><\/a><\/p>\n<table>\n<tbody>\n<tr>\n<td><a href=\"https:\/\/wordwall.net\/es\/resource\/17054577\"><img loading=\"lazy\" decoding=\"async\" class=\"alignnone size-medium wp-image-4692\" src=\"https:\/\/blogsaverroes.juntadeandalucia.es\/verainqueclase\/files\/2024\/01\/juego-multiplicar-y-dividir-decimales-300x149.jpg\" alt=\"\" width=\"300\" height=\"149\"><\/a><\/td>\n<td><a href=\"https:\/\/wordwall.net\/es\/resource\/4019299\"><img loading=\"lazy\" decoding=\"async\" class=\"alignnone size-medium wp-image-4693\" src=\"https:\/\/blogsaverroes.juntadeandalucia.es\/verainqueclase\/files\/2024\/01\/juego-multiplicar-y-dividir-decimales-2-300x149.jpg\" alt=\"\" width=\"300\" height=\"149\"><\/a><\/td>\n<td>&nbsp;<\/td>\n<\/tr>\n<tr>\n<td>&nbsp;<\/td>\n<td>&nbsp;<\/td>\n<td>&nbsp;<\/td>\n<\/tr>\n<\/tbody>\n<\/table>\n<p><strong>Operaciones con decimales<\/strong><\/p>\n<table>\n<tbody>\n<tr>\n<td><a href=\"https:\/\/view.genial.ly\/5df11cb553fd280f7d07ac95\/interactive-content-dragon-ballcombinadas\"><img decoding=\"async\" src=\"https:\/\/blogsaverroes.juntadeandalucia.es\/verainqueclase\/files\/2020\/12\/juego-operaciones-combinadas-300x178.jpg\"><\/a><\/td>\n<td><a href=\"https:\/\/view.genial.ly\/5e80ccde50a0310d8c3518bf\/game-problemas-decimales\"><img decoding=\"async\" src=\"https:\/\/blogsaverroes.juntadeandalucia.es\/verainqueclase\/files\/2020\/12\/juego-problemas-300x178.jpg\"><\/a><\/td>\n<td><a href=\"https:\/\/view.genial.ly\/5c43753a68cf4e1f86676d23\/interactive-content-consurso-videojuego\"><img decoding=\"async\" src=\"https:\/\/blogsaverroes.juntadeandalucia.es\/verainqueclase\/files\/2020\/12\/juego-decimales-300x178.jpg\"><\/a><\/td>\n<\/tr>\n<tr>\n<td><a href=\"https:\/\/view.genial.ly\/5e60d1bcc1a7970fc7de20a8\/game-breakout-taj-mahal\"><img decoding=\"async\" src=\"https:\/\/blogsaverroes.juntadeandalucia.es\/verainqueclase\/files\/2020\/12\/juego-decimales-2-300x178.jpg\"><\/a><\/td>\n<td><a href=\"https:\/\/www.cokitos.com\/operaciones-con-decimales\/play\/\"><img loading=\"lazy\" decoding=\"async\" class=\"alignnone size-medium wp-image-4694\" src=\"https:\/\/blogsaverroes.juntadeandalucia.es\/verainqueclase\/files\/2024\/01\/juego-calculo-mental-decimales-300x149.jpg\" alt=\"\" width=\"300\" height=\"149\"><\/a><\/td>\n<td>&nbsp;<\/td>\n<\/tr>\n<\/tbody>\n<\/table>\n<\/div>\n","protected":false},"excerpt":{"rendered":"<p>Continuamos trabajando con los n\u00fameros decimales, ahora vamos a realizar operaciones: Sumo y resto n\u00fameros decimales. Multiplicamos un decimal por un n\u00famero natural. Multiplicamos dos n\u00fameros decimales. Multiplicamos x10 x100 y x1000. Hago divisiones con cociente decimal. Divido un decimal entre un n\u00famero natural. Dividimos :10 :100 y :1000. Sumo y resto n\u00fameros decimales. &nbsp; &hellip; <\/p>\n<p><a class=\"more-link btn\" href=\"https:\/\/blogsaverroes.juntadeandalucia.es\/manuroca03\/mt_u6\/\">Seguir leyendo<\/a><\/p>\n","protected":false},"author":10452,"featured_media":0,"parent":0,"menu_order":0,"comment_status":"closed","ping_status":"closed","template":"","meta":{"ngg_post_thumbnail":0,"footnotes":""},"aioseo_notices":[],"_links":{"self":[{"href":"https:\/\/blogsaverroes.juntadeandalucia.es\/manuroca03\/wp-json\/wp\/v2\/pages\/1735"}],"collection":[{"href":"https:\/\/blogsaverroes.juntadeandalucia.es\/manuroca03\/wp-json\/wp\/v2\/pages"}],"about":[{"href":"https:\/\/blogsaverroes.juntadeandalucia.es\/manuroca03\/wp-json\/wp\/v2\/types\/page"}],"author":[{"embeddable":true,"href":"https:\/\/blogsaverroes.juntadeandalucia.es\/manuroca03\/wp-json\/wp\/v2\/users\/10452"}],"replies":[{"embeddable":true,"href":"https:\/\/blogsaverroes.juntadeandalucia.es\/manuroca03\/wp-json\/wp\/v2\/comments?post=1735"}],"version-history":[{"count":2,"href":"https:\/\/blogsaverroes.juntadeandalucia.es\/manuroca03\/wp-json\/wp\/v2\/pages\/1735\/revisions"}],"predecessor-version":[{"id":1751,"href":"https:\/\/blogsaverroes.juntadeandalucia.es\/manuroca03\/wp-json\/wp\/v2\/pages\/1735\/revisions\/1751"}],"wp:attachment":[{"href":"https:\/\/blogsaverroes.juntadeandalucia.es\/manuroca03\/wp-json\/wp\/v2\/media?parent=1735"}],"curies":[{"name":"wp","href":"https:\/\/api.w.org\/{rel}","templated":true}]}}