{"id":1894,"date":"2024-11-10T18:21:03","date_gmt":"2024-11-10T18:21:03","guid":{"rendered":"https:\/\/blogsaverroes.juntadeandalucia.es\/manuroca03\/?page_id=1894"},"modified":"2024-12-07T10:32:41","modified_gmt":"2024-12-07T10:32:41","slug":"u3-mates","status":"publish","type":"page","link":"https:\/\/blogsaverroes.juntadeandalucia.es\/manuroca03\/u3-mates\/","title":{"rendered":"MT6\u00baU3. Conectados."},"content":{"rendered":"<p>Ya estamos en la unidad 3. En ella vamos a repasar qu\u00e9 eran las potencias.&nbsp;<\/p>\n<p>Recordaremos las potencias al cuadrado y al cubo.<\/p>\n<p>Aprenderemos a hacer las ra\u00edces cuadradas.<\/p>\n<p>Calcularemos potencias de base 10.<\/p>\n<p>\u00bfEst\u00e1is preparados?. Pues empezamos.<\/p>\n<h4><strong>CONOZCO LAS POTENCIAS<\/strong><\/h4>\n<p>Una potencia es una multiplicaci\u00f3n de factores iguales.<\/p>\n<p><a href=\"https:\/\/view.genial.ly\/5f8ad72401a73210ef118829\/vertical-infographic-genially-sin-titulo\"><img loading=\"lazy\" decoding=\"async\" class=\"\" src=\"https:\/\/blogsaverroes.juntadeandalucia.es\/verainqueclase\/files\/2020\/10\/las-potencias-genially-300x232.jpg\" width=\"957\" height=\"740\"><\/a><\/p>\n<table>\n<tbody>\n<tr>\n<td><a href=\"https:\/\/view.genial.ly\/5f8ad72401a73210ef118829\/vertical-infographic-genially-sin-titulo\"><img decoding=\"async\" src=\"https:\/\/blogsaverroes.juntadeandalucia.es\/verainqueclase\/files\/2020\/10\/potencias-laberinto-300x169.jpg\"><\/a><\/td>\n<td><a href=\"https:\/\/wordwall.net\/es\/resource\/2542493\"><img decoding=\"async\" src=\"https:\/\/blogsaverroes.juntadeandalucia.es\/verainqueclase\/files\/2020\/11\/juego-potencias-worwall-300x164.jpg\"><\/a><\/td>\n<td><a href=\"https:\/\/wordwall.net\/es\/resource\/2859499\"><img decoding=\"async\" src=\"https:\/\/blogsaverroes.juntadeandalucia.es\/verainqueclase\/files\/2020\/11\/juego-potencias-worwall-3-300x164.jpg\"><\/a><\/td>\n<\/tr>\n<tr>\n<td><a href=\"https:\/\/www.mundoprimaria.com\/juegos-educativos\/jueg-mat-num-193\"><img loading=\"lazy\" decoding=\"async\" class=\"alignnone size-medium wp-image-5108\" src=\"https:\/\/blogsaverroes.juntadeandalucia.es\/verainqueclase\/files\/2024\/10\/juego-potencias-300x230.jpg\" alt=\"\" width=\"300\" height=\"230\"><\/a><\/td>\n<td><a href=\"https:\/\/www.mundoprimaria.com\/juegos-educativos\/jueg-mat-pbm-33\"><img loading=\"lazy\" decoding=\"async\" class=\"alignnone size-medium wp-image-5109\" src=\"https:\/\/blogsaverroes.juntadeandalucia.es\/verainqueclase\/files\/2024\/10\/juego-potencias-2-300x230.jpg\" alt=\"\" width=\"300\" height=\"230\"><\/a><\/td>\n<td><a href=\"https:\/\/www.mundoprimaria.com\/juegos-educativos\/jueg-mat-num-192\"><img loading=\"lazy\" decoding=\"async\" class=\"alignnone size-medium wp-image-5110\" src=\"https:\/\/blogsaverroes.juntadeandalucia.es\/verainqueclase\/files\/2024\/10\/juego-potencias-3-300x230.jpg\" alt=\"\" width=\"300\" height=\"230\"><\/a><\/td>\n<\/tr>\n<\/tbody>\n<\/table>\n<h4><strong>CUADRADOS Y CUBOS.<\/strong><\/h4>\n<p><a href=\"https:\/\/view.genial.ly\/5f8b165b01a73210ef118d44\/horizontal-infographic-lists-genially-sin-titulo\"><img loading=\"lazy\" decoding=\"async\" class=\"\" src=\"https:\/\/blogsaverroes.juntadeandalucia.es\/verainqueclase\/files\/2020\/10\/cuadrados-y-cubos-300x166.jpg\" width=\"1043\" height=\"577\"><\/a><\/p>\n<table>\n<tbody>\n<tr>\n<td><a href=\"https:\/\/wordwall.net\/es\/resource\/5057630\"><img decoding=\"async\" src=\"https:\/\/blogsaverroes.juntadeandalucia.es\/verainqueclase\/files\/2020\/11\/juego-potencias-worwall-2-300x164.jpg\"><\/a><\/td>\n<td><a href=\"https:\/\/wordwall.net\/es\/resource\/4761991\"><img decoding=\"async\" src=\"https:\/\/blogsaverroes.juntadeandalucia.es\/verainqueclase\/files\/2020\/11\/juego-potencias-worwall-5-300x164.jpg\"><\/a><\/td>\n<td><a href=\"https:\/\/www.mundoprimaria.com\/juegos-educativos\/jueg-mat-num-159\"><img loading=\"lazy\" decoding=\"async\" class=\"alignnone wp-image-5113\" src=\"https:\/\/blogsaverroes.juntadeandalucia.es\/verainqueclase\/files\/2024\/10\/juego-potencias-cuadrado-300x230.jpg\" alt=\"\" width=\"180\" height=\"139\"><\/a><\/td>\n<\/tr>\n<\/tbody>\n<\/table>\n<h4><strong>LAS RA\u00cdCES CUADRADAS.<\/strong><\/h4>\n<p>La ra\u00edz cuadrada de un n\u00famero es otro n\u00famero que, elevado al cuadrado, es igual al primero.<\/p>\n<p><a href=\"https:\/\/view.genially.com\/67138735a9f6d0745ad38753\/interactive-content-63-raiz-cuadrada\"><img loading=\"lazy\" decoding=\"async\" class=\"alignnone wp-image-5114\" src=\"https:\/\/blogsaverroes.juntadeandalucia.es\/verainqueclase\/files\/2024\/10\/genially-raiz-cuadrada-300x164.jpg\" alt=\"\" width=\"968\" height=\"529\"><\/a><\/p>\n<table>\n<tbody>\n<tr>\n<td><a href=\"https:\/\/www.mundoprimaria.com\/juegos-educativos\/juegos-matematicas\/raices-cuadradas\"><img decoding=\"async\" src=\"https:\/\/blogsaverroes.juntadeandalucia.es\/verainqueclase\/files\/2020\/10\/juego-potencias-ra%C3%ADces-cuadradas-1-300x236.jpg\"><\/a><\/td>\n<td><a href=\"https:\/\/www.mundoprimaria.com\/juegos-educativos\/juegos-matematicas\/raices-cuadradas-2\"><img decoding=\"async\" src=\"https:\/\/blogsaverroes.juntadeandalucia.es\/verainqueclase\/files\/2020\/10\/juego-potencias-ra%C3%ADces-cuadradas-2-300x236.jpg\"><\/a><\/td>\n<td><a href=\"https:\/\/wordwall.net\/es\/resource\/3619775\"><img decoding=\"async\" src=\"https:\/\/blogsaverroes.juntadeandalucia.es\/verainqueclase\/files\/2020\/11\/juego-raices-cuadradas-wordwall-3-300x164.jpg\"><\/a><\/td>\n<\/tr>\n<tr>\n<td><a href=\"https:\/\/www.mundoprimaria.com\/juegos-educativos\/jueg-mat-num-216\"><img loading=\"lazy\" decoding=\"async\" class=\"alignnone size-medium wp-image-5124\" src=\"https:\/\/blogsaverroes.juntadeandalucia.es\/verainqueclase\/files\/2024\/10\/juego-raices-cuadradas-300x164.jpg\" alt=\"\" width=\"300\" height=\"164\"><\/a><\/td>\n<td>&nbsp;<\/td>\n<td>&nbsp;<\/td>\n<\/tr>\n<\/tbody>\n<\/table>\n<h4><strong>POTENCIAS DE BASE DIEZ<\/strong><\/h4>\n<p>Las potencias de base 10, son como su nombre indica, las que tienen un 10 en la base, y de exponente cualquier n\u00famero.<\/p>\n<p><a href=\"https:\/\/view.genially.com\/67139344604afe46589a5206\/interactive-content-63-potencias-de-base-10\"><img loading=\"lazy\" decoding=\"async\" class=\"alignnone wp-image-5116\" src=\"https:\/\/blogsaverroes.juntadeandalucia.es\/verainqueclase\/files\/2024\/10\/genially-potencia-base-10-300x164.jpg\" alt=\"\" width=\"944\" height=\"516\"><\/a><\/p>\n<table>\n<tbody>\n<tr>\n<td><a href=\"https:\/\/wordwall.net\/es\/resource\/4961191\"><img loading=\"lazy\" decoding=\"async\" class=\"alignnone size-medium wp-image-943\" src=\"https:\/\/blogsaverroes.juntadeandalucia.es\/verainqueclase\/files\/2020\/11\/juego-potencias-worwall-4-300x164.jpg\" alt=\"\" width=\"300\" height=\"164\"><\/a><\/td>\n<td><a href=\"https:\/\/wordwall.net\/es\/resource\/2868870\"><img loading=\"lazy\" decoding=\"async\" class=\"alignnone size-medium wp-image-946\" src=\"https:\/\/blogsaverroes.juntadeandalucia.es\/verainqueclase\/files\/2020\/11\/juego-potencias-worwall-7-300x164.jpg\" alt=\"\" width=\"300\" height=\"164\"><\/a><\/td>\n<td><a href=\"https:\/\/www.mundoprimaria.com\/juegos-educativos\/jueg-mat-num-213\"><img loading=\"lazy\" decoding=\"async\" class=\"alignnone size-medium wp-image-5118\" src=\"https:\/\/blogsaverroes.juntadeandalucia.es\/verainqueclase\/files\/2024\/10\/juego-potencias-base-10-300x164.jpg\" alt=\"\" width=\"300\" height=\"164\"><\/a><\/td>\n<\/tr>\n<tr>\n<td><a href=\"https:\/\/www.mundoprimaria.com\/juegos-educativos\/jueg-mat-num-175\"><img loading=\"lazy\" decoding=\"async\" class=\"alignnone size-medium wp-image-5120\" src=\"https:\/\/blogsaverroes.juntadeandalucia.es\/verainqueclase\/files\/2024\/10\/juego-potencias-base-10-2-300x164.jpg\" alt=\"\" width=\"300\" height=\"164\"><\/a><\/td>\n<td><a href=\"https:\/\/www.mundoprimaria.com\/juegos-educativos\/jueg-mat-num-160\"><img loading=\"lazy\" decoding=\"async\" class=\"alignnone size-medium wp-image-5121\" src=\"https:\/\/blogsaverroes.juntadeandalucia.es\/verainqueclase\/files\/2024\/10\/juego-potencias-base-10-3-300x164.jpg\" alt=\"\" width=\"300\" height=\"164\"><\/a><\/td>\n<td><a href=\"https:\/\/www.mundoprimaria.com\/juegos-educativos\/juegos-matematicas\/juego-de-potencias-de-base-10-102\"><img loading=\"lazy\" decoding=\"async\" class=\"alignnone size-medium wp-image-5122\" src=\"https:\/\/blogsaverroes.juntadeandalucia.es\/verainqueclase\/files\/2024\/10\/juego-potencias-base-10-4-300x164.jpg\" alt=\"\" width=\"300\" height=\"164\"><\/a><\/td>\n<\/tr>\n<tr>\n<td><a href=\"https:\/\/www.mundoprimaria.com\/juegos-educativos\/juegos-matematicas\/juego-de-potencias-de-base-10-101\"><img loading=\"lazy\" decoding=\"async\" class=\"alignnone size-medium wp-image-5123\" src=\"https:\/\/blogsaverroes.juntadeandalucia.es\/verainqueclase\/files\/2024\/10\/juego-potencias-base-10-5-300x164.jpg\" alt=\"\" width=\"300\" height=\"164\"><\/a><\/td>\n<td>&nbsp;<\/td>\n<\/tr>\n<\/tbody>\n<\/table>\n","protected":false},"excerpt":{"rendered":"<p>Ya estamos en la unidad 3. En ella vamos a repasar qu\u00e9 eran las potencias.&nbsp; Recordaremos las potencias al cuadrado y al cubo. Aprenderemos a hacer las ra\u00edces cuadradas. Calcularemos potencias de base 10. \u00bfEst\u00e1is preparados?. Pues empezamos. CONOZCO LAS POTENCIAS Una potencia es una multiplicaci\u00f3n de factores iguales. CUADRADOS Y CUBOS. LAS RA\u00cdCES CUADRADAS. &hellip; <\/p>\n<p><a class=\"more-link btn\" href=\"https:\/\/blogsaverroes.juntadeandalucia.es\/manuroca03\/u3-mates\/\">Seguir leyendo<\/a><\/p>\n","protected":false},"author":10452,"featured_media":0,"parent":0,"menu_order":0,"comment_status":"closed","ping_status":"closed","template":"","meta":{"ngg_post_thumbnail":0,"footnotes":""},"aioseo_notices":[],"_links":{"self":[{"href":"https:\/\/blogsaverroes.juntadeandalucia.es\/manuroca03\/wp-json\/wp\/v2\/pages\/1894"}],"collection":[{"href":"https:\/\/blogsaverroes.juntadeandalucia.es\/manuroca03\/wp-json\/wp\/v2\/pages"}],"about":[{"href":"https:\/\/blogsaverroes.juntadeandalucia.es\/manuroca03\/wp-json\/wp\/v2\/types\/page"}],"author":[{"embeddable":true,"href":"https:\/\/blogsaverroes.juntadeandalucia.es\/manuroca03\/wp-json\/wp\/v2\/users\/10452"}],"replies":[{"embeddable":true,"href":"https:\/\/blogsaverroes.juntadeandalucia.es\/manuroca03\/wp-json\/wp\/v2\/comments?post=1894"}],"version-history":[{"count":3,"href":"https:\/\/blogsaverroes.juntadeandalucia.es\/manuroca03\/wp-json\/wp\/v2\/pages\/1894\/revisions"}],"predecessor-version":[{"id":1905,"href":"https:\/\/blogsaverroes.juntadeandalucia.es\/manuroca03\/wp-json\/wp\/v2\/pages\/1894\/revisions\/1905"}],"wp:attachment":[{"href":"https:\/\/blogsaverroes.juntadeandalucia.es\/manuroca03\/wp-json\/wp\/v2\/media?parent=1894"}],"curies":[{"name":"wp","href":"https:\/\/api.w.org\/{rel}","templated":true}]}}