{"id":1916,"date":"2024-12-07T10:41:52","date_gmt":"2024-12-07T10:41:52","guid":{"rendered":"https:\/\/blogsaverroes.juntadeandalucia.es\/manuroca03\/?page_id=1916"},"modified":"2024-12-07T10:56:45","modified_gmt":"2024-12-07T10:56:45","slug":"u4_mt_6oep","status":"publish","type":"page","link":"https:\/\/blogsaverroes.juntadeandalucia.es\/manuroca03\/u4_mt_6oep\/","title":{"rendered":"MT6\u00baU4. Nos unimos al consumo responsable."},"content":{"rendered":"<p>Bienvenidos a la unidad 4 de matem\u00e1ticas. En ella repasaremos los n\u00fameros decimales.<\/p>\n<p>Compararemos decimales y los redondearemos. Y tambi\u00e9n haremos operaciones con n\u00fameros decimales.<\/p>\n<h4><strong>COMPRENDO Y CONOZCO LOS N\u00daMEROS DECIMALES<\/strong><\/h4>\n<p><a href=\"https:\/\/view.genially.com\/5fce18fd34487c74a6da89dc\/horizontal-infographic-review-decimales-ordenes-de-unidades\"><img loading=\"lazy\" decoding=\"async\" class=\"\" src=\"https:\/\/blogsaverroes.juntadeandalucia.es\/verainqueclase\/files\/2020\/12\/genially-ordenes-decimales-300x167.jpg\" width=\"808\" height=\"450\"><\/a><\/p>\n<p><a href=\"https:\/\/view.genially.com\/657058b8ea3876001435b3a0\/horizontal-infographic-review-decimales-presentacion\"><img loading=\"lazy\" decoding=\"async\" class=\"\" src=\"https:\/\/blogsaverroes.juntadeandalucia.es\/verainqueclase\/files\/2023\/12\/genially-presentaci%C3%B3n-300x157.jpg\" width=\"915\" height=\"479\"><\/a><\/p>\n<table>\n<tbody>\n<tr>\n<td><a href=\"https:\/\/www.mundoprimaria.com\/recursos-matematicas\/numeros-decimales\"><img decoding=\"async\" src=\"https:\/\/blogsaverroes.juntadeandalucia.es\/verainqueclase\/files\/2023\/12\/juego-decimales-300x209.jpg\"><\/a><\/td>\n<td><a href=\"https:\/\/www.mundoprimaria.com\/juegos-educativos\/jueg-mat-num-95\"><img decoding=\"async\" src=\"https:\/\/blogsaverroes.juntadeandalucia.es\/verainqueclase\/files\/2023\/02\/juego-d%C3%A9cimas-y-cent%C3%A9simas-300x163.jpg\"><\/a><\/td>\n<td><a href=\"https:\/\/www.mundoprimaria.com\/juegos-educativos\/jueg-mat-num-130\"><img decoding=\"async\" src=\"https:\/\/blogsaverroes.juntadeandalucia.es\/verainqueclase\/files\/2023\/02\/juego-n%C3%BAmeros-decimales-300x163.jpg\"><\/a><\/td>\n<\/tr>\n<tr>\n<td><a href=\"https:\/\/wordwall.net\/es\/resource\/52207303\/matem%c3%a1ticas\/n%c2%ba-decimales\"><img decoding=\"async\" src=\"https:\/\/blogsaverroes.juntadeandalucia.es\/verainqueclase\/files\/2023\/02\/juego-n%C3%BAmeros-decimales-2-300x163.jpg\"><\/a><\/td>\n<td><a href=\"https:\/\/wordwall.net\/es\/resource\/15947252\/decimales\"><img decoding=\"async\" src=\"https:\/\/wordwallscreens.azureedge.net\/400\/e96ea0934b9048deafc86d4ff9249a14_0\" alt=\"Decimales\"><\/a><\/td>\n<td><a href=\"https:\/\/wordwall.net\/es\/resource\/3534602\/decimales\"><img decoding=\"async\" src=\"https:\/\/wordwallscreens.azureedge.net\/400\/bb0b7931f38649a1ab1f3cbad3ff5f7b_0\" alt=\"Decimales\"><\/a><\/td>\n<\/tr>\n<tr>\n<td><a href=\"https:\/\/wordwall.net\/es\/resource\/2553133\/numeros-decimales\"><img decoding=\"async\" src=\"https:\/\/wordwallscreens.azureedge.net\/400\/b79c84dc9c8944c4ade23760c1c37fc4_0\" alt=\"Numeros Decimales\"><\/a><\/td>\n<td><a href=\"https:\/\/wordwall.net\/es\/resource\/942126\/empezamos-los-decimales\"><img decoding=\"async\" src=\"https:\/\/wordwallscreens.azureedge.net\/400\/90eb41d06eeb4bbba5a1c1bc0a8bdc02\" alt=\"Empezamos los decimales\"><\/a><\/td>\n<td>&nbsp;<\/td>\n<\/tr>\n<\/tbody>\n<\/table>\n<h4><strong>COMPARO LOS N\u00daMEROS DECIMALES<\/strong><\/h4>\n<p><a href=\"https:\/\/view.genially.com\/5fce1db4185a0d0d977cccbe\/horizontal-infographic-review-decimales-comparar-decimales\"><img loading=\"lazy\" decoding=\"async\" class=\"\" src=\"https:\/\/blogsaverroes.juntadeandalucia.es\/verainqueclase\/files\/2020\/12\/genially-comparaci%C3%B3n-decimales-300x178.jpg\" width=\"833\" height=\"494\"><\/a><\/p>\n<table>\n<tbody>\n<tr>\n<td><a href=\"https:\/\/www.mundoprimaria.com\/juegos-educativos\/jueg-mat-num-97\"><img decoding=\"async\" src=\"https:\/\/blogsaverroes.juntadeandalucia.es\/verainqueclase\/files\/2023\/02\/juego-comparaci%C3%B3n-decimales-300x163.jpg\"><\/a><\/td>\n<td><a href=\"https:\/\/www.mundoprimaria.com\/juegos-educativos\/jueg-mat-num-132\"><img decoding=\"async\" src=\"https:\/\/blogsaverroes.juntadeandalucia.es\/verainqueclase\/files\/2023\/02\/juego-comparaci%C3%B3n-decimales-2-300x163.jpg\"><\/a><\/td>\n<td><a href=\"https:\/\/www.mundoprimaria.com\/juegos-educativos\/jueg-mat-num-167\"><img decoding=\"async\" src=\"https:\/\/blogsaverroes.juntadeandalucia.es\/verainqueclase\/files\/2023\/02\/juego-comparaci%C3%B3n-decimales-3-300x163.jpg\"><\/a><\/td>\n<\/tr>\n<tr>\n<td><a href=\"https:\/\/wordwall.net\/es\/resource\/9708447\/comparar-n%c3%bameros-decimales\"><img decoding=\"async\" src=\"https:\/\/blogsaverroes.juntadeandalucia.es\/verainqueclase\/files\/2023\/02\/juego-comparaci%C3%B3n-decimales-4-300x163.jpg\"><\/a><\/td>\n<td><a href=\"https:\/\/wordwall.net\/es\/resource\/4440128\/n%c3%bameros-decimales\"><img decoding=\"async\" src=\"https:\/\/wordwallscreens.azureedge.net\/400\/9395914ebc2d4eb69aafbf7e4e3113b4_0\" alt=\"N\u00fameros decimales\"><\/a><\/td>\n<td><a href=\"https:\/\/wordwall.net\/es\/resource\/2554668\/ordenar-numeros-decimales\"><img decoding=\"async\" src=\"https:\/\/wordwallscreens.azureedge.net\/400\/ceaba251d4de464c9410cd24fbcf46e3_0\" alt=\"Ordenar numeros decimales\"><\/a><\/td>\n<\/tr>\n<tr>\n<td><a href=\"https:\/\/www.mundoprimaria.com\/recursos-matematicas\/numeros-decimales\"><img decoding=\"async\" src=\"https:\/\/blogsaverroes.juntadeandalucia.es\/verainqueclase\/files\/2023\/12\/juego-decimales-300x209.jpg\"><\/a><\/td>\n<td><a href=\"https:\/\/www.mundoprimaria.com\/juegos-educativos\/jueg-mat-num-167\"><img loading=\"lazy\" decoding=\"async\" class=\"alignnone size-medium wp-image-5140\" src=\"https:\/\/blogsaverroes.juntadeandalucia.es\/verainqueclase\/files\/2024\/10\/juego-comparar-decimales-300x164.jpg\" alt=\"\" width=\"300\" height=\"164\"><\/a><\/td>\n<td>&nbsp;<\/td>\n<\/tr>\n<\/tbody>\n<\/table>\n<h4><strong>REDONDEO DE N\u00daMEROS DECIMALES<\/strong><\/h4>\n<p><a href=\"https:\/\/view.genially.com\/5fce1ff1b311230dad316553\/horizontal-infographic-review-decimales-aproximar-decimales\"><img loading=\"lazy\" decoding=\"async\" class=\"\" src=\"https:\/\/blogsaverroes.juntadeandalucia.es\/verainqueclase\/files\/2020\/12\/genially-redondear-300x170.jpg\" width=\"852\" height=\"483\"><\/a><\/p>\n<table>\n<tbody>\n<tr>\n<td><a href=\"https:\/\/www.mundoprimaria.com\/juegos-educativos\/jueg-mat-num-96\"><img decoding=\"async\" src=\"https:\/\/blogsaverroes.juntadeandalucia.es\/verainqueclase\/files\/2023\/02\/juego-decimales-recta-num%C3%A9rica-300x163.jpg\"><\/a><\/td>\n<td><a href=\"https:\/\/www.mundoprimaria.com\/juegos-educativos\/jueg-mat-num-131\"><img decoding=\"async\" src=\"https:\/\/blogsaverroes.juntadeandalucia.es\/verainqueclase\/files\/2023\/02\/juego-decimales-recta-num%C3%A9rica-1-300x163.jpg\"><\/a><\/td>\n<td><a href=\"https:\/\/www.mundoprimaria.com\/juegos-educativos\/jueg-mat-num-133\"><img decoding=\"async\" src=\"https:\/\/blogsaverroes.juntadeandalucia.es\/verainqueclase\/files\/2023\/02\/juego-aproximaci%C3%B3n-decimales-300x163.jpg\"><\/a><\/td>\n<\/tr>\n<tr>\n<td><a href=\"https:\/\/www.mundoprimaria.com\/recursos-matematicas\/numeros-decimales\"><img decoding=\"async\" src=\"https:\/\/blogsaverroes.juntadeandalucia.es\/verainqueclase\/files\/2023\/12\/juego-decimales-300x209.jpg\"><\/a><\/td>\n<td>&nbsp;<\/td>\n<td>&nbsp;<\/td>\n<\/tr>\n<\/tbody>\n<\/table>\n<h4><strong>SUMO Y RESTO N\u00daMEROS DECIMALES<\/strong><\/h4>\n<p><a href=\"https:\/\/view.genially.com\/5fce22d9b311230dad3165d5\/horizontal-infographic-review-decimales-aproximar-decimales-copia\"><img loading=\"lazy\" decoding=\"async\" class=\"\" src=\"https:\/\/blogsaverroes.juntadeandalucia.es\/verainqueclase\/files\/2020\/12\/genially-sumas-y-restas-300x168.jpg\" width=\"1189\" height=\"666\"><\/a><\/p>\n<table>\n<tbody>\n<tr>\n<td><a href=\"https:\/\/view.genially.com\/5dd433cb3b7a2c0f85b325e1\/game-sumes-i-restes-amb-decimals\"><img decoding=\"async\" src=\"https:\/\/blogsaverroes.juntadeandalucia.es\/verainqueclase\/files\/2020\/12\/juego-suma-y-resta-de-decimales-300x178.jpg\"><\/a><\/td>\n<td><a href=\"https:\/\/view.genially.com\/5c921d6f68711f76b99986e8\/game-xumanji\"><img decoding=\"async\" src=\"https:\/\/blogsaverroes.juntadeandalucia.es\/verainqueclase\/files\/2020\/12\/juego-sumas-y-restas-300x178.jpg\"><\/a><\/td>\n<td><a href=\"https:\/\/www.mundoprimaria.com\/juegos-educativos\/jueg-mat-num-178\"><img loading=\"lazy\" decoding=\"async\" class=\"alignnone size-medium wp-image-5142\" src=\"https:\/\/blogsaverroes.juntadeandalucia.es\/verainqueclase\/files\/2024\/10\/juego-sumo-y-resto-decimales-300x164.jpg\" alt=\"\" width=\"300\" height=\"164\"><\/a><\/td>\n<\/tr>\n<tr>\n<td><a href=\"https:\/\/www.mundoprimaria.com\/juegos-educativos\/jueg-mat-num-152\"><img loading=\"lazy\" decoding=\"async\" class=\"alignnone size-medium wp-image-5143\" src=\"https:\/\/blogsaverroes.juntadeandalucia.es\/verainqueclase\/files\/2024\/10\/juego-sumo-y-resto-decimales-2-300x164.jpg\" alt=\"\" width=\"300\" height=\"164\"><\/a><\/td>\n<td><a href=\"https:\/\/www.mundoprimaria.com\/recursos-matematicas\/numeros-decimales\"><img decoding=\"async\" src=\"https:\/\/blogsaverroes.juntadeandalucia.es\/verainqueclase\/files\/2024\/01\/juego-suma-decimales-300x193.jpg\"><\/a><\/td>\n<td><a href=\"https:\/\/www.cokitos.com\/numeros-decimales-con-el-hamster\/play\/\"><img decoding=\"async\" src=\"https:\/\/blogsaverroes.juntadeandalucia.es\/verainqueclase\/files\/2024\/01\/juego-hamster-decimal-300x149.jpg\"><\/a><\/td>\n<\/tr>\n<tr>\n<td><a href=\"https:\/\/www.cokitos.com\/sumas-con-decimales\/play\/\"><img decoding=\"async\" src=\"https:\/\/blogsaverroes.juntadeandalucia.es\/verainqueclase\/files\/2024\/01\/juego-sumas-restas-decimales-300x149.jpg\"><\/a><\/td>\n<td>&nbsp;<\/td>\n<td>&nbsp;<\/td>\n<\/tr>\n<\/tbody>\n<\/table>\n<h4><strong>MULTIPLICO N\u00daMEROS DECIMALES<\/strong><\/h4>\n<p><a href=\"https:\/\/view.genially.com\/5fce6882f4bedc0d202e2755\/horizontal-infographic-review-decimales-multiplicar-decimales-1\"><img loading=\"lazy\" decoding=\"async\" class=\"\" src=\"https:\/\/blogsaverroes.juntadeandalucia.es\/verainqueclase\/files\/2020\/12\/genially-multiplicar-300x175.jpg\" width=\"979\" height=\"571\"><\/a><\/p>\n<p><a href=\"https:\/\/view.genially.com\/5fce6ecab311230dad3170e1\/horizontal-infographic-review-decimales-multiplicar-dos-decimales\"><img loading=\"lazy\" decoding=\"async\" class=\"\" src=\"https:\/\/blogsaverroes.juntadeandalucia.es\/verainqueclase\/files\/2020\/12\/genially-multiplicar-dos-decimales-300x167.jpg\" width=\"920\" height=\"512\"><\/a><\/p>\n<table>\n<tbody>\n<tr>\n<td><a href=\"https:\/\/www.mundoprimaria.com\/juegos-educativos\/juegos-matematicas\/operaciones-con-decimales\"><img decoding=\"async\" src=\"https:\/\/blogsaverroes.juntadeandalucia.es\/verainqueclase\/files\/2020\/12\/operaciones-con-decimales-300x178.jpg\"><\/a><\/td>\n<td><a href=\"https:\/\/www.mundoprimaria.com\/juegos-educativos\/jueg-mat-num-179\"><img loading=\"lazy\" decoding=\"async\" class=\"alignnone size-medium wp-image-5145\" src=\"https:\/\/blogsaverroes.juntadeandalucia.es\/verainqueclase\/files\/2024\/10\/juego-multiplicar-decimales-300x164.jpg\" alt=\"\" width=\"300\" height=\"164\"><\/a><\/td>\n<td><a href=\"https:\/\/www.mundoprimaria.com\/juegos-educativos\/jueg-mat-num-153\"><img loading=\"lazy\" decoding=\"async\" class=\"alignnone size-medium wp-image-5146\" src=\"https:\/\/blogsaverroes.juntadeandalucia.es\/verainqueclase\/files\/2024\/10\/juego-multiplicar-decimales-2-300x164.jpg\" alt=\"\" width=\"300\" height=\"164\"><\/a><\/td>\n<\/tr>\n<tr>\n<td><a href=\"https:\/\/www.mundoprimaria.com\/recursos-matematicas\/numeros-decimales\"><img decoding=\"async\" src=\"https:\/\/blogsaverroes.juntadeandalucia.es\/verainqueclase\/files\/2024\/01\/juego-suma-decimales-300x193.jpg\"><\/a><\/td>\n<td>&nbsp;<\/td>\n<td>&nbsp;<\/td>\n<\/tr>\n<\/tbody>\n<\/table>\n<h4><strong>DIVIDO UN N\u00daMERO DECIMAL ENTRE UNO NATURAL<\/strong><\/h4>\n<p><a href=\"https:\/\/view.genially.com\/5fce715134487c74a6da96e9\/horizontal-infographic-review-decimales-dividir-un-numero-natural-por-un-decimal\"><img loading=\"lazy\" decoding=\"async\" class=\"\" src=\"https:\/\/blogsaverroes.juntadeandalucia.es\/verainqueclase\/files\/2020\/12\/genially-divisi%C3%B3n-1-300x167.jpg\" width=\"966\" height=\"538\"><\/a><\/p>\n<table>\n<tbody>\n<tr>\n<td><a href=\"https:\/\/www.mundoprimaria.com\/juegos-educativos\/juegos-matematicas\/operaciones-con-decimales-2#google_vignette\"><img decoding=\"async\" src=\"https:\/\/blogsaverroes.juntadeandalucia.es\/verainqueclase\/files\/2020\/12\/operaciones-con-decimales-divisi%C3%B3n-300x178.jpg\"><\/a><\/td>\n<td><a href=\"https:\/\/www.mundoprimaria.com\/juegos-educativos\/jueg-mat-pbm-18\"><img loading=\"lazy\" decoding=\"async\" class=\"alignnone size-medium wp-image-5148\" src=\"https:\/\/blogsaverroes.juntadeandalucia.es\/verainqueclase\/files\/2024\/10\/juego-dividir-decimales-300x164.jpg\" alt=\"\" width=\"300\" height=\"164\"><\/a><\/td>\n<td><a href=\"https:\/\/www.mundoprimaria.com\/juegos-educativos\/jueg-mat-num-155\"><img loading=\"lazy\" decoding=\"async\" class=\"alignnone size-medium wp-image-5149\" src=\"https:\/\/blogsaverroes.juntadeandalucia.es\/verainqueclase\/files\/2024\/10\/juego-dividir-decimales-2-300x164.jpg\" alt=\"\" width=\"300\" height=\"164\"><\/a><\/td>\n<\/tr>\n<\/tbody>\n<\/table>\n<h4><strong>DIVIDO DOS N\u00daMEROS NATURALES<\/strong><\/h4>\n<p><a href=\"https:\/\/view.genially.com\/5fce747c86afcd0d192b674c\/horizontal-infographic-review-decimales-dividir-dos-decimales\"><img loading=\"lazy\" decoding=\"async\" class=\"\" src=\"https:\/\/blogsaverroes.juntadeandalucia.es\/verainqueclase\/files\/2020\/12\/genially-divisi%C3%B3n-2-300x167.jpg\" width=\"1020\" height=\"568\"><\/a><\/p>\n<table>\n<tbody>\n<tr>\n<td><a href=\"https:\/\/www.mundoprimaria.com\/juegos-educativos\/jueg-mat-num-182\"><img loading=\"lazy\" decoding=\"async\" class=\"alignnone size-medium wp-image-5150\" src=\"https:\/\/blogsaverroes.juntadeandalucia.es\/verainqueclase\/files\/2024\/10\/juego-dividir-decimales-3-300x164.jpg\" alt=\"\" width=\"300\" height=\"164\"><\/a><\/td>\n<td><a href=\"https:\/\/view.genially.com\/5e466da6c697191f0bd6dd4d\/interactive-content-desafio-pokemon\"><img decoding=\"async\" src=\"https:\/\/blogsaverroes.juntadeandalucia.es\/verainqueclase\/files\/2020\/11\/juego-pokemon-dividir-decimales-300x164.jpg\"><\/a><\/td>\n<\/tr>\n<\/tbody>\n<\/table>\n","protected":false},"excerpt":{"rendered":"<p>Bienvenidos a la unidad 4 de matem\u00e1ticas. En ella repasaremos los n\u00fameros decimales. Compararemos decimales y los redondearemos. Y tambi\u00e9n haremos operaciones con n\u00fameros decimales. COMPRENDO Y CONOZCO LOS N\u00daMEROS DECIMALES &nbsp; COMPARO LOS N\u00daMEROS DECIMALES &nbsp; REDONDEO DE N\u00daMEROS DECIMALES &nbsp; &nbsp; SUMO Y RESTO N\u00daMEROS DECIMALES &nbsp; &nbsp; MULTIPLICO N\u00daMEROS DECIMALES &nbsp; &nbsp; &hellip; <\/p>\n<p><a class=\"more-link btn\" href=\"https:\/\/blogsaverroes.juntadeandalucia.es\/manuroca03\/u4_mt_6oep\/\">Seguir leyendo<\/a><\/p>\n","protected":false},"author":10452,"featured_media":0,"parent":0,"menu_order":0,"comment_status":"closed","ping_status":"closed","template":"","meta":{"ngg_post_thumbnail":0,"footnotes":""},"aioseo_notices":[],"_links":{"self":[{"href":"https:\/\/blogsaverroes.juntadeandalucia.es\/manuroca03\/wp-json\/wp\/v2\/pages\/1916"}],"collection":[{"href":"https:\/\/blogsaverroes.juntadeandalucia.es\/manuroca03\/wp-json\/wp\/v2\/pages"}],"about":[{"href":"https:\/\/blogsaverroes.juntadeandalucia.es\/manuroca03\/wp-json\/wp\/v2\/types\/page"}],"author":[{"embeddable":true,"href":"https:\/\/blogsaverroes.juntadeandalucia.es\/manuroca03\/wp-json\/wp\/v2\/users\/10452"}],"replies":[{"embeddable":true,"href":"https:\/\/blogsaverroes.juntadeandalucia.es\/manuroca03\/wp-json\/wp\/v2\/comments?post=1916"}],"version-history":[{"count":2,"href":"https:\/\/blogsaverroes.juntadeandalucia.es\/manuroca03\/wp-json\/wp\/v2\/pages\/1916\/revisions"}],"predecessor-version":[{"id":1936,"href":"https:\/\/blogsaverroes.juntadeandalucia.es\/manuroca03\/wp-json\/wp\/v2\/pages\/1916\/revisions\/1936"}],"wp:attachment":[{"href":"https:\/\/blogsaverroes.juntadeandalucia.es\/manuroca03\/wp-json\/wp\/v2\/media?parent=1916"}],"curies":[{"name":"wp","href":"https:\/\/api.w.org\/{rel}","templated":true}]}}