{"id":277,"date":"2020-10-11T18:50:01","date_gmt":"2020-10-11T18:50:01","guid":{"rendered":"https:\/\/blogsaverroes.juntadeandalucia.es\/manuroca03\/?page_id=277"},"modified":"2023-11-05T17:02:18","modified_gmt":"2023-11-05T17:02:18","slug":"explicaciones-t3","status":"publish","type":"page","link":"https:\/\/blogsaverroes.juntadeandalucia.es\/manuroca03\/3-divisiones\/explicaciones-t3\/","title":{"rendered":"MT5\u00baU3. Repartir y compartir."},"content":{"rendered":"<p>Comenzamos el tema 3 con la divisi\u00f3n, debes repasar tambi\u00e9n en casa las tablas porque si no te las sabes, no podr\u00e1s dividir.<\/p>\n<ul>\n<li>La divisi\u00f3n.<\/li>\n<li>La divisi\u00f3n exacta e inexacta.<\/li>\n<li>Propiedad fundamental de la divisi\u00f3n.<\/li>\n<li>Divido :10, :100 y :1000.<\/li>\n<li>Operaciones combinadas.<\/li>\n<\/ul>\n<h4><strong>La divisi\u00f3n.<\/strong><\/h4>\n<p><a href=\"https:\/\/view.genial.ly\/6541381ab378d500112bef5a\/horizontal-infographic-review-copia-la-division-como-reparto\"><img loading=\"lazy\" decoding=\"async\" class=\"alignnone wp-image-4586\" src=\"https:\/\/blogsaverroes.juntadeandalucia.es\/verainqueclase\/files\/2023\/10\/genially-divisi%C3%B3n-dos-cifras-300x161.jpg\" alt=\"\" width=\"917\" height=\"492\"><\/a><\/p>\n<div class=\"fluid-width-video-wrapper\"><iframe src=\"https:\/\/www.youtube.com\/embed\/PnhHDuBqsuY?t=352s\"><span data-mce-type=\"bookmark\" style=\"width: 0px;overflow: hidden;line-height: 0\" class=\"mce_SELRES_start\">\ufeff<\/span><\/iframe><\/div>\n<table>\n<tbody>\n<tr>\n<td><a href=\"https:\/\/wordwall.net\/es\/resource\/16243662\/divisiones-5%c2%bab\"><img decoding=\"async\" src=\"https:\/\/blogsaverroes.juntadeandalucia.es\/verainqueclase\/files\/2021\/08\/juego-terminos-300x176.jpg\"><\/a><\/td>\n<td><a href=\"https:\/\/wordwall.net\/es\/resource\/15473135\/c%c3%a1lculo-divisiones\/divisiones-i\"><img decoding=\"async\" src=\"https:\/\/blogsaverroes.juntadeandalucia.es\/verainqueclase\/files\/2021\/08\/juego-divison-4-300x176.jpg\"><\/a><\/td>\n<td><a href=\"https:\/\/www.mundoprimaria.com\/juegos-educativos\/jueg-mat-num-149\"><img decoding=\"async\" src=\"https:\/\/blogsaverroes.juntadeandalucia.es\/verainqueclase\/files\/2022\/09\/juego-prueba-divisi%C3%B3n-300x188.jpg\"><\/a><\/td>\n<\/tr>\n<tr>\n<td><a href=\"https:\/\/www.mundoprimaria.com\/juegos-educativos\/jueg-mat-num-110\"><img decoding=\"async\" src=\"https:\/\/blogsaverroes.juntadeandalucia.es\/verainqueclase\/files\/2022\/09\/juego-divisi%C3%B3n-reparto-300x188.jpg\"><\/a><\/td>\n<td><a href=\"https:\/\/www.mundoprimaria.com\/juegos-educativos\/juegos-matematicas\/juegos-divisiones\"><img loading=\"lazy\" decoding=\"async\" class=\"alignnone size-medium wp-image-4587\" src=\"https:\/\/blogsaverroes.juntadeandalucia.es\/verainqueclase\/files\/2023\/10\/juego-divisiones-300x161.jpg\" alt=\"\" width=\"300\" height=\"161\"><\/a><\/td>\n<td><a href=\"https:\/\/www.mundoprimaria.com\/juegos-educativos\/juegos-matematicas\/division-varias-cifras\"><img loading=\"lazy\" decoding=\"async\" class=\"\" src=\"https:\/\/blogsaverroes.juntadeandalucia.es\/verainqueclase\/files\/2020\/10\/juego-divisiones-2-300x236.jpg\" width=\"171\" height=\"134\"><\/a><\/td>\n<\/tr>\n<tr>\n<td>&nbsp;<\/td>\n<td><a href=\"https:\/\/www.mundoprimaria.com\/juegos-educativos\/jueg-mat-num-113\"><img decoding=\"async\" src=\"https:\/\/blogsaverroes.juntadeandalucia.es\/verainqueclase\/files\/2022\/09\/juego-prueba-divisi%C3%B3n-2-300x188.jpg\"><\/a><\/td>\n<td><a href=\"https:\/\/view.genial.ly\/5e91906eb5f8e60d8ffea219\/interactive-content-matematicas-3o-ciclo-1\"><img decoding=\"async\" src=\"https:\/\/blogsaverroes.juntadeandalucia.es\/verainqueclase\/files\/2020\/10\/laberinto-divisiones-y-restas-300x169.jpg\"><\/a><\/td>\n<\/tr>\n<tr>\n<td>&nbsp;<\/td>\n<td>&nbsp;<\/td>\n<td>&nbsp;<\/td>\n<\/tr>\n<\/tbody>\n<\/table>\n<h4><strong>La divisi\u00f3n exacta e inexacta.<\/strong><\/h4>\n<p><strong>*RECUERDA*<\/strong><\/p>\n<h4><img loading=\"lazy\" decoding=\"async\" class=\"alignnone wp-image-626\" src=\"https:\/\/blogsaverroes.juntadeandalucia.es\/manuroca03\/files\/2020\/12\/prueba-division-300x170.jpg\" alt=\"\" width=\"313\" height=\"177\" srcset=\"https:\/\/blogsaverroes.juntadeandalucia.es\/manuroca03\/files\/2020\/12\/prueba-division-300x170.jpg 300w, https:\/\/blogsaverroes.juntadeandalucia.es\/manuroca03\/files\/2020\/12\/prueba-division-24x14.jpg 24w, https:\/\/blogsaverroes.juntadeandalucia.es\/manuroca03\/files\/2020\/12\/prueba-division-36x20.jpg 36w, https:\/\/blogsaverroes.juntadeandalucia.es\/manuroca03\/files\/2020\/12\/prueba-division-48x27.jpg 48w, https:\/\/blogsaverroes.juntadeandalucia.es\/manuroca03\/files\/2020\/12\/prueba-division.jpg 640w\" sizes=\"(max-width: 313px) 100vw, 313px\" \/> <img loading=\"lazy\" decoding=\"async\" class=\"alignnone wp-image-679\" src=\"https:\/\/blogsaverroes.juntadeandalucia.es\/manuroca03\/files\/2020\/12\/exacta-o-entera.jpg\" alt=\"\" width=\"319\" height=\"185\" srcset=\"https:\/\/blogsaverroes.juntadeandalucia.es\/manuroca03\/files\/2020\/12\/exacta-o-entera.jpg 295w, https:\/\/blogsaverroes.juntadeandalucia.es\/manuroca03\/files\/2020\/12\/exacta-o-entera-24x14.jpg 24w, https:\/\/blogsaverroes.juntadeandalucia.es\/manuroca03\/files\/2020\/12\/exacta-o-entera-36x21.jpg 36w, https:\/\/blogsaverroes.juntadeandalucia.es\/manuroca03\/files\/2020\/12\/exacta-o-entera-48x28.jpg 48w\" sizes=\"(max-width: 319px) 100vw, 319px\" \/><\/h4>\n<p>&nbsp;<\/p>\n<p><a href=\"https:\/\/view.genial.ly\/6542651d8c897f0012c679f8\/horizontal-infographic-review-copia-53-la-division-como-reparto\"><img loading=\"lazy\" decoding=\"async\" class=\"alignnone wp-image-4589\" src=\"https:\/\/blogsaverroes.juntadeandalucia.es\/verainqueclase\/files\/2023\/11\/genially-divisi%C3%B3n-exacta-300x165.jpg\" alt=\"\" width=\"809\" height=\"445\"><\/a><\/p>\n<table>\n<tbody>\n<tr>\n<td><a href=\"https:\/\/www.mundoprimaria.com\/juegos-educativos\/jueg-mat-num-148\"><img decoding=\"async\" src=\"https:\/\/blogsaverroes.juntadeandalucia.es\/verainqueclase\/files\/2022\/09\/juego-divisi%C3%B3n-300x188.jpg\"><\/a><\/td>\n<td>&nbsp;<\/td>\n<td>&nbsp;<\/td>\n<\/tr>\n<\/tbody>\n<\/table>\n<h4><strong>Propiedad fundamental de la divisi\u00f3n.<\/strong><\/h4>\n<p><a href=\"https:\/\/view.genial.ly\/654274904dc441001188ed8e\/horizontal-infographic-review-copia-53-division-exacta-e-inexacta\"><img loading=\"lazy\" decoding=\"async\" class=\"alignnone wp-image-4591\" src=\"https:\/\/blogsaverroes.juntadeandalucia.es\/verainqueclase\/files\/2023\/11\/genially-propiedad-divisi%C3%B3n-300x165.jpg\" alt=\"\" width=\"824\" height=\"453\"><\/a><\/p>\n<p><iframe loading=\"lazy\" src=\"https:\/\/www.youtube.com\/embed\/u9ZcBtscI1k\" width=\"560\" height=\"315\" frameborder=\"0\"><\/iframe>&nbsp;<\/p>\n<h4><strong>Divido :10, :100 y :1000.<\/strong><\/h4>\n<p><a href=\"https:\/\/view.genial.ly\/6314b7876da5ac00186d851c\/horizontal-infographic-review-45-division-unidad-seguida-de-ceros\"><img loading=\"lazy\" decoding=\"async\" class=\"\" src=\"https:\/\/blogsaverroes.juntadeandalucia.es\/verainqueclase\/files\/2022\/09\/genially-divisi%C3%B3n-ceros-300x160.jpg\" width=\"836\" height=\"446\"><\/a><\/p>\n<table>\n<tbody>\n<tr>\n<td><a href=\"https:\/\/www.mundoprimaria.com\/juegos-educativos\/jueg-mat-num-109\"><img decoding=\"async\" src=\"https:\/\/blogsaverroes.juntadeandalucia.es\/verainqueclase\/files\/2022\/09\/juego-unidad-seguida-de-ceros-300x188.jpg\"><\/a><\/td>\n<td>&nbsp;<\/td>\n<td>&nbsp;<\/td>\n<\/tr>\n<\/tbody>\n<\/table>\n<h4><strong>Operaciones combinadas.<\/strong><\/h4>\n<p><a href=\"https:\/\/view.genial.ly\/6314ba7b3dde470017a6470d\/horizontal-infographic-diagrams-jerarquia-operaciones\"><img loading=\"lazy\" decoding=\"async\" class=\"\" src=\"https:\/\/blogsaverroes.juntadeandalucia.es\/verainqueclase\/files\/2022\/09\/genially-operaciones-combinadas-300x160.jpg\" width=\"932\" height=\"497\"><\/a><\/p>\n<table>\n<tbody>\n<tr>\n<td><a href=\"https:\/\/www.mundoprimaria.com\/juegos-educativos\/jueg-mat-num-108\"><img decoding=\"async\" src=\"https:\/\/blogsaverroes.juntadeandalucia.es\/verainqueclase\/files\/2022\/09\/juego-combinadas-300x188.jpg\"><\/a><\/td>\n<td><a href=\"https:\/\/www.mundoprimaria.com\/juegos-educativos\/jueg-mat-num-147\"><img decoding=\"async\" src=\"https:\/\/blogsaverroes.juntadeandalucia.es\/verainqueclase\/files\/2022\/09\/juego-combinadas-2-300x188.jpg\"><\/a><\/td>\n<td>&nbsp;<\/td>\n<\/tr>\n<\/tbody>\n<\/table>\n<div style=\"width: 100%\">&nbsp;<\/div>\n","protected":false},"excerpt":{"rendered":"<p>Comenzamos el tema 3 con la divisi\u00f3n, debes repasar tambi\u00e9n en casa las tablas porque si no te las sabes, no podr\u00e1s dividir. La divisi\u00f3n. La divisi\u00f3n exacta e inexacta. Propiedad fundamental de la divisi\u00f3n. Divido :10, :100 y :1000. Operaciones combinadas. La divisi\u00f3n. \ufeff &nbsp; &nbsp; &nbsp; &nbsp; La divisi\u00f3n exacta e inexacta. *RECUERDA* &hellip; <\/p>\n<p><a class=\"more-link btn\" href=\"https:\/\/blogsaverroes.juntadeandalucia.es\/manuroca03\/3-divisiones\/explicaciones-t3\/\">Seguir leyendo<\/a><\/p>\n","protected":false},"author":10452,"featured_media":0,"parent":162,"menu_order":1,"comment_status":"open","ping_status":"closed","template":"","meta":{"ngg_post_thumbnail":0,"footnotes":""},"aioseo_notices":[],"_links":{"self":[{"href":"https:\/\/blogsaverroes.juntadeandalucia.es\/manuroca03\/wp-json\/wp\/v2\/pages\/277"}],"collection":[{"href":"https:\/\/blogsaverroes.juntadeandalucia.es\/manuroca03\/wp-json\/wp\/v2\/pages"}],"about":[{"href":"https:\/\/blogsaverroes.juntadeandalucia.es\/manuroca03\/wp-json\/wp\/v2\/types\/page"}],"author":[{"embeddable":true,"href":"https:\/\/blogsaverroes.juntadeandalucia.es\/manuroca03\/wp-json\/wp\/v2\/users\/10452"}],"replies":[{"embeddable":true,"href":"https:\/\/blogsaverroes.juntadeandalucia.es\/manuroca03\/wp-json\/wp\/v2\/comments?post=277"}],"version-history":[{"count":9,"href":"https:\/\/blogsaverroes.juntadeandalucia.es\/manuroca03\/wp-json\/wp\/v2\/pages\/277\/revisions"}],"predecessor-version":[{"id":1661,"href":"https:\/\/blogsaverroes.juntadeandalucia.es\/manuroca03\/wp-json\/wp\/v2\/pages\/277\/revisions\/1661"}],"up":[{"embeddable":true,"href":"https:\/\/blogsaverroes.juntadeandalucia.es\/manuroca03\/wp-json\/wp\/v2\/pages\/162"}],"wp:attachment":[{"href":"https:\/\/blogsaverroes.juntadeandalucia.es\/manuroca03\/wp-json\/wp\/v2\/media?parent=277"}],"curies":[{"name":"wp","href":"https:\/\/api.w.org\/{rel}","templated":true}]}}