{"id":765,"date":"2021-01-24T16:47:09","date_gmt":"2021-01-24T16:47:09","guid":{"rendered":"https:\/\/blogsaverroes.juntadeandalucia.es\/manuroca03\/?page_id=765"},"modified":"2023-12-03T17:26:41","modified_gmt":"2023-12-03T17:26:41","slug":"actividades-t8","status":"publish","type":"page","link":"https:\/\/blogsaverroes.juntadeandalucia.es\/manuroca03\/actividades-t8\/","title":{"rendered":"Actividades T4"},"content":{"rendered":"<div><span style=\"color: #0000ff\"><strong>* ACTIVIDADES COMUNES (CUADERNO):<\/strong><\/span><\/div>\n<div><strong>1. La fracci\u00f3n como reparto.<\/strong><\/div>\n<div><strong>2. Fracci\u00f3n decimal y n\u00famero decimal.<\/strong><\/div>\n<div><strong>3. Comparaci\u00f3n de fracciones.<\/strong><\/div>\n<div><strong>4. La fracci\u00f3n como cociente<\/strong><strong>.<\/strong><\/div>\n<div><strong>5<\/strong><strong>. Los n\u00fameros mixtos.<\/strong><\/div>\n<div><strong>6.- C\u00e1lculo mental: multiplicar n\u00fameros de dos cifras por 50 y dividir n\u00fameros terminados en dos ceros entre 50.<\/strong><\/div>\n<div><iframe loading=\"lazy\" src=\"https:\/\/drive.google.com\/file\/d\/19fCefHPWgyskRTerLFRk6enwglGFSrSG\/preview\" width=\"640\" height=\"480\"><\/iframe>&nbsp;<\/div>\n<div>&nbsp;<\/div>\n<div>\n<div><span style=\"color: #0000ff\"><strong>* ACTIVIDADES COMPLEMENTARIAS (FICHAS):<\/strong><\/span><\/div>\n<ul>\n<li><strong>&nbsp; MISI\u00d3N 8 DE LOS S\u00daPER MATIH\u00c9ROES \u00abSUMATORIA\u00bb:<\/strong><\/li>\n<\/ul>\n<\/div>\n<p><iframe loading=\"lazy\" src=\"https:\/\/drive.google.com\/file\/d\/1naaV0ABvhIzUd8sIrXYz6PzrtLM1MSm1\/preview\" width=\"640\" height=\"480\"><\/iframe>&nbsp;<\/p>\n<div><span style=\"color: #0000ff\"><strong>* ACTIVIDADES DE REFUERZO Y AMPLIACI\u00d3N (DIGITALES):<\/strong><\/span><\/div>\n<ul>\n<li><strong>REPASO DE FRACCIONES:<\/strong><\/li>\n<\/ul>\n<p><a href=\"https:\/\/cplosangeles.educarex.es\/web\/quinto_curso\/matematicas_5\/index.htm\"><img loading=\"lazy\" decoding=\"async\" class=\"alignnone wp-image-476\" src=\"https:\/\/blogsaverroes.juntadeandalucia.es\/manuroca03\/files\/2020\/10\/Captura-1-300x91.jpg\" alt=\"\" width=\"610\" height=\"185\" srcset=\"https:\/\/blogsaverroes.juntadeandalucia.es\/manuroca03\/files\/2020\/10\/Captura-1-300x91.jpg 300w, https:\/\/blogsaverroes.juntadeandalucia.es\/manuroca03\/files\/2020\/10\/Captura-1-1024x312.jpg 1024w, https:\/\/blogsaverroes.juntadeandalucia.es\/manuroca03\/files\/2020\/10\/Captura-1-768x234.jpg 768w, https:\/\/blogsaverroes.juntadeandalucia.es\/manuroca03\/files\/2020\/10\/Captura-1-24x7.jpg 24w, https:\/\/blogsaverroes.juntadeandalucia.es\/manuroca03\/files\/2020\/10\/Captura-1-36x11.jpg 36w, https:\/\/blogsaverroes.juntadeandalucia.es\/manuroca03\/files\/2020\/10\/Captura-1-48x15.jpg 48w, https:\/\/blogsaverroes.juntadeandalucia.es\/manuroca03\/files\/2020\/10\/Captura-1.jpg 1285w\" sizes=\"(max-width: 610px) 100vw, 610px\" \/><\/a><\/p>\n<ul>\n<li><strong>GENIALLY \u00abLABERINTO DE FRACCIONES\u00bb:<\/strong><\/li>\n<\/ul>\n<div style=\"width: 100%\">\n<div style=\"padding-bottom: 56.25%;padding-top: 0;height: 0\"><iframe loading=\"lazy\" src=\"https:\/\/view.genial.ly\/5e7e24bd05e3d20e6efd69ba\" width=\"600px\" height=\"375px\" frameborder=\"0\" scrolling=\"yes\"><span data-mce-type=\"bookmark\" style=\"width: 0px;overflow: hidden;line-height: 0\" class=\"mce_SELRES_start\">\ufeff<\/span><\/iframe><\/div>\n<\/div>\n<p>&nbsp;<\/p>\n<ul>\n<li><strong>THATQUIZ \u00abIDENTIFICA FRACCIONES\u00bb:<\/strong><\/li>\n<\/ul>\n<p><a href=\"https:\/\/www.thatquiz.org\/es-6\/matematicas\/identificar\/fracciones\/\"><img loading=\"lazy\" decoding=\"async\" class=\"alignnone wp-image-1005\" src=\"https:\/\/blogsaverroes.juntadeandalucia.es\/manuroca03\/files\/2021\/04\/Captura-2-300x185.png\" alt=\"\" width=\"504\" height=\"311\" srcset=\"https:\/\/blogsaverroes.juntadeandalucia.es\/manuroca03\/files\/2021\/04\/Captura-2-300x185.png 300w, https:\/\/blogsaverroes.juntadeandalucia.es\/manuroca03\/files\/2021\/04\/Captura-2.png 618w\" sizes=\"(max-width: 504px) 100vw, 504px\" \/><\/a><\/p>\n<ul>\n<li><strong>MUNDOPRIMARIA \u00abFRACCIONES DECIMALES Y N\u00daMERO DECIMAL\u00bb:<\/strong><\/li>\n<\/ul>\n<p><a href=\"https:\/\/www.mundoprimaria.com\/juegos-educativos\/juegos-matematicas\/fracciones-decimales\"><img loading=\"lazy\" decoding=\"async\" class=\"alignnone wp-image-1007\" src=\"https:\/\/blogsaverroes.juntadeandalucia.es\/manuroca03\/files\/2021\/04\/fracciones-decimales-300x204-1.jpg\" alt=\"\" width=\"488\" height=\"332\"><\/a><\/p>\n<ul>\n<li><strong>MUNDOPRIMARIA \u00abCOMPARACI\u00d3N DE FRACCIONES\u00bb:<\/strong><\/li>\n<\/ul>\n<p><a href=\"https:\/\/www.mundoprimaria.com\/juegos-educativos\/juegos-matematicas\/com-fracciones\"><img loading=\"lazy\" decoding=\"async\" class=\"alignnone wp-image-1006\" src=\"https:\/\/blogsaverroes.juntadeandalucia.es\/manuroca03\/files\/2021\/04\/comparacion-fracciones-300x204-1.jpg\" alt=\"\" width=\"485\" height=\"330\"><\/a><\/p>\n<ul>\n<li><strong>FRACCIONES CON MOMONSTER:<\/strong><\/li>\n<\/ul>\n<div style=\"width: 100%\">\n<div style=\"padding-bottom: 56.25%;padding-top: 0;height: 0\"><iframe loading=\"lazy\" src=\"https:\/\/view.genial.ly\/606d2784b4a0b50d113e8f1a\" width=\"600px\" height=\"375px\" frameborder=\"0\" scrolling=\"yes\"><span data-mce-type=\"bookmark\" style=\"width: 0px;overflow: hidden;line-height: 0\" class=\"mce_SELRES_start\">\ufeff<\/span><\/iframe><\/div>\n<\/div>\n<ul>\n<li><strong>GOCONQR \u00abTARJETAS DE FRACCIONES\u00bb:<\/strong><\/li>\n<\/ul>\n<p><a href=\"https:\/\/www.goconqr.com\/es-ES\/p\/20515178-6%E2%80%93Fracciones-flash_card_decks?frame=true%3Ca\"><img loading=\"lazy\" decoding=\"async\" class=\"alignnone wp-image-1010\" src=\"https:\/\/blogsaverroes.juntadeandalucia.es\/manuroca03\/files\/2021\/04\/Captura-de-pantalla-2020-02-02-17.00.46-300x196.png\" alt=\"\" width=\"488\" height=\"319\" srcset=\"https:\/\/blogsaverroes.juntadeandalucia.es\/manuroca03\/files\/2021\/04\/Captura-de-pantalla-2020-02-02-17.00.46-300x196.png 300w, https:\/\/blogsaverroes.juntadeandalucia.es\/manuroca03\/files\/2021\/04\/Captura-de-pantalla-2020-02-02-17.00.46.png 400w\" sizes=\"(max-width: 488px) 100vw, 488px\" \/><\/a><\/p>\n","protected":false},"excerpt":{"rendered":"<p>* ACTIVIDADES COMUNES (CUADERNO): 1. La fracci\u00f3n como reparto. 2. Fracci\u00f3n decimal y n\u00famero decimal. 3. Comparaci\u00f3n de fracciones. 4. La fracci\u00f3n como cociente. 5. Los n\u00fameros mixtos. 6.- C\u00e1lculo mental: multiplicar n\u00fameros de dos cifras por 50 y dividir n\u00fameros terminados en dos ceros entre 50. &nbsp; &nbsp; * ACTIVIDADES COMPLEMENTARIAS (FICHAS): &nbsp; MISI\u00d3N &hellip; <\/p>\n<p><a class=\"more-link btn\" href=\"https:\/\/blogsaverroes.juntadeandalucia.es\/manuroca03\/actividades-t8\/\">Seguir leyendo<\/a><\/p>\n","protected":false},"author":10452,"featured_media":0,"parent":0,"menu_order":0,"comment_status":"closed","ping_status":"closed","template":"","meta":{"ngg_post_thumbnail":0,"footnotes":""},"aioseo_notices":[],"_links":{"self":[{"href":"https:\/\/blogsaverroes.juntadeandalucia.es\/manuroca03\/wp-json\/wp\/v2\/pages\/765"}],"collection":[{"href":"https:\/\/blogsaverroes.juntadeandalucia.es\/manuroca03\/wp-json\/wp\/v2\/pages"}],"about":[{"href":"https:\/\/blogsaverroes.juntadeandalucia.es\/manuroca03\/wp-json\/wp\/v2\/types\/page"}],"author":[{"embeddable":true,"href":"https:\/\/blogsaverroes.juntadeandalucia.es\/manuroca03\/wp-json\/wp\/v2\/users\/10452"}],"replies":[{"embeddable":true,"href":"https:\/\/blogsaverroes.juntadeandalucia.es\/manuroca03\/wp-json\/wp\/v2\/comments?post=765"}],"version-history":[{"count":9,"href":"https:\/\/blogsaverroes.juntadeandalucia.es\/manuroca03\/wp-json\/wp\/v2\/pages\/765\/revisions"}],"predecessor-version":[{"id":1689,"href":"https:\/\/blogsaverroes.juntadeandalucia.es\/manuroca03\/wp-json\/wp\/v2\/pages\/765\/revisions\/1689"}],"wp:attachment":[{"href":"https:\/\/blogsaverroes.juntadeandalucia.es\/manuroca03\/wp-json\/wp\/v2\/media?parent=765"}],"curies":[{"name":"wp","href":"https:\/\/api.w.org\/{rel}","templated":true}]}}