{"id":113,"date":"2015-03-16T08:06:00","date_gmt":"2015-03-16T08:06:00","guid":{"rendered":"http:\/\/blogsaverroes.juntadeandalucia.es\/pre\/ceip\/?page_id=113"},"modified":"2025-07-05T13:27:01","modified_gmt":"2025-07-05T13:27:01","slug":"biblioteca","status":"publish","type":"page","link":"https:\/\/blogsaverroes.juntadeandalucia.es\/marargentea\/biblioteca\/","title":{"rendered":"Biblioteca"},"content":{"rendered":"<p style=\"text-align: justify\"><a href=\"https:\/\/ciudadesmeraldargentea.blogspot.com\/\" target=\"_blank\" rel=\"noopener noreferrer\"><img loading=\"lazy\" decoding=\"async\" class=\"alignleft wp-image-3245\" title=\"BLOG Biblioteca Ciudad Esmeralda\" src=\"https:\/\/blogsaverroes.juntadeandalucia.es\/marargentea\/files\/2020\/12\/Biblioteca-1024x901.jpg\" alt=\"\" width=\"362\" height=\"319\" srcset=\"https:\/\/blogsaverroes.juntadeandalucia.es\/marargentea\/files\/2020\/12\/Biblioteca-1024x901.jpg 1024w, https:\/\/blogsaverroes.juntadeandalucia.es\/marargentea\/files\/2020\/12\/Biblioteca-300x264.jpg 300w, https:\/\/blogsaverroes.juntadeandalucia.es\/marargentea\/files\/2020\/12\/Biblioteca-768x676.jpg 768w, https:\/\/blogsaverroes.juntadeandalucia.es\/marargentea\/files\/2020\/12\/Biblioteca-1536x1351.jpg 1536w, https:\/\/blogsaverroes.juntadeandalucia.es\/marargentea\/files\/2020\/12\/Biblioteca-2048x1802.jpg 2048w, https:\/\/blogsaverroes.juntadeandalucia.es\/marargentea\/files\/2020\/12\/Biblioteca-24x21.jpg 24w, https:\/\/blogsaverroes.juntadeandalucia.es\/marargentea\/files\/2020\/12\/Biblioteca-36x32.jpg 36w, https:\/\/blogsaverroes.juntadeandalucia.es\/marargentea\/files\/2020\/12\/Biblioteca-48x42.jpg 48w, https:\/\/blogsaverroes.juntadeandalucia.es\/marargentea\/files\/2020\/12\/Biblioteca-scaled.jpg 1600w\" sizes=\"(max-width: 362px) 100vw, 362px\" \/><\/a><\/p>\n<p>&nbsp;<\/p>\n<p>&nbsp;<\/p>\n<p style=\"text-align: center\">&nbsp;<\/p>\n<p style=\"text-align: justify\">Pincha en la imagen y entraras en \u00abCiudad Esmeralda\u00bb, el blog de nuestra biblioteca de centro. En el encontrar\u00e1s informaci\u00f3n variada sobre nuevas adquisiciones, actividades para celebrar distintas efem\u00e9rides, recuerdos de vuestros trabajos, etc. Y recordad que tambi\u00e9n pod\u00e9is participar con vuestros comentarios.<\/p>\n<p>&nbsp;<\/p>\n<p>Desde el curso 24\/25 las actividades realizadas a trav\u00e9s de la biblioteca se podr\u00e1n ver en nuestro Instagram:<\/p>\n<p><a title=\"@mar_argentea\" href=\"https:\/\/www.instagram.com\/mar_argentea\/?utm_source=qr&amp;igsh=MWZ5MXMyeG8yeXkwZw%3D%3D\" target=\"_blank\" rel=\"noopener\"><img loading=\"lazy\" decoding=\"async\" class=\"aligncenter\" src=\"https:\/\/i0.wp.com\/eltallerdehector.com\/wp-content\/uploads\/2022\/06\/7fac6-logo-instagram-transparent.png?resize=512%2C512&amp;ssl=1\" alt=\"Logo instagram\" width=\"110\" height=\"110\"><\/a><\/p>\n","protected":false},"excerpt":{"rendered":"<p>&nbsp; &nbsp; &nbsp; Pincha en la imagen y entraras en \u00abCiudad Esmeralda\u00bb, el blog de nuestra biblioteca de centro. En el encontrar\u00e1s informaci\u00f3n variada sobre nuevas adquisiciones, actividades para celebrar distintas efem\u00e9rides, recuerdos de vuestros trabajos, etc. Y recordad que tambi\u00e9n pod\u00e9is participar con vuestros comentarios. &nbsp; Desde el curso 24\/25 las actividades realizadas a [&hellip;]<\/p>\n","protected":false},"author":1,"featured_media":0,"parent":0,"menu_order":0,"comment_status":"closed","ping_status":"open","template":"","meta":{"ngg_post_thumbnail":0,"footnotes":"","_mc_calendar":[]},"aioseo_notices":[],"_links":{"self":[{"href":"https:\/\/blogsaverroes.juntadeandalucia.es\/marargentea\/wp-json\/wp\/v2\/pages\/113"}],"collection":[{"href":"https:\/\/blogsaverroes.juntadeandalucia.es\/marargentea\/wp-json\/wp\/v2\/pages"}],"about":[{"href":"https:\/\/blogsaverroes.juntadeandalucia.es\/marargentea\/wp-json\/wp\/v2\/types\/page"}],"author":[{"embeddable":true,"href":"https:\/\/blogsaverroes.juntadeandalucia.es\/marargentea\/wp-json\/wp\/v2\/users\/1"}],"replies":[{"embeddable":true,"href":"https:\/\/blogsaverroes.juntadeandalucia.es\/marargentea\/wp-json\/wp\/v2\/comments?post=113"}],"version-history":[{"count":22,"href":"https:\/\/blogsaverroes.juntadeandalucia.es\/marargentea\/wp-json\/wp\/v2\/pages\/113\/revisions"}],"predecessor-version":[{"id":5866,"href":"https:\/\/blogsaverroes.juntadeandalucia.es\/marargentea\/wp-json\/wp\/v2\/pages\/113\/revisions\/5866"}],"wp:attachment":[{"href":"https:\/\/blogsaverroes.juntadeandalucia.es\/marargentea\/wp-json\/wp\/v2\/media?parent=113"}],"curies":[{"name":"wp","href":"https:\/\/api.w.org\/{rel}","templated":true}]}}