{"id":3481,"date":"2021-02-14T22:38:31","date_gmt":"2021-02-14T22:38:31","guid":{"rendered":"http:\/\/blogsaverroes.juntadeandalucia.es\/marargentea\/?page_id=3481"},"modified":"2021-02-14T22:44:09","modified_gmt":"2021-02-14T22:44:09","slug":"postales-amigas","status":"publish","type":"page","link":"https:\/\/blogsaverroes.juntadeandalucia.es\/marargentea\/postales-amigas\/","title":{"rendered":"Postales amigas"},"content":{"rendered":"<p style=\"text-align: justify\"><img loading=\"lazy\" decoding=\"async\" class=\"wp-image-3482 alignright\" src=\"https:\/\/blogsaverroes.juntadeandalucia.es\/marargentea\/files\/2021\/02\/Icono3.jpg\" alt=\"\" width=\"262\" height=\"262\" srcset=\"https:\/\/blogsaverroes.juntadeandalucia.es\/marargentea\/files\/2021\/02\/Icono3.jpg 626w, https:\/\/blogsaverroes.juntadeandalucia.es\/marargentea\/files\/2021\/02\/Icono3-300x300.jpg 300w, https:\/\/blogsaverroes.juntadeandalucia.es\/marargentea\/files\/2021\/02\/Icono3-150x150.jpg 150w\" sizes=\"(max-width: 262px) 100vw, 262px\" \/>La Amistad es uno de los valores m\u00e1s importante a desarrollar en la educaci\u00f3n para la PAZ: Afecto, amor, compartir\u2026<\/p>\n<p style=\"text-align: justify\">Es importante que los ni\u00f1os conozcan qui\u00e9n puede ser un buen amigo, el c\u00f3mo se comportan los buenos amigos y el saber mantener una buena amistad. Un amigo es el que no pelea con sus compa\u00f1eros, el que comparte sus cosas, el que trata de ayudar a otro y el que se esfuerza por hacer algo \u00fatil en beneficio de los amigos.<\/p>\n<p style=\"text-align: justify\">Desde nuestro centro hemos querido trabajar \u201cLa Amistad\u201d a trav\u00e9s de <strong><em>\u201cLas postales amigas\u201d. <\/em><\/strong>Se afianzar\u00e1n amistades ya creadas o se crear\u00e1n otras nuevas que a\u00fan no han surgido.<\/p>\n<p>&nbsp;<\/p>\n<p style=\"text-align: justify\">La actividad se realiz\u00f3 el viernes 12 de febrero. Cada tutor\u00eda prepar\u00f3 la actividad atendiendo a las caracter\u00edsticas de su grupo clase.<\/p>\n<h5 style=\"text-align: justify\"><strong><em>Estas han sido las postales amigas que se han usado tanto en infantil como en primaria:<\/em><\/strong><\/h5>\n<div id='gallery-1' class='gallery galleryid-3481 gallery-columns-4 gallery-size-thumbnail'><figure class='gallery-item'>\n\t\t\t<div class='gallery-icon landscape'>\n\t\t\t\t<a href='https:\/\/blogsaverroes.juntadeandalucia.es\/marargentea\/files\/2021\/02\/Infantil02-scaled.jpg'><img loading=\"lazy\" decoding=\"async\" width=\"150\" height=\"150\" src=\"https:\/\/blogsaverroes.juntadeandalucia.es\/marargentea\/files\/2021\/02\/Infantil02-150x150.jpg\" class=\"attachment-thumbnail size-thumbnail\" alt=\"\" \/><\/a>\n\t\t\t<\/div><\/figure><figure class='gallery-item'>\n\t\t\t<div class='gallery-icon landscape'>\n\t\t\t\t<a href='https:\/\/blogsaverroes.juntadeandalucia.es\/marargentea\/files\/2021\/02\/Infantil03-scaled.jpg'><img loading=\"lazy\" decoding=\"async\" width=\"150\" height=\"150\" src=\"https:\/\/blogsaverroes.juntadeandalucia.es\/marargentea\/files\/2021\/02\/Infantil03-150x150.jpg\" class=\"attachment-thumbnail size-thumbnail\" alt=\"\" \/><\/a>\n\t\t\t<\/div><\/figure><figure class='gallery-item'>\n\t\t\t<div class='gallery-icon portrait'>\n\t\t\t\t<a href='https:\/\/blogsaverroes.juntadeandalucia.es\/marargentea\/files\/2021\/02\/Primaria-1.jpg'><img loading=\"lazy\" decoding=\"async\" width=\"150\" height=\"150\" src=\"https:\/\/blogsaverroes.juntadeandalucia.es\/marargentea\/files\/2021\/02\/Primaria-1-150x150.jpg\" class=\"attachment-thumbnail size-thumbnail\" alt=\"\" \/><\/a>\n\t\t\t<\/div><\/figure><figure class='gallery-item'>\n\t\t\t<div class='gallery-icon landscape'>\n\t\t\t\t<a href='https:\/\/blogsaverroes.juntadeandalucia.es\/marargentea\/files\/2021\/02\/Infantil01-scaled.jpg'><img loading=\"lazy\" decoding=\"async\" width=\"150\" height=\"150\" src=\"https:\/\/blogsaverroes.juntadeandalucia.es\/marargentea\/files\/2021\/02\/Infantil01-150x150.jpg\" class=\"attachment-thumbnail size-thumbnail\" alt=\"\" \/><\/a>\n\t\t\t<\/div><\/figure>\n\t\t<\/div>\n\n<h5 style=\"text-align: justify\"><strong><em>Aqu\u00ed os mostramos las im\u00e1genes de la elaboraci\u00f3n y entrega de las \u201cpostales amigas\u201d en algunas de las aulas del centro tanto en infantil como en primaria:<\/em><\/strong><\/h5>\n<div style=\"width: 1165px;\" class=\"wp-video\"><!--[if lt IE 9]><script>document.createElement('video');<\/script><![endif]-->\n<video class=\"wp-video-shortcode\" id=\"video-3481-1\" width=\"1165\" height=\"655\" preload=\"metadata\" controls=\"controls\"><source type=\"video\/mp4\" src=\"https:\/\/blogsaverroes.juntadeandalucia.es\/marargentea\/files\/2021\/02\/Postales-amigas.mp4?_=1\" \/><a href=\"https:\/\/blogsaverroes.juntadeandalucia.es\/marargentea\/files\/2021\/02\/Postales-amigas.mp4\">https:\/\/blogsaverroes.juntadeandalucia.es\/marargentea\/files\/2021\/02\/Postales-amigas.mp4<\/a><\/video><\/div>\n<!--themify_builder_content-->\n<div id=\"themify_builder_content-3481\" data-postid=\"3481\" class=\"themify_builder_content themify_builder_content-3481 themify_builder tf_clear\">\n    <\/div>\n<!--\/themify_builder_content-->\n","protected":false},"excerpt":{"rendered":"<p>La Amistad es uno de los valores m\u00e1s importante a desarrollar en la educaci\u00f3n para la PAZ: Afecto, amor, compartir\u2026 Es importante que los ni\u00f1os conozcan qui\u00e9n puede ser un buen amigo, el c\u00f3mo se comportan los buenos amigos y el saber mantener una buena amistad. Un amigo es el que no pelea con sus [&hellip;]<\/p>\n","protected":false},"author":4610,"featured_media":0,"parent":0,"menu_order":0,"comment_status":"closed","ping_status":"closed","template":"","meta":{"ngg_post_thumbnail":0,"footnotes":"","_mc_calendar":[]},"aioseo_notices":[],"_links":{"self":[{"href":"https:\/\/blogsaverroes.juntadeandalucia.es\/marargentea\/wp-json\/wp\/v2\/pages\/3481"}],"collection":[{"href":"https:\/\/blogsaverroes.juntadeandalucia.es\/marargentea\/wp-json\/wp\/v2\/pages"}],"about":[{"href":"https:\/\/blogsaverroes.juntadeandalucia.es\/marargentea\/wp-json\/wp\/v2\/types\/page"}],"author":[{"embeddable":true,"href":"https:\/\/blogsaverroes.juntadeandalucia.es\/marargentea\/wp-json\/wp\/v2\/users\/4610"}],"replies":[{"embeddable":true,"href":"https:\/\/blogsaverroes.juntadeandalucia.es\/marargentea\/wp-json\/wp\/v2\/comments?post=3481"}],"version-history":[{"count":10,"href":"https:\/\/blogsaverroes.juntadeandalucia.es\/marargentea\/wp-json\/wp\/v2\/pages\/3481\/revisions"}],"predecessor-version":[{"id":3502,"href":"https:\/\/blogsaverroes.juntadeandalucia.es\/marargentea\/wp-json\/wp\/v2\/pages\/3481\/revisions\/3502"}],"wp:attachment":[{"href":"https:\/\/blogsaverroes.juntadeandalucia.es\/marargentea\/wp-json\/wp\/v2\/media?parent=3481"}],"curies":[{"name":"wp","href":"https:\/\/api.w.org\/{rel}","templated":true}]}}