{"id":3954,"date":"2023-10-31T21:09:06","date_gmt":"2023-10-31T21:09:06","guid":{"rendered":"http:\/\/blogsaverroes.juntadeandalucia.es\/marargentea\/?page_id=3954"},"modified":"2025-07-05T13:51:59","modified_gmt":"2025-07-05T13:51:59","slug":"halloween","status":"publish","type":"page","link":"https:\/\/blogsaverroes.juntadeandalucia.es\/marargentea\/halloween\/","title":{"rendered":"HALLOWEEN"},"content":{"rendered":"<p style=\"text-align: center\"><span style=\"color: #339966\"><strong>A partir del curso 2024\/25 s\u00edguenos para ver nuestras actividades en Instagram:<\/strong><\/span><\/p>\n<p><a title=\"@mar_argentea\" href=\"https:\/\/www.instagram.com\/mar_argentea\/?utm_source=qr&amp;igsh=MWZ5MXMyeG8yeXkwZw%3D%3D\" target=\"_blank\" rel=\"noopener\"><img loading=\"lazy\" decoding=\"async\" class=\"aligncenter\" src=\"https:\/\/i0.wp.com\/eltallerdehector.com\/wp-content\/uploads\/2022\/06\/7fac6-logo-instagram-transparent.png?resize=512%2C512&amp;ssl=1\" alt=\"Logo instagram\" width=\"106\" height=\"106\"><\/a><\/p>\n<p>&nbsp;<\/p>\n<p style=\"text-align: center\"><span style=\"color: #ff6600\"><strong>HALLOWEEN 2023<\/strong><\/span><\/p>\n<p style=\"text-align: center\">Todo el centro se ha puesto sus mejores disfraces terror\u00edficos, para poder disfrutar de todas las actividades que, como ya viene siendo habitual cada a\u00f1o, nos tiene preparada nuestra AMPA.<\/p>\n<p style=\"text-align: center\">Volviendo a sorprender, a nuestro alumnado de primaria, con su terror\u00edfico \u00ab<a href=\"https:\/\/www.facebook.com\/watch\/?v=1375039926756578&amp;ref=sharing\" target=\"_blank\" rel=\"noopener noreferrer\">Pasaje del Terror<\/a>\u00ab.<\/p>\n<p style=\"text-align: center\">Y para los m\u00e1s peque\u00f1ines, algo menos terror\u00edfico: \u00ab<a href=\"https:\/\/www.facebook.com\/watch\/?v=3650158001919235&amp;ref=sharing\" target=\"_blank\" rel=\"noopener noreferrer\">Cosas de Brujas<\/a>\u00bb y un divertido \u00ab<a href=\"https:\/\/www.facebook.com\/watch\/?v=1130486944979899\" target=\"_blank\" rel=\"noopener noreferrer\">Musical de Halloween<\/a>\u00ab.<\/p>\n<p>&nbsp;<\/p>\n<p style=\"text-align: center\"><span style=\"color: #ff6600\"><strong>HALLOWEEN CRAFT SHOW 2022<\/strong><\/span><\/p>\n<p style=\"text-align: center\"><a href=\"https:\/\/blogsaverroes.juntadeandalucia.es\/marargentea\/files\/2022\/11\/HALLOWEEN-Craft-Show.jpeg\"><img loading=\"lazy\" decoding=\"async\" class=\" wp-image-4262 aligncenter\" src=\"https:\/\/blogsaverroes.juntadeandalucia.es\/marargentea\/files\/2022\/11\/HALLOWEEN-Craft-Show-300x247.jpeg\" alt=\"\" width=\"675\" height=\"555\" srcset=\"https:\/\/blogsaverroes.juntadeandalucia.es\/marargentea\/files\/2022\/11\/HALLOWEEN-Craft-Show-300x247.jpeg 300w, https:\/\/blogsaverroes.juntadeandalucia.es\/marargentea\/files\/2022\/11\/HALLOWEEN-Craft-Show-1024x843.jpeg 1024w, https:\/\/blogsaverroes.juntadeandalucia.es\/marargentea\/files\/2022\/11\/HALLOWEEN-Craft-Show-768x632.jpeg 768w, https:\/\/blogsaverroes.juntadeandalucia.es\/marargentea\/files\/2022\/11\/HALLOWEEN-Craft-Show-1536x1264.jpeg 1536w, https:\/\/blogsaverroes.juntadeandalucia.es\/marargentea\/files\/2022\/11\/HALLOWEEN-Craft-Show.jpeg 1600w\" sizes=\"(max-width: 675px) 100vw, 675px\" \/><\/a><\/p>\n<p>Gracias a la colaboraci\u00f3n e implicaci\u00f3n del AMPA, nuestros alumnos de primaria pudieron vivir y experimentar un terror\u00edfico lunes de Halloween en el colegio participando en el \u00abPasaje del Terror\u00bb: \u00a1pasen y vean! <a href=\"https:\/\/www.facebook.com\/ampamarargentea\/videos\/803620144206682\" target=\"_blank\" rel=\"noopener noreferrer\">@ampaelolivarmarargentea<\/a><\/p>\n<p>Y los m\u00e1s peque\u00f1os, adem\u00e1s de venir disfrazados, pudieron disfrutar del cuento preparado por las mam\u00e1s del AMPA: <a href=\"https:\/\/drive.google.com\/file\/d\/1_gSa_pxPrZ0MKkiocRNzkxJNj-NpCjvR\/view?usp=share_link\" target=\"_blank\" rel=\"noopener noreferrer\">\u00a1Cuento Monstruoso!<\/a><\/p>\n<p>&nbsp;<\/p>\n<p style=\"text-align: center\"><span style=\"color: #ff6600\"><strong>HALLOWEEN DOORS CONTEST 2021<\/strong><\/span><\/p>\n<p><img loading=\"lazy\" decoding=\"async\" class=\"aligncenter size-full wp-image-3947\" src=\"https:\/\/blogsaverroes.juntadeandalucia.es\/marargentea\/files\/2021\/11\/Puertas-Halloween2122-scaled.jpg\" alt=\"\" width=\"1600\" height=\"1600\" srcset=\"https:\/\/blogsaverroes.juntadeandalucia.es\/marargentea\/files\/2021\/11\/Puertas-Halloween2122-scaled.jpg 1600w, https:\/\/blogsaverroes.juntadeandalucia.es\/marargentea\/files\/2021\/11\/Puertas-Halloween2122-300x300.jpg 300w, https:\/\/blogsaverroes.juntadeandalucia.es\/marargentea\/files\/2021\/11\/Puertas-Halloween2122-1024x1024.jpg 1024w, https:\/\/blogsaverroes.juntadeandalucia.es\/marargentea\/files\/2021\/11\/Puertas-Halloween2122-150x150.jpg 150w, https:\/\/blogsaverroes.juntadeandalucia.es\/marargentea\/files\/2021\/11\/Puertas-Halloween2122-768x768.jpg 768w, https:\/\/blogsaverroes.juntadeandalucia.es\/marargentea\/files\/2021\/11\/Puertas-Halloween2122-1536x1536.jpg 1536w, https:\/\/blogsaverroes.juntadeandalucia.es\/marargentea\/files\/2021\/11\/Puertas-Halloween2122-2048x2048.jpg 2048w\" sizes=\"(max-width: 1600px) 100vw, 1600px\" \/><\/p>\n<p>&nbsp;<\/p>\n<p style=\"text-align: center\"><span style=\"color: #ff6600\"><strong>HALLOWEEN DOORS CONTEST 2020<\/strong><\/span><\/p>\n<div class=\"post-video\"><iframe loading=\"lazy\" title=\"8 de noviembre de 2020\" width=\"1165\" height=\"655\" src=\"https:\/\/www.youtube.com\/embed\/48AcYj9QGV4?feature=oembed\" frameborder=\"0\" allow=\"accelerometer; autoplay; clipboard-write; encrypted-media; gyroscope; picture-in-picture; web-share\" referrerpolicy=\"strict-origin-when-cross-origin\" allowfullscreen><\/iframe><\/div>\n<p>&nbsp;<\/p>\n","protected":false},"excerpt":{"rendered":"<p>A partir del curso 2024\/25 s\u00edguenos para ver nuestras actividades en Instagram: &nbsp; HALLOWEEN 2023 Todo el centro se ha puesto sus mejores disfraces terror\u00edficos, para poder disfrutar de todas las actividades que, como ya viene siendo habitual cada a\u00f1o, nos tiene preparada nuestra AMPA. Volviendo a sorprender, a nuestro alumnado de primaria, con su [&hellip;]<\/p>\n","protected":false},"author":4610,"featured_media":0,"parent":0,"menu_order":0,"comment_status":"closed","ping_status":"closed","template":"","meta":{"ngg_post_thumbnail":0,"footnotes":"","_mc_calendar":[]},"aioseo_notices":[],"_links":{"self":[{"href":"https:\/\/blogsaverroes.juntadeandalucia.es\/marargentea\/wp-json\/wp\/v2\/pages\/3954"}],"collection":[{"href":"https:\/\/blogsaverroes.juntadeandalucia.es\/marargentea\/wp-json\/wp\/v2\/pages"}],"about":[{"href":"https:\/\/blogsaverroes.juntadeandalucia.es\/marargentea\/wp-json\/wp\/v2\/types\/page"}],"author":[{"embeddable":true,"href":"https:\/\/blogsaverroes.juntadeandalucia.es\/marargentea\/wp-json\/wp\/v2\/users\/4610"}],"replies":[{"embeddable":true,"href":"https:\/\/blogsaverroes.juntadeandalucia.es\/marargentea\/wp-json\/wp\/v2\/comments?post=3954"}],"version-history":[{"count":26,"href":"https:\/\/blogsaverroes.juntadeandalucia.es\/marargentea\/wp-json\/wp\/v2\/pages\/3954\/revisions"}],"predecessor-version":[{"id":5877,"href":"https:\/\/blogsaverroes.juntadeandalucia.es\/marargentea\/wp-json\/wp\/v2\/pages\/3954\/revisions\/5877"}],"wp:attachment":[{"href":"https:\/\/blogsaverroes.juntadeandalucia.es\/marargentea\/wp-json\/wp\/v2\/media?parent=3954"}],"curies":[{"name":"wp","href":"https:\/\/api.w.org\/{rel}","templated":true}]}}