{"id":4404,"date":"2023-01-30T22:18:36","date_gmt":"2023-01-30T22:18:36","guid":{"rendered":"http:\/\/blogsaverroes.juntadeandalucia.es\/marargentea\/?page_id=4404"},"modified":"2023-02-16T19:06:36","modified_gmt":"2023-02-16T19:06:36","slug":"30-de-enero-dia-de-la-paz","status":"publish","type":"page","link":"https:\/\/blogsaverroes.juntadeandalucia.es\/marargentea\/30-de-enero-dia-de-la-paz\/","title":{"rendered":"30 de Enero, D\u00eda de la Paz"},"content":{"rendered":"<p>Este lunes 30 de enero todo el colegio se ha reunido, en el patio, para celebrar el d\u00eda de la PAZ.&nbsp;<\/p>\n<p>Todos juntos han formado la palabra PAZ.&nbsp;<\/p>\n<p><img loading=\"lazy\" decoding=\"async\" class=\"aligncenter wp-image-4408\" src=\"https:\/\/blogsaverroes.juntadeandalucia.es\/marargentea\/files\/2023\/02\/1676414662646-300x183.jpg\" alt=\"\" width=\"498\" height=\"304\" srcset=\"https:\/\/blogsaverroes.juntadeandalucia.es\/marargentea\/files\/2023\/02\/1676414662646-300x183.jpg 300w, https:\/\/blogsaverroes.juntadeandalucia.es\/marargentea\/files\/2023\/02\/1676414662646-1024x625.jpg 1024w, https:\/\/blogsaverroes.juntadeandalucia.es\/marargentea\/files\/2023\/02\/1676414662646-768x469.jpg 768w, https:\/\/blogsaverroes.juntadeandalucia.es\/marargentea\/files\/2023\/02\/1676414662646-1536x937.jpg 1536w, https:\/\/blogsaverroes.juntadeandalucia.es\/marargentea\/files\/2023\/02\/1676414662646-2048x1249.jpg 2048w, https:\/\/blogsaverroes.juntadeandalucia.es\/marargentea\/files\/2023\/02\/1676414662646-scaled.jpg 1600w\" sizes=\"(max-width: 498px) 100vw, 498px\" \/><\/p>\n<p>Se ley\u00f3 un manifiesto sobre la PAZ y todos <a title=\"VIDEO\" href=\"https:\/\/drive.google.com\/file\/d\/1QpvO9xumaPw6u5BEpZRxWheIeOoQvapE\/view?usp=share_link\" target=\"_blank\" rel=\"noopener noreferrer\">juntos bailamos la canci\u00f3n \u00abCOLOR ESPERANZA\u00bb<\/a> de Diego Torres.&nbsp;<\/p>\n<p>Nuestro alumnado ha elaborado carteles, durante toda la semana, para trabajar este d\u00eda.&nbsp;<\/p>\n<p><img loading=\"lazy\" decoding=\"async\" class=\"aligncenter wp-image-4405\" src=\"https:\/\/blogsaverroes.juntadeandalucia.es\/marargentea\/files\/2023\/02\/1676413809825-1024x1024.jpg\" alt=\"\" width=\"826\" height=\"826\" srcset=\"https:\/\/blogsaverroes.juntadeandalucia.es\/marargentea\/files\/2023\/02\/1676413809825-1024x1024.jpg 1024w, https:\/\/blogsaverroes.juntadeandalucia.es\/marargentea\/files\/2023\/02\/1676413809825-300x300.jpg 300w, https:\/\/blogsaverroes.juntadeandalucia.es\/marargentea\/files\/2023\/02\/1676413809825-150x150.jpg 150w, https:\/\/blogsaverroes.juntadeandalucia.es\/marargentea\/files\/2023\/02\/1676413809825-768x768.jpg 768w, https:\/\/blogsaverroes.juntadeandalucia.es\/marargentea\/files\/2023\/02\/1676413809825-1536x1536.jpg 1536w, https:\/\/blogsaverroes.juntadeandalucia.es\/marargentea\/files\/2023\/02\/1676413809825-2048x2048.jpg 2048w, https:\/\/blogsaverroes.juntadeandalucia.es\/marargentea\/files\/2023\/02\/1676413809825-scaled.jpg 1600w\" sizes=\"(max-width: 826px) 100vw, 826px\" \/><\/p>\n<!--themify_builder_content-->\n<div id=\"themify_builder_content-4404\" data-postid=\"4404\" class=\"themify_builder_content themify_builder_content-4404 themify_builder tf_clear\">\n    <\/div>\n<!--\/themify_builder_content-->\n","protected":false},"excerpt":{"rendered":"<p>Este lunes 30 de enero todo el colegio se ha reunido, en el patio, para celebrar el d\u00eda de la PAZ.&nbsp; Todos juntos han formado la palabra PAZ.&nbsp; Se ley\u00f3 un manifiesto sobre la PAZ y todos juntos bailamos la canci\u00f3n \u00abCOLOR ESPERANZA\u00bb de Diego Torres.&nbsp; Nuestro alumnado ha elaborado carteles, durante toda la semana, [&hellip;]<\/p>\n","protected":false},"author":13530,"featured_media":0,"parent":0,"menu_order":0,"comment_status":"closed","ping_status":"closed","template":"","meta":{"ngg_post_thumbnail":0,"footnotes":"","_mc_calendar":[]},"aioseo_notices":[],"_links":{"self":[{"href":"https:\/\/blogsaverroes.juntadeandalucia.es\/marargentea\/wp-json\/wp\/v2\/pages\/4404"}],"collection":[{"href":"https:\/\/blogsaverroes.juntadeandalucia.es\/marargentea\/wp-json\/wp\/v2\/pages"}],"about":[{"href":"https:\/\/blogsaverroes.juntadeandalucia.es\/marargentea\/wp-json\/wp\/v2\/types\/page"}],"author":[{"embeddable":true,"href":"https:\/\/blogsaverroes.juntadeandalucia.es\/marargentea\/wp-json\/wp\/v2\/users\/13530"}],"replies":[{"embeddable":true,"href":"https:\/\/blogsaverroes.juntadeandalucia.es\/marargentea\/wp-json\/wp\/v2\/comments?post=4404"}],"version-history":[{"count":7,"href":"https:\/\/blogsaverroes.juntadeandalucia.es\/marargentea\/wp-json\/wp\/v2\/pages\/4404\/revisions"}],"predecessor-version":[{"id":4431,"href":"https:\/\/blogsaverroes.juntadeandalucia.es\/marargentea\/wp-json\/wp\/v2\/pages\/4404\/revisions\/4431"}],"wp:attachment":[{"href":"https:\/\/blogsaverroes.juntadeandalucia.es\/marargentea\/wp-json\/wp\/v2\/media?parent=4404"}],"curies":[{"name":"wp","href":"https:\/\/api.w.org\/{rel}","templated":true}]}}

30 de Enero, Día de la Paz

<p>Este lunes 30 de enero todo el colegio se ha reunido, en el patio, para celebrar el día de la PAZ.&nbsp;</p>
<p>Todos juntos han formado la palabra PAZ.&nbsp;</p>
<p><img loading="lazy" decoding="async" class="aligncenter wp-image-4408" src="https://blogsaverroes.juntadeandalucia.es/marargentea/files/2023/02/1676414662646-300x183.jpg" alt="" width="498" height="304" srcset="https://blogsaverroes.juntadeandalucia.es/marargentea/files/2023/02/1676414662646-300x183.jpg 300w, https://blogsaverroes.juntadeandalucia.es/marargentea/files/2023/02/1676414662646-1024x625.jpg 1024w, https://blogsaverroes.juntadeandalucia.es/marargentea/files/2023/02/1676414662646-768x469.jpg 768w, https://blogsaverroes.juntadeandalucia.es/marargentea/files/2023/02/1676414662646-1536x937.jpg 1536w, https://blogsaverroes.juntadeandalucia.es/marargentea/files/2023/02/1676414662646-2048x1249.jpg 2048w, https://blogsaverroes.juntadeandalucia.es/marargentea/files/2023/02/1676414662646-scaled.jpg 1600w" sizes="(max-width: 498px) 100vw, 498px" /></p>
<p>Se leyó un manifiesto sobre la PAZ y todos <a title="VIDEO" href="https://drive.google.com/file/d/1QpvO9xumaPw6u5BEpZRxWheIeOoQvapE/view?usp=share_link" target="_blank" rel="noopener noreferrer">juntos bailamos la canción «COLOR ESPERANZA»</a> de Diego Torres.&nbsp;</p>
<p>Nuestro alumnado ha elaborado carteles, durante toda la semana, para trabajar este día.&nbsp;</p>
<p><img loading="lazy" decoding="async" class="aligncenter wp-image-4405" src="https://blogsaverroes.juntadeandalucia.es/marargentea/files/2023/02/1676413809825-1024x1024.jpg" alt="" width="826" height="826" srcset="https://blogsaverroes.juntadeandalucia.es/marargentea/files/2023/02/1676413809825-1024x1024.jpg 1024w, https://blogsaverroes.juntadeandalucia.es/marargentea/files/2023/02/1676413809825-300x300.jpg 300w, https://blogsaverroes.juntadeandalucia.es/marargentea/files/2023/02/1676413809825-150x150.jpg 150w, https://blogsaverroes.juntadeandalucia.es/marargentea/files/2023/02/1676413809825-768x768.jpg 768w, https://blogsaverroes.juntadeandalucia.es/marargentea/files/2023/02/1676413809825-1536x1536.jpg 1536w, https://blogsaverroes.juntadeandalucia.es/marargentea/files/2023/02/1676413809825-2048x2048.jpg 2048w, https://blogsaverroes.juntadeandalucia.es/marargentea/files/2023/02/1676413809825-scaled.jpg 1600w" sizes="(max-width: 826px) 100vw, 826px" /></p>
<!--themify_builder_content-->
<div id="themify_builder_content-4404" data-postid="4404" class="themify_builder_content themify_builder_content-4404 themify_builder tf_clear">
    </div>
<!--/themify_builder_content-->

<p>Este lunes 30 de enero todo el colegio se ha reunido, en el patio, para celebrar el día de la PAZ.&nbsp; Todos juntos han formado la palabra PAZ.&nbsp; Se leyó un manifiesto sobre la PAZ y todos juntos bailamos la canción «COLOR ESPERANZA» de Diego Torres.&nbsp; Nuestro alumnado ha elaborado carteles, durante toda la semana, [&hellip;]</p>
