{"id":82,"date":"2015-03-16T06:59:55","date_gmt":"2015-03-16T06:59:55","guid":{"rendered":"http:\/\/blogsaverroes.juntadeandalucia.es\/pre\/ceip\/?page_id=82"},"modified":"2025-09-09T20:03:36","modified_gmt":"2025-09-09T20:03:36","slug":"horarios","status":"publish","type":"page","link":"https:\/\/blogsaverroes.juntadeandalucia.es\/marargentea\/horarios\/","title":{"rendered":"Horarios"},"content":{"rendered":"<p style=\"text-align: center\"><img loading=\"lazy\" decoding=\"async\" class=\"n3VNCb alignnone\" src=\"https:\/\/i.blogs.es\/08030d\/horario-de-verano\/1366_2000.jpg\" alt=\"Cambio de horario, round tres: ya se discute en el Senado si se desaparece el horario de verano en M\u00e9xico\" width=\"220\" height=\"149\" data-noaft=\"1\"> &nbsp;&nbsp;&nbsp;&nbsp;&nbsp;<\/p>\n<h3 style=\"text-align: center\"><strong>El Horario de Secretar\u00eda presencial es de LUNES a JUEVES, <\/strong><\/h3>\n<h3 style=\"text-align: center\"><strong>de 9.00 a 11.00 h<\/strong><\/h3>\n<p>&nbsp;<\/p>\n<h3 style=\"text-align: center\">Cualquier consulta que no requiera presencialidad la pueden realizar&nbsp;a trav\u00e9s del tel\u00e9fono del centro: <span style=\"color: #808080\"><em>951-293-597&nbsp;<\/em><\/span><\/h3>\n<p>&nbsp;<\/p>\n<p style=\"text-align: center\">No se fotocopia ni se imprime documentaci\u00f3n en el centro. Los documentos que vayan a entregar, deben traerlos ya en papel.&nbsp;<\/p>\n<p>&nbsp;<\/p>\n","protected":false},"excerpt":{"rendered":"<p>&nbsp;&nbsp;&nbsp;&nbsp;&nbsp; El Horario de Secretar\u00eda presencial es de LUNES a JUEVES, de 9.00 a 11.00 h &nbsp; Cualquier consulta que no requiera presencialidad la pueden realizar&nbsp;a trav\u00e9s del tel\u00e9fono del centro: 951-293-597&nbsp; &nbsp; No se fotocopia ni se imprime documentaci\u00f3n en el centro. Los documentos que vayan a entregar, deben traerlos ya en papel.&nbsp; &nbsp;<\/p>\n","protected":false},"author":1,"featured_media":0,"parent":0,"menu_order":0,"comment_status":"closed","ping_status":"open","template":"","meta":{"ngg_post_thumbnail":0,"footnotes":"","_mc_calendar":[]},"aioseo_notices":[],"_links":{"self":[{"href":"https:\/\/blogsaverroes.juntadeandalucia.es\/marargentea\/wp-json\/wp\/v2\/pages\/82"}],"collection":[{"href":"https:\/\/blogsaverroes.juntadeandalucia.es\/marargentea\/wp-json\/wp\/v2\/pages"}],"about":[{"href":"https:\/\/blogsaverroes.juntadeandalucia.es\/marargentea\/wp-json\/wp\/v2\/types\/page"}],"author":[{"embeddable":true,"href":"https:\/\/blogsaverroes.juntadeandalucia.es\/marargentea\/wp-json\/wp\/v2\/users\/1"}],"replies":[{"embeddable":true,"href":"https:\/\/blogsaverroes.juntadeandalucia.es\/marargentea\/wp-json\/wp\/v2\/comments?post=82"}],"version-history":[{"count":35,"href":"https:\/\/blogsaverroes.juntadeandalucia.es\/marargentea\/wp-json\/wp\/v2\/pages\/82\/revisions"}],"predecessor-version":[{"id":5892,"href":"https:\/\/blogsaverroes.juntadeandalucia.es\/marargentea\/wp-json\/wp\/v2\/pages\/82\/revisions\/5892"}],"wp:attachment":[{"href":"https:\/\/blogsaverroes.juntadeandalucia.es\/marargentea\/wp-json\/wp\/v2\/media?parent=82"}],"curies":[{"name":"wp","href":"https:\/\/api.w.org\/{rel}","templated":true}]}}