{"id":163,"date":"2020-11-27T16:29:58","date_gmt":"2020-11-27T16:29:58","guid":{"rendered":"https:\/\/blogsaverroes.juntadeandalucia.es\/mariangeleslopez\/?page_id=163"},"modified":"2020-11-28T11:36:44","modified_gmt":"2020-11-28T11:36:44","slug":"contacto","status":"publish","type":"page","link":"https:\/\/blogsaverroes.juntadeandalucia.es\/mariangeleslopez\/contacto\/","title":{"rendered":"CONTACTO"},"content":{"rendered":"<p><span style=\"font-family: tahoma, arial, helvetica, sans-serif\"><strong>E.I. La Ermita<\/strong>.<\/span><\/p>\n<div><span style=\"font-family: tahoma, arial, helvetica, sans-serif\">C\/ Ermita N\u00ba 2<\/span><\/div>\n<div><span style=\"font-family: tahoma, arial, helvetica, sans-serif\">18110 &#8211; Las Gabias.<\/span><\/div>\n<div><span style=\"font-family: tahoma, arial, helvetica, sans-serif\">Granada.<\/span><\/div>\n<div><span style=\"font-family: tahoma, arial, helvetica, sans-serif\">Tel\u00e9fono: 958 893 711 &nbsp; &#8211; &nbsp; Corporativo: 193711<\/span><\/div>\n<div><span style=\"font-family: tahoma, arial, helvetica, sans-serif\">Tel\u00e9fono Fax: 958 893 712<\/span><\/div>\n<div><span style=\"font-family: tahoma, arial, helvetica, sans-serif\">M\u00f3vil: 671 567 675 &nbsp; &nbsp;&#8211; &nbsp; &nbsp;Corporativo: 767675<\/span><\/div>\n<div>&nbsp;<\/div>\n<div><a href=\"http:\/\/iframe%20src=https:\/\/www.google.com\/maps\/embed?pb=!1m14!1m8!1m3!1d12723.07621839799!2d-3.670286!3d37.1344091!3m2!1i1024!2i768!4f13.1!3m3!1m2!1s0x0%3A0xf3b3a55134d528be!2sEscuela%20de%20Educaci%C3%B3n%20Infantil%20la%20Ermita!5e0!3m2!1ses!2ses!4v1606563347869!5m2!1ses!2ses%20width=600%20height=450%20frameborder=0%20style=border:0;%20allowfullscreen=%20aria-hidden=false%20tabindex=0\/iframe\"><iframe loading=\"lazy\" src=\"https:\/\/www.google.com\/maps\/embed?pb=!1m14!1m8!1m3!1d12723.07621839799!2d-3.670286!3d37.1344091!3m2!1i1024!2i768!4f13.1!3m3!1m2!1s0x0%3A0xf3b3a55134d528be!2sEscuela%20de%20Educaci%C3%B3n%20Infantil%20la%20Ermita!5e0!3m2!1ses!2ses!4v1606563347869!5m2!1ses!2ses\" width=\"600\" height=\"450\" frameborder=\"0\"><\/iframe><\/a><\/div>\n","protected":false},"excerpt":{"rendered":"<p>E.I. La Ermita. C\/ Ermita N\u00ba 2 18110 &#8211; Las Gabias. Granada. Tel\u00e9fono: 958 893 711 &nbsp; &#8211; &nbsp; Corporativo: 193711 Tel\u00e9fono Fax: 958 893 712 M\u00f3vil: 671 567 675 &nbsp; &nbsp;&#8211; &nbsp; &nbsp;Corporativo:&#46;&#46;&#46;<\/p>\n","protected":false},"author":11299,"featured_media":0,"parent":0,"menu_order":0,"comment_status":"closed","ping_status":"closed","template":"","meta":{"ngg_post_thumbnail":0,"footnotes":""},"aioseo_notices":[],"_links":{"self":[{"href":"https:\/\/blogsaverroes.juntadeandalucia.es\/mariangeleslopez\/wp-json\/wp\/v2\/pages\/163"}],"collection":[{"href":"https:\/\/blogsaverroes.juntadeandalucia.es\/mariangeleslopez\/wp-json\/wp\/v2\/pages"}],"about":[{"href":"https:\/\/blogsaverroes.juntadeandalucia.es\/mariangeleslopez\/wp-json\/wp\/v2\/types\/page"}],"author":[{"embeddable":true,"href":"https:\/\/blogsaverroes.juntadeandalucia.es\/mariangeleslopez\/wp-json\/wp\/v2\/users\/11299"}],"replies":[{"embeddable":true,"href":"https:\/\/blogsaverroes.juntadeandalucia.es\/mariangeleslopez\/wp-json\/wp\/v2\/comments?post=163"}],"version-history":[{"count":7,"href":"https:\/\/blogsaverroes.juntadeandalucia.es\/mariangeleslopez\/wp-json\/wp\/v2\/pages\/163\/revisions"}],"predecessor-version":[{"id":216,"href":"https:\/\/blogsaverroes.juntadeandalucia.es\/mariangeleslopez\/wp-json\/wp\/v2\/pages\/163\/revisions\/216"}],"wp:attachment":[{"href":"https:\/\/blogsaverroes.juntadeandalucia.es\/mariangeleslopez\/wp-json\/wp\/v2\/media?parent=163"}],"curies":[{"name":"wp","href":"https:\/\/api.w.org\/{rel}","templated":true}]}}

<p><span style="font-family: tahoma, arial, helvetica, sans-serif"><strong>E.I. La Ermita</strong>.</span></p>
<div><span style="font-family: tahoma, arial, helvetica, sans-serif">C/ Ermita Nº 2</span></div>
<div><span style="font-family: tahoma, arial, helvetica, sans-serif">18110 &#8211; Las Gabias.</span></div>
<div><span style="font-family: tahoma, arial, helvetica, sans-serif">Granada.</span></div>
<div><span style="font-family: tahoma, arial, helvetica, sans-serif">Teléfono: 958 893 711 &nbsp; &#8211; &nbsp; Corporativo: 193711</span></div>
<div><span style="font-family: tahoma, arial, helvetica, sans-serif">Teléfono Fax: 958 893 712</span></div>
<div><span style="font-family: tahoma, arial, helvetica, sans-serif">Móvil: 671 567 675 &nbsp; &nbsp;&#8211; &nbsp; &nbsp;Corporativo: 767675</span></div>
<div>&nbsp;</div>
<div><a href="http://iframe%20src=https://www.google.com/maps/embed?pb=!1m14!1m8!1m3!1d12723.07621839799!2d-3.670286!3d37.1344091!3m2!1i1024!2i768!4f13.1!3m3!1m2!1s0x0%3A0xf3b3a55134d528be!2sEscuela%20de%20Educaci%C3%B3n%20Infantil%20la%20Ermita!5e0!3m2!1ses!2ses!4v1606563347869!5m2!1ses!2ses%20width=600%20height=450%20frameborder=0%20style=border:0;%20allowfullscreen=%20aria-hidden=false%20tabindex=0/iframe"><iframe loading="lazy" src="https://www.google.com/maps/embed?pb=!1m14!1m8!1m3!1d12723.07621839799!2d-3.670286!3d37.1344091!3m2!1i1024!2i768!4f13.1!3m3!1m2!1s0x0%3A0xf3b3a55134d528be!2sEscuela%20de%20Educaci%C3%B3n%20Infantil%20la%20Ermita!5e0!3m2!1ses!2ses!4v1606563347869!5m2!1ses!2ses" width="600" height="450" frameborder="0"></iframe></a></div>

<p>E.I. La Ermita. C/ Ermita Nº 2 18110 &#8211; Las Gabias. Granada. Teléfono: 958 893 711 &nbsp; &#8211; &nbsp; Corporativo: 193711 Teléfono Fax: 958 893 712 Móvil: 671 567 675 &nbsp; &nbsp;&#8211; &nbsp; &nbsp;Corporativo:&#46;&#46;&#46;</p>
