{"id":36,"date":"2022-09-13T10:03:11","date_gmt":"2022-09-13T10:03:11","guid":{"rendered":"https:\/\/blogsaverroes.juntadeandalucia.es\/matematicas1eso\/?page_id=36"},"modified":"2022-09-15T07:26:24","modified_gmt":"2022-09-15T07:26:24","slug":"a-sentido-numerico","status":"publish","type":"page","link":"https:\/\/blogsaverroes.juntadeandalucia.es\/matematicas1eso\/","title":{"rendered":"P\u00e1gina principal"},"content":{"rendered":"<p><a href=\"https:\/\/blogsaverroes.juntadeandalucia.es\/matematicas1eso\/repaso-inicial\/\">REPASO INICIAL<\/a><\/p>\n<p>A. SENTIDO NUM\u00c9RICO<\/p>\n<ol>\n<li><a href=\"https:\/\/blogsaverroes.juntadeandalucia.es\/matematicas1eso\/1-numeros-naturales-potencias-y-raices\/\">N\u00fameros naturales. Potencias y ra\u00edces.<\/a><\/li>\n<li>Divisibilidad<\/li>\n<\/ol>\n<p>&nbsp;<\/p>\n<p>B. SENTIDO DE LA MEDIDA<\/p>\n","protected":false},"excerpt":{"rendered":"<p>REPASO INICIAL A. SENTIDO NUM\u00c9RICO N\u00fameros naturales. Potencias y ra\u00edces. Divisibilidad &nbsp; B. SENTIDO DE LA MEDIDA<\/p>\n","protected":false},"author":10606,"featured_media":0,"parent":0,"menu_order":0,"comment_status":"closed","ping_status":"closed","template":"","meta":{"ngg_post_thumbnail":0,"footnotes":""},"aioseo_notices":[],"_links":{"self":[{"href":"https:\/\/blogsaverroes.juntadeandalucia.es\/matematicas1eso\/wp-json\/wp\/v2\/pages\/36"}],"collection":[{"href":"https:\/\/blogsaverroes.juntadeandalucia.es\/matematicas1eso\/wp-json\/wp\/v2\/pages"}],"about":[{"href":"https:\/\/blogsaverroes.juntadeandalucia.es\/matematicas1eso\/wp-json\/wp\/v2\/types\/page"}],"author":[{"embeddable":true,"href":"https:\/\/blogsaverroes.juntadeandalucia.es\/matematicas1eso\/wp-json\/wp\/v2\/users\/10606"}],"replies":[{"embeddable":true,"href":"https:\/\/blogsaverroes.juntadeandalucia.es\/matematicas1eso\/wp-json\/wp\/v2\/comments?post=36"}],"version-history":[{"count":5,"href":"https:\/\/blogsaverroes.juntadeandalucia.es\/matematicas1eso\/wp-json\/wp\/v2\/pages\/36\/revisions"}],"predecessor-version":[{"id":58,"href":"https:\/\/blogsaverroes.juntadeandalucia.es\/matematicas1eso\/wp-json\/wp\/v2\/pages\/36\/revisions\/58"}],"wp:attachment":[{"href":"https:\/\/blogsaverroes.juntadeandalucia.es\/matematicas1eso\/wp-json\/wp\/v2\/media?parent=36"}],"curies":[{"name":"wp","href":"https:\/\/api.w.org\/{rel}","templated":true}]}}