{"id":77,"date":"2024-01-09T22:18:03","date_gmt":"2024-01-09T22:18:03","guid":{"rendered":"https:\/\/blogsaverroes.juntadeandalucia.es\/matesconinma\/?page_id=77"},"modified":"2024-05-27T20:01:04","modified_gmt":"2024-05-27T20:01:04","slug":"1o-bachillerato","status":"publish","type":"page","link":"https:\/\/blogsaverroes.juntadeandalucia.es\/matesconinma\/1o-bachillerato\/","title":{"rendered":"1\u00ba BACHILLERATO"},"content":{"rendered":"<p>\u00bfQU\u00c9 ES LA DERIVADA DE UNA FUNCI\u00d3N?<\/p>\n<table style=\"border-collapse: collapse;width: 91.363%;height: 404px\">\n<tbody>\n<tr>\n<td style=\"width: 50%\">\n<div class=\"post-video\"><iframe loading=\"lazy\" title=\"\u00bfQu\u00e9 es la derivada? El concepto gr\u00e1fico de derivada. \u00bfQu\u00e9 es doblegar la curva?\" width=\"1165\" height=\"655\" src=\"https:\/\/www.youtube.com\/embed\/YH1WfIT6TFg?feature=oembed\" frameborder=\"0\" allow=\"accelerometer; autoplay; clipboard-write; encrypted-media; gyroscope; picture-in-picture; web-share\" referrerpolicy=\"strict-origin-when-cross-origin\" allowfullscreen><\/iframe><\/div>\n<\/td>\n<td style=\"width: 50%\">&nbsp;<\/td>\n<\/tr>\n<\/tbody>\n<\/table>\n<p id=\"yui_3_17_2_1_1716839539908_793\" dir=\"ltr\">PRACTICA EL C\u00c1LCULO DE LA FUNCI\u00d3N DERIVADA, A PARTIR DE LA DEFINICI\u00d3N DE DERIVADA.<\/p>\n<p id=\"yui_3_17_2_1_1716839539908_794\" dir=\"ltr\"><img decoding=\"async\" id=\"yui_3_17_2_1_1716839539908_795\" class=\"img-fluid\" role=\"presentation\" src=\"https:\/\/educacionadistancia.juntadeandalucia.es\/centros\/granada\/draftfile.php\/113090\/user\/draft\/616501268\/image.png\" alt=\"\"><\/p>\n<p>&nbsp;<\/p>\n<!--themify_builder_content-->\n<div id=\"themify_builder_content-77\" data-postid=\"77\" class=\"themify_builder_content themify_builder_content-77 themify_builder tf_clear\">\n    <\/div>\n<!--\/themify_builder_content-->\n","protected":false},"excerpt":{"rendered":"<p>\u00bfQU\u00c9 ES LA DERIVADA DE UNA FUNCI\u00d3N? &nbsp; PRACTICA EL C\u00c1LCULO DE LA FUNCI\u00d3N DERIVADA, A PARTIR DE LA DEFINICI\u00d3N DE DERIVADA. &nbsp;<\/p>\n","protected":false},"author":18498,"featured_media":0,"parent":0,"menu_order":0,"comment_status":"closed","ping_status":"closed","template":"","meta":{"ngg_post_thumbnail":0,"footnotes":"","_mc_calendar":[]},"aioseo_notices":[],"_links":{"self":[{"href":"https:\/\/blogsaverroes.juntadeandalucia.es\/matesconinma\/wp-json\/wp\/v2\/pages\/77"}],"collection":[{"href":"https:\/\/blogsaverroes.juntadeandalucia.es\/matesconinma\/wp-json\/wp\/v2\/pages"}],"about":[{"href":"https:\/\/blogsaverroes.juntadeandalucia.es\/matesconinma\/wp-json\/wp\/v2\/types\/page"}],"author":[{"embeddable":true,"href":"https:\/\/blogsaverroes.juntadeandalucia.es\/matesconinma\/wp-json\/wp\/v2\/users\/18498"}],"replies":[{"embeddable":true,"href":"https:\/\/blogsaverroes.juntadeandalucia.es\/matesconinma\/wp-json\/wp\/v2\/comments?post=77"}],"version-history":[{"count":10,"href":"https:\/\/blogsaverroes.juntadeandalucia.es\/matesconinma\/wp-json\/wp\/v2\/pages\/77\/revisions"}],"predecessor-version":[{"id":172,"href":"https:\/\/blogsaverroes.juntadeandalucia.es\/matesconinma\/wp-json\/wp\/v2\/pages\/77\/revisions\/172"}],"wp:attachment":[{"href":"https:\/\/blogsaverroes.juntadeandalucia.es\/matesconinma\/wp-json\/wp\/v2\/media?parent=77"}],"curies":[{"name":"wp","href":"https:\/\/api.w.org\/{rel}","templated":true}]}}