{"id":2477,"date":"2017-11-02T18:11:30","date_gmt":"2017-11-02T18:11:30","guid":{"rendered":"https:\/\/blogsaverroes.juntadeandalucia.es\/medialuna\/?page_id=2477"},"modified":"2017-11-02T18:11:30","modified_gmt":"2017-11-02T18:11:30","slug":"familias","status":"publish","type":"page","link":"https:\/\/blogsaverroes.juntadeandalucia.es\/medialuna\/familias\/","title":{"rendered":"Familias"},"content":{"rendered":"<h1>Portal de la Junta de Andaluc\u00eda<\/h1>\n<p><a href=\"http:\/\/www.juntadeandalucia.es\/temas\/familias-igualdad.html\"><img loading=\"lazy\" decoding=\"async\" class=\"aligncenter size-full wp-image-2478\" src=\"https:\/\/blogsaverroes.juntadeandalucia.es\/medialuna\/files\/2017\/11\/junta_andalucia.jpg\" alt=\"\" width=\"210\" height=\"210\" srcset=\"https:\/\/blogsaverroes.juntadeandalucia.es\/medialuna\/files\/2017\/11\/junta_andalucia.jpg 210w, https:\/\/blogsaverroes.juntadeandalucia.es\/medialuna\/files\/2017\/11\/junta_andalucia-150x150.jpg 150w, https:\/\/blogsaverroes.juntadeandalucia.es\/medialuna\/files\/2017\/11\/junta_andalucia-100x100.jpg 100w, https:\/\/blogsaverroes.juntadeandalucia.es\/medialuna\/files\/2017\/11\/junta_andalucia-24x24.jpg 24w, https:\/\/blogsaverroes.juntadeandalucia.es\/medialuna\/files\/2017\/11\/junta_andalucia-36x36.jpg 36w, https:\/\/blogsaverroes.juntadeandalucia.es\/medialuna\/files\/2017\/11\/junta_andalucia-48x48.jpg 48w\" sizes=\"(max-width: 210px) 100vw, 210px\" \/><\/a><\/p>\n<p style=\"text-align: center\">Pincha en la imagen<\/p>\n<p style=\"text-align: left\">&nbsp;<\/p>\n<p style=\"text-align: left\">Portal de la Junta de Andaluc\u00eda con numerosos enlaces sobre diversidad de temas relacionados con la familia y la igualdad.<\/p>\n<p style=\"text-align: left\">&nbsp;<\/p>\n<h1 style=\"text-align: left\">Observatorio de la infancia<\/h1>\n<p><a href=\"http:\/\/www.observatoriodelainfancia.es\/oia\/esp\/index.aspx\"><img loading=\"lazy\" decoding=\"async\" class=\"aligncenter size-medium wp-image-2479\" src=\"https:\/\/blogsaverroes.juntadeandalucia.es\/medialuna\/files\/2017\/11\/infancia-300x58.jpg\" alt=\"\" width=\"300\" height=\"58\"><\/a><\/p>\n<p style=\"text-align: center\">Pincha en la imagen<\/p>\n<p style=\"text-align: center\">&nbsp;<\/p>\n<p style=\"text-align: left\">El&nbsp;<strong>Observatorio de la Infancia en Andaluc\u00eda<\/strong>&nbsp;(OIA) es un \u00f3rgano consultivo y de propuesta, adscrito a la Direcci\u00f3n General de Infancia y Familias de la Consejer\u00eda de Igualdad y Pol\u00edticas Sociales de la Junta de Andaluc\u00eda&nbsp;, que tiene por objeto el desarrollo de las actuaciones de investigaci\u00f3n, formaci\u00f3n y documentaci\u00f3n, as\u00ed como el establecimiento de un sistema de informaci\u00f3n y documentaci\u00f3n que permita el adecuado conocimiento, an\u00e1lisis t\u00e9cnico, seguimiento, evoluci\u00f3n y difusi\u00f3n p\u00fablica de los asuntos relacionados con los derechos y la atenci\u00f3n a la poblaci\u00f3n menor de 18 a\u00f1os.<\/p>\n<p style=\"text-align: left\">&nbsp;<\/p>\n<h1 style=\"text-align: left\">Foro Andaluz de la infancia<\/h1>\n<p><a href=\"https:\/\/drive.google.com\/drive\/folders\/0BzuxtGf2pB9db2k0QUtIZHJxUXc\"><img loading=\"lazy\" decoding=\"async\" class=\"aligncenter size-medium wp-image-2480\" src=\"https:\/\/blogsaverroes.juntadeandalucia.es\/medialuna\/files\/2017\/11\/foro_infancia-300x72.jpg\" alt=\"\" width=\"300\" height=\"72\" srcset=\"https:\/\/blogsaverroes.juntadeandalucia.es\/medialuna\/files\/2017\/11\/foro_infancia-300x72.jpg 300w, https:\/\/blogsaverroes.juntadeandalucia.es\/medialuna\/files\/2017\/11\/foro_infancia-24x6.jpg 24w, https:\/\/blogsaverroes.juntadeandalucia.es\/medialuna\/files\/2017\/11\/foro_infancia-36x9.jpg 36w, https:\/\/blogsaverroes.juntadeandalucia.es\/medialuna\/files\/2017\/11\/foro_infancia-48x12.jpg 48w, https:\/\/blogsaverroes.juntadeandalucia.es\/medialuna\/files\/2017\/11\/foro_infancia.jpg 458w\" sizes=\"(max-width: 300px) 100vw, 300px\" \/><\/a><\/p>\n<p style=\"text-align: center\">Pincha en la imagen<\/p>\n<p style=\"text-align: center\">&nbsp;<\/p>\n<p style=\"text-align: left\">En este documento se recoge una selecci\u00f3n de enlaces a diversas p\u00e1ginas web que ofrecen informaci\u00f3n y recursos sobre algunas de las cuestiones m\u00e1s importantes relacionadas con la vida familiar y la educaci\u00f3n de hijos e hijas.<\/p>\n","protected":false},"excerpt":{"rendered":"<p>Portal de la Junta de Andaluc\u00eda Pincha en la imagen &nbsp; Portal de la Junta de Andaluc\u00eda con numerosos enlaces sobre diversidad de temas relacionados con la familia y la igualdad. &nbsp; Observatorio de&#46;&#46;&#46;<\/p>\n","protected":false},"author":5217,"featured_media":0,"parent":0,"menu_order":0,"comment_status":"closed","ping_status":"closed","template":"","meta":{"ngg_post_thumbnail":0,"footnotes":"","_mc_calendar":[]},"aioseo_notices":[],"_links":{"self":[{"href":"https:\/\/blogsaverroes.juntadeandalucia.es\/medialuna\/wp-json\/wp\/v2\/pages\/2477"}],"collection":[{"href":"https:\/\/blogsaverroes.juntadeandalucia.es\/medialuna\/wp-json\/wp\/v2\/pages"}],"about":[{"href":"https:\/\/blogsaverroes.juntadeandalucia.es\/medialuna\/wp-json\/wp\/v2\/types\/page"}],"author":[{"embeddable":true,"href":"https:\/\/blogsaverroes.juntadeandalucia.es\/medialuna\/wp-json\/wp\/v2\/users\/5217"}],"replies":[{"embeddable":true,"href":"https:\/\/blogsaverroes.juntadeandalucia.es\/medialuna\/wp-json\/wp\/v2\/comments?post=2477"}],"version-history":[{"count":1,"href":"https:\/\/blogsaverroes.juntadeandalucia.es\/medialuna\/wp-json\/wp\/v2\/pages\/2477\/revisions"}],"predecessor-version":[{"id":2481,"href":"https:\/\/blogsaverroes.juntadeandalucia.es\/medialuna\/wp-json\/wp\/v2\/pages\/2477\/revisions\/2481"}],"wp:attachment":[{"href":"https:\/\/blogsaverroes.juntadeandalucia.es\/medialuna\/wp-json\/wp\/v2\/media?parent=2477"}],"curies":[{"name":"wp","href":"https:\/\/api.w.org\/{rel}","templated":true}]}}

<h1>Portal de la Junta de Andalucía</h1>
<p><a href="http://www.juntadeandalucia.es/temas/familias-igualdad.html"><img loading="lazy" decoding="async" class="aligncenter size-full wp-image-2478" src="https://blogsaverroes.juntadeandalucia.es/medialuna/files/2017/11/junta_andalucia.jpg" alt="" width="210" height="210" srcset="https://blogsaverroes.juntadeandalucia.es/medialuna/files/2017/11/junta_andalucia.jpg 210w, https://blogsaverroes.juntadeandalucia.es/medialuna/files/2017/11/junta_andalucia-150x150.jpg 150w, https://blogsaverroes.juntadeandalucia.es/medialuna/files/2017/11/junta_andalucia-100x100.jpg 100w, https://blogsaverroes.juntadeandalucia.es/medialuna/files/2017/11/junta_andalucia-24x24.jpg 24w, https://blogsaverroes.juntadeandalucia.es/medialuna/files/2017/11/junta_andalucia-36x36.jpg 36w, https://blogsaverroes.juntadeandalucia.es/medialuna/files/2017/11/junta_andalucia-48x48.jpg 48w" sizes="(max-width: 210px) 100vw, 210px" /></a></p>
<p style="text-align: center">Pincha en la imagen</p>
<p style="text-align: left">&nbsp;</p>
<p style="text-align: left">Portal de la Junta de Andalucía con numerosos enlaces sobre diversidad de temas relacionados con la familia y la igualdad.</p>
<p style="text-align: left">&nbsp;</p>
<h1 style="text-align: left">Observatorio de la infancia</h1>
<p><a href="http://www.observatoriodelainfancia.es/oia/esp/index.aspx"><img loading="lazy" decoding="async" class="aligncenter size-medium wp-image-2479" src="https://blogsaverroes.juntadeandalucia.es/medialuna/files/2017/11/infancia-300x58.jpg" alt="" width="300" height="58"></a></p>
<p style="text-align: center">Pincha en la imagen</p>
<p style="text-align: center">&nbsp;</p>
<p style="text-align: left">El&nbsp;<strong>Observatorio de la Infancia en Andalucía</strong>&nbsp;(OIA) es un órgano consultivo y de propuesta, adscrito a la Dirección General de Infancia y Familias de la Consejería de Igualdad y Políticas Sociales de la Junta de Andalucía&nbsp;, que tiene por objeto el desarrollo de las actuaciones de investigación, formación y documentación, así como el establecimiento de un sistema de información y documentación que permita el adecuado conocimiento, análisis técnico, seguimiento, evolución y difusión pública de los asuntos relacionados con los derechos y la atención a la población menor de 18 años.</p>
<p style="text-align: left">&nbsp;</p>
<h1 style="text-align: left">Foro Andaluz de la infancia</h1>
<p><a href="https://drive.google.com/drive/folders/0BzuxtGf2pB9db2k0QUtIZHJxUXc"><img loading="lazy" decoding="async" class="aligncenter size-medium wp-image-2480" src="https://blogsaverroes.juntadeandalucia.es/medialuna/files/2017/11/foro_infancia-300x72.jpg" alt="" width="300" height="72" srcset="https://blogsaverroes.juntadeandalucia.es/medialuna/files/2017/11/foro_infancia-300x72.jpg 300w, https://blogsaverroes.juntadeandalucia.es/medialuna/files/2017/11/foro_infancia-24x6.jpg 24w, https://blogsaverroes.juntadeandalucia.es/medialuna/files/2017/11/foro_infancia-36x9.jpg 36w, https://blogsaverroes.juntadeandalucia.es/medialuna/files/2017/11/foro_infancia-48x12.jpg 48w, https://blogsaverroes.juntadeandalucia.es/medialuna/files/2017/11/foro_infancia.jpg 458w" sizes="(max-width: 300px) 100vw, 300px" /></a></p>
<p style="text-align: center">Pincha en la imagen</p>
<p style="text-align: center">&nbsp;</p>
<p style="text-align: left">En este documento se recoge una selección de enlaces a diversas páginas web que ofrecen información y recursos sobre algunas de las cuestiones más importantes relacionadas con la vida familiar y la educación de hijos e hijas.</p>

<p>Portal de la Junta de Andalucía Pincha en la imagen &nbsp; Portal de la Junta de Andalucía con numerosos enlaces sobre diversidad de temas relacionados con la familia y la igualdad. &nbsp; Observatorio de&#46;&#46;&#46;</p>
