{"id":35,"date":"2015-03-13T08:21:43","date_gmt":"2015-03-13T08:21:43","guid":{"rendered":"http:\/\/blogsaverroes.juntadeandalucia.es\/pre\/ceip\/?page_id=35"},"modified":"2020-10-04T18:34:17","modified_gmt":"2020-10-04T18:34:17","slug":"el-centro-2","status":"publish","type":"page","link":"https:\/\/blogsaverroes.juntadeandalucia.es\/medialuna\/el-centro-2\/","title":{"rendered":"Datos del centro"},"content":{"rendered":"<h4>&nbsp;<\/h4>\n<p>La Escuela Infantil Media Luna, es un centro educativo p\u00fablico, perteneciente a la Junta de Andaluc\u00eda, en el que se imparte el segundo ciclo de Educaci\u00f3n Infantil. Somos un colegio de l\u00ednea 3 y al ser el \u00fanico p\u00fablico de la localidad, acoge a la mayor parte de los alumnos y alumnas de 3, 4 y 5 a\u00f1os del pueblo<\/p>\n<p>Se encuentra ubicado en la localidad de Pinos Puente, provincia de Granada. Si quieres conocer este bonito pueblo, visita la web de <a href=\"http:\/\/www.pinospuente.es\/\">Pinos Puente<\/a>.<\/p>\n<h4><em><strong>Datos de contacto<\/strong><\/em><\/h4>\n<h1>Escuela Infantil Media Luna<\/h1>\n<p><strong>C\u00f3digo del centro:<\/strong>18602179<\/p>\n<p>&nbsp;<\/p>\n<p><strong>Direcci\u00f3n:<\/strong>&nbsp;&nbsp;Carretera de C\u00f3rdoba n\u00ba 11. 18240 Pinos Puente (Granada)<\/p>\n<p><strong>Tel\u00e9fono \/ Fax \/ M\u00f3vil: <\/strong>958893274 \/&nbsp;958893275 \/&nbsp;671565529<br \/>\n<strong>Email:<\/strong>&nbsp;<\/p>\n<p><a href=\"mailto:18602179.edu@juntadeandalucia.es\">18602179.edu@juntadeandalucia.es<\/a><\/p>\n<p><a href=\"mailto:eimedialuna@gmail.com\">eimedialuna@gmail.com<\/a><\/p>\n<p><strong>Facebook:&nbsp;<\/strong><a href=\"https:\/\/www.facebook.com\/escuelainfantilmedialuna\/\">https:\/\/www.facebook.com\/escuelainfantilmedialuna\/<\/a><\/p>\n<p><iframe loading=\"lazy\" src=\"https:\/\/www.google.com\/maps\/embed?pb=!1m14!1m8!1m3!1d6351.575040016657!2d-3.7542438!3d37.2527485!3m2!1i1024!2i768!4f13.1!3m3!1m2!1s0xd6dffef1bfe527f%3A0xa65640861d3dcf07!2sEI+Media+Luna!5e0!3m2!1ses!2ses!4v1506000684035\" width=\"600\" height=\"450\" frameborder=\"0\"><\/iframe><\/p>\n<p>&nbsp;<\/p>\n<h4><em><strong>Instalaciones y recursos<\/strong><\/em><\/h4>\n<p>La Escuela Infantil Media Luna se ubica en un edificio de tres plantas donde se distribuyen:<\/p>\n<div>\n<ul>\n<li>9 aulas de Educaci\u00f3n Infantil, 3 de ellas con ba\u00f1o integrado en las clases.<\/li>\n<li>1 aula de Pedagog\u00eda Terap\u00e9utica y otra de Audici\u00f3n y Lenguaje.<\/li>\n<li>2 salas de almacenamiento de material.<\/li>\n<li>Espacios educativos varios: Biblioteca, Sala de Usos M\u00faltiples, Aula de Ingl\u00e9s, Aula de coeducaci\u00f3n <em>\u00abLa Casita\u00bb<\/em>.<\/li>\n<li>Aula para uso del AMPA.<\/li>\n<li>Despachos.<\/li>\n<li>Sala de profesores.<\/li>\n<li>Anexo al mismo se encuentra otro edificio donde se localiza el comedor escolar.<\/li>\n<\/ul>\n<div>Como espacios exteriores, contamos con un amplio patio donde se distinguen varias zonas:<\/div>\n<\/div>\n<div>\n<ul>\n<li>Zona cubierta.<\/li>\n<li>Zona de juego libre.<\/li>\n<li>Zona de columpios.<\/li>\n<li>Zona de arenero.<\/li>\n<\/ul>\n<div>Nuestro centro cuenta con un amplio banco de recursos para desarrollar el proceso de ense\u00f1anza-aprendizaje.&nbsp;De esta manera, todas las clases est\u00e1n dotadas de abundante material did\u00e1ctico y educativo y todas ellas cuentan con, al menos, un ordenador. Actualmente disponemos de 5 pizarras digitales que est\u00e1n distribuidas en los diferentes niveles para que todos los alumnos tengan acceso a las mismas. Igualmente, disponemos de material para que sea utilizado en la zona de arenero y en los momentos &nbsp;de psicomotricidad.<\/div>\n<\/div>\n<div>&nbsp;<\/div>\n<div style=\"text-align: center\"><strong>\u00bfQUIERES CONOCER MEJOR NUESTRO COLE?<\/strong><\/div>\n<p><iframe loading=\"lazy\" title=\"Escuela Infantil  Media Luna\" width=\"500\" height=\"281\" src=\"https:\/\/www.youtube.com\/embed\/bjhLn9w6Ux8?feature=oembed&#038;wmode=opaque\" frameborder=\"0\" allow=\"accelerometer; autoplay; clipboard-write; encrypted-media; gyroscope; picture-in-picture; web-share\" referrerpolicy=\"strict-origin-when-cross-origin\" allowfullscreen><\/iframe><\/p>\n<p>&nbsp;<\/p>\n","protected":false},"excerpt":{"rendered":"<p>&nbsp; La Escuela Infantil Media Luna, es un centro educativo p\u00fablico, perteneciente a la Junta de Andaluc\u00eda, en el que se imparte el segundo ciclo de Educaci\u00f3n Infantil. Somos un colegio de l\u00ednea 3&#46;&#46;&#46;<\/p>\n","protected":false},"author":1,"featured_media":0,"parent":0,"menu_order":0,"comment_status":"closed","ping_status":"open","template":"page-cs.php","meta":{"ngg_post_thumbnail":0,"footnotes":"","_mc_calendar":[]},"aioseo_notices":[],"_links":{"self":[{"href":"https:\/\/blogsaverroes.juntadeandalucia.es\/medialuna\/wp-json\/wp\/v2\/pages\/35"}],"collection":[{"href":"https:\/\/blogsaverroes.juntadeandalucia.es\/medialuna\/wp-json\/wp\/v2\/pages"}],"about":[{"href":"https:\/\/blogsaverroes.juntadeandalucia.es\/medialuna\/wp-json\/wp\/v2\/types\/page"}],"author":[{"embeddable":true,"href":"https:\/\/blogsaverroes.juntadeandalucia.es\/medialuna\/wp-json\/wp\/v2\/users\/1"}],"replies":[{"embeddable":true,"href":"https:\/\/blogsaverroes.juntadeandalucia.es\/medialuna\/wp-json\/wp\/v2\/comments?post=35"}],"version-history":[{"count":38,"href":"https:\/\/blogsaverroes.juntadeandalucia.es\/medialuna\/wp-json\/wp\/v2\/pages\/35\/revisions"}],"predecessor-version":[{"id":5886,"href":"https:\/\/blogsaverroes.juntadeandalucia.es\/medialuna\/wp-json\/wp\/v2\/pages\/35\/revisions\/5886"}],"wp:attachment":[{"href":"https:\/\/blogsaverroes.juntadeandalucia.es\/medialuna\/wp-json\/wp\/v2\/media?parent=35"}],"curies":[{"name":"wp","href":"https:\/\/api.w.org\/{rel}","templated":true}]}}