{"id":434,"date":"2015-03-20T07:07:50","date_gmt":"2015-03-20T07:07:50","guid":{"rendered":"http:\/\/blogsaverroes.juntadeandalucia.es\/pre\/ceip\/?page_id=434"},"modified":"2020-03-13T19:16:01","modified_gmt":"2020-03-13T18:16:01","slug":"materiales-recursos","status":"publish","type":"page","link":"https:\/\/blogsaverroes.juntadeandalucia.es\/menendezypelayo\/ed-primaria-2o-ciclo\/materiales-recursos\/","title":{"rendered":"E.P. 2\u00ba ciclo. Materiales, recursos&#8230;"},"content":{"rendered":"<p><a href=\"https:\/\/flippedprimary.wixsite.com\/appmovil\" target=\"_blank\" rel=\"noopener noreferrer\"><img loading=\"lazy\" decoding=\"async\" class=\"alignnone size-medium\" src=\"https:\/\/static.wixstatic.com\/media\/80c422_65150c7401024bed8cef59687462ab8e~mv2.png\/v1\/fill\/w_152,h_152,al_c,q_85,usm_1.20_1.00_0.01\/80c422_65150c7401024bed8cef59687462ab8e~mv2.webp\" width=\"152\" height=\"152\"><\/a><\/p>\n<p><a href=\"https:\/\/flippedprimary.wixsite.com\/appmovil\" target=\"_blank\" rel=\"noopener noreferrer\">Flippedprimary: <\/a>V\u00eddeos para todas las \u00e1reas y niveles para repasar y ampliar informaci\u00f3n.<\/p>\n<p><a href=\"http:\/\/www.ayudaparamaestros.com\/2019\/05\/806-recursos-y-actividades-tic-para.html?m=1\" target=\"_blank\" rel=\"noopener noreferrer\"><img loading=\"lazy\" decoding=\"async\" class=\"alignnone\" src=\"https:\/\/3.bp.blogspot.com\/-6AqiQ60Ertw\/XMmlEum6sHI\/AAAAAAAAN18\/0Bb53h6U9UwysLS239jEOtOR6r8I5GzAACLcBGAs\/s280\/AAAA-1.jpg\" alt=\"\" width=\"280\" height=\"235\"><\/a><\/p>\n<p><a href=\"http:\/\/www.ayudaparamaestros.com\/2019\/05\/806-recursos-y-actividades-tic-para.html?m=1\" target=\"_blank\" rel=\"noopener noreferrer\">Recursos y actividades TIC para E. Primaria clasificados por \u00e1reas<\/a><\/p>\n<p><a href=\"https:\/\/www.mundoprimaria.com\/\" target=\"_blank\" rel=\"noopener noreferrer\"><img loading=\"lazy\" decoding=\"async\" class=\"alignnone size-medium\" src=\"https:\/\/www.mundoprimaria.com\/wp-content\/themes\/bootstrap-basic-child\/img\/logo.png\" width=\"479\" height=\"68\"><\/a><\/p>\n<p><a href=\"https:\/\/www.mundoprimaria.com\/\" target=\"_blank\" rel=\"noopener noreferrer\">Mundo Primaria:<\/a> Portal de recursos TIC para todos los niveles<\/p>\n<p><a href=\"http:\/\/www.aprendiendomates.com\/\"><img loading=\"lazy\" decoding=\"async\" class=\"alignnone \" src=\"http:\/\/www.aprendiendomates.com\/objetos\/banner_aprendiendo_mates.jpg\" width=\"402\" height=\"73\"><\/a><\/p>\n<p><a href=\"http:\/\/www.aprendiendomates.com\/\" target=\"_blank\" rel=\"noopener noreferrer\">Aprendiendomates<\/a>: ejercicios variados con diferentes niveles de dificultad. Ofrece la opci\u00f3n de identificarse e ir guardando los resultados.<\/p>\n<p>&nbsp;<\/p>\n<p>&nbsp;<\/p>\n","protected":false},"excerpt":{"rendered":"<p>Flippedprimary: V\u00eddeos para todas las \u00e1reas y niveles para repasar y ampliar informaci\u00f3n. Recursos y actividades TIC para E. Primaria clasificados por \u00e1reas Mundo Primaria: Portal de recursos TIC para todos los niveles Aprendiendomates:&#46;&#46;&#46;<\/p>\n","protected":false},"author":1,"featured_media":0,"parent":432,"menu_order":0,"comment_status":"open","ping_status":"open","template":"","meta":{"ngg_post_thumbnail":0,"footnotes":"","_mc_calendar":[]},"aioseo_notices":[],"_links":{"self":[{"href":"https:\/\/blogsaverroes.juntadeandalucia.es\/menendezypelayo\/wp-json\/wp\/v2\/pages\/434"}],"collection":[{"href":"https:\/\/blogsaverroes.juntadeandalucia.es\/menendezypelayo\/wp-json\/wp\/v2\/pages"}],"about":[{"href":"https:\/\/blogsaverroes.juntadeandalucia.es\/menendezypelayo\/wp-json\/wp\/v2\/types\/page"}],"author":[{"embeddable":true,"href":"https:\/\/blogsaverroes.juntadeandalucia.es\/menendezypelayo\/wp-json\/wp\/v2\/users\/1"}],"replies":[{"embeddable":true,"href":"https:\/\/blogsaverroes.juntadeandalucia.es\/menendezypelayo\/wp-json\/wp\/v2\/comments?post=434"}],"version-history":[{"count":10,"href":"https:\/\/blogsaverroes.juntadeandalucia.es\/menendezypelayo\/wp-json\/wp\/v2\/pages\/434\/revisions"}],"predecessor-version":[{"id":2350,"href":"https:\/\/blogsaverroes.juntadeandalucia.es\/menendezypelayo\/wp-json\/wp\/v2\/pages\/434\/revisions\/2350"}],"up":[{"embeddable":true,"href":"https:\/\/blogsaverroes.juntadeandalucia.es\/menendezypelayo\/wp-json\/wp\/v2\/pages\/432"}],"wp:attachment":[{"href":"https:\/\/blogsaverroes.juntadeandalucia.es\/menendezypelayo\/wp-json\/wp\/v2\/media?parent=434"}],"curies":[{"name":"wp","href":"https:\/\/api.w.org\/{rel}","templated":true}]}}