{"id":44,"date":"2015-03-13T08:42:15","date_gmt":"2015-03-13T08:42:15","guid":{"rendered":"http:\/\/blogsaverroes.juntadeandalucia.es\/pre\/ceip\/?page_id=44"},"modified":"2022-12-13T11:17:18","modified_gmt":"2022-12-13T10:17:18","slug":"planes-y-proyectos","status":"publish","type":"page","link":"https:\/\/blogsaverroes.juntadeandalucia.es\/menendezypelayo\/planes-y-proyectos\/","title":{"rendered":"Planes y Programas"},"content":{"rendered":"<p>Nuestro centro desarrolla los siguientes Planes y Programas de la Consejer\u00eda de Educaci\u00f3n.<\/p>\n<ul>\n<li><strong><a href=\"https:\/\/blogsaverroes.juntadeandalucia.es\/menendezypelayo\/planes-y-proyectos\/plan-de-igualdad\/\" target=\"_blank\" rel=\"noopener noreferrer\">Plan de Igualdad<\/a><\/strong><\/li>\n<li><strong>Plan de apertura.<\/strong><\/li>\n<li><strong>Proyecto biling\u00fce.<\/strong><\/li>\n<li><strong>Escuela espacio de paz<\/strong><\/li>\n<li><strong>Plan de lectura y bibliotecas<\/strong><\/li>\n<li><strong>Centro TIC\/ Escuela TIC 2.0<\/strong><\/li>\n<li><strong>PRODIG (Proyecto para la digitalizaci\u00f3n de centros)<\/strong><\/li>\n<li><strong>Proyecto \u00abCreciendo en salud\u00bb<\/strong><\/li>\n<li><strong>Programa Aldea<\/strong><\/li>\n<li><strong>Proyecto STEAM<\/strong><\/li>\n<li><strong>Proyecto DIGICRAFT<\/strong><\/li>\n<\/ul>\n<p>&nbsp;<\/p>\n","protected":false},"excerpt":{"rendered":"<p>Nuestro centro desarrolla los siguientes Planes y Programas de la Consejer\u00eda de Educaci\u00f3n. Plan de Igualdad Plan de apertura. Proyecto biling\u00fce. Escuela espacio de paz Plan de lectura y bibliotecas Centro TIC\/ Escuela TIC&#46;&#46;&#46;<\/p>\n","protected":false},"author":1,"featured_media":0,"parent":0,"menu_order":0,"comment_status":"open","ping_status":"closed","template":"","meta":{"ngg_post_thumbnail":0,"footnotes":"","_mc_calendar":[]},"aioseo_notices":[],"_links":{"self":[{"href":"https:\/\/blogsaverroes.juntadeandalucia.es\/menendezypelayo\/wp-json\/wp\/v2\/pages\/44"}],"collection":[{"href":"https:\/\/blogsaverroes.juntadeandalucia.es\/menendezypelayo\/wp-json\/wp\/v2\/pages"}],"about":[{"href":"https:\/\/blogsaverroes.juntadeandalucia.es\/menendezypelayo\/wp-json\/wp\/v2\/types\/page"}],"author":[{"embeddable":true,"href":"https:\/\/blogsaverroes.juntadeandalucia.es\/menendezypelayo\/wp-json\/wp\/v2\/users\/1"}],"replies":[{"embeddable":true,"href":"https:\/\/blogsaverroes.juntadeandalucia.es\/menendezypelayo\/wp-json\/wp\/v2\/comments?post=44"}],"version-history":[{"count":8,"href":"https:\/\/blogsaverroes.juntadeandalucia.es\/menendezypelayo\/wp-json\/wp\/v2\/pages\/44\/revisions"}],"predecessor-version":[{"id":2661,"href":"https:\/\/blogsaverroes.juntadeandalucia.es\/menendezypelayo\/wp-json\/wp\/v2\/pages\/44\/revisions\/2661"}],"wp:attachment":[{"href":"https:\/\/blogsaverroes.juntadeandalucia.es\/menendezypelayo\/wp-json\/wp\/v2\/media?parent=44"}],"curies":[{"name":"wp","href":"https:\/\/api.w.org\/{rel}","templated":true}]}}

<p>Nuestro centro desarrolla los siguientes Planes y Programas de la Consejería de Educación.</p>
<ul>
<li><strong><a href="https://blogsaverroes.juntadeandalucia.es/menendezypelayo/planes-y-proyectos/plan-de-igualdad/" target="_blank" rel="noopener noreferrer">Plan de Igualdad</a></strong></li>
<li><strong>Plan de apertura.</strong></li>
<li><strong>Proyecto bilingüe.</strong></li>
<li><strong>Escuela espacio de paz</strong></li>
<li><strong>Plan de lectura y bibliotecas</strong></li>
<li><strong>Centro TIC/ Escuela TIC 2.0</strong></li>
<li><strong>PRODIG (Proyecto para la digitalización de centros)</strong></li>
<li><strong>Proyecto «Creciendo en salud»</strong></li>
<li><strong>Programa Aldea</strong></li>
<li><strong>Proyecto STEAM</strong></li>
<li><strong>Proyecto DIGICRAFT</strong></li>
</ul>
<p>&nbsp;</p>

<p>Nuestro centro desarrolla los siguientes Planes y Programas de la Consejería de Educación. Plan de Igualdad Plan de apertura. Proyecto bilingüe. Escuela espacio de paz Plan de lectura y bibliotecas Centro TIC/ Escuela TIC&#46;&#46;&#46;</p>
