{"id":2854,"date":"2022-12-08T13:26:34","date_gmt":"2022-12-08T12:26:34","guid":{"rendered":"https:\/\/blogsaverroes.juntadeandalucia.es\/sepieandwoman\/?page_id=2854"},"modified":"2022-12-08T13:26:34","modified_gmt":"2022-12-08T12:26:34","slug":"quien-soy-yo","status":"publish","type":"page","link":"https:\/\/blogsaverroes.juntadeandalucia.es\/miaventuraensepie2\/quien-soy-yo\/","title":{"rendered":"\u00bfQUI\u00c9N SOY YO?"},"content":{"rendered":"<p><span style=\"font-weight: 400\">Mi nombre es Mar\u00eda Teresa y as\u00ed era como normalmente mi madre se dirig\u00eda a m\u00ed cuando el d\u00eda cog\u00eda un tinte complicado. Ahora este nombre qued\u00f3 para el papeleo y la burocracia porque para el colegio me vest\u00ed de Maite, mucho m\u00e1s corto y f\u00e1cil de recordar.<\/span><\/p>\n<p><span style=\"font-weight: 400\">Nuestro colegio es &nbsp;beneficiario de la financiaci\u00f3n de la Comunidad Europea desde 2017 y pensamos que la mejor manera para hacer difusi\u00f3n del crecimiento de nuestro centro, de nuestro profesorado y de nuestro alumnado (que incluso no saliendo, se benefician) podr\u00eda ser a trav\u00e9s de las p\u00e1ginas de este blog <\/span><span>que<\/span><span> se ha convertido en la mejor terapia que encontr\u00e9 para combatir el des\u00e1nimo <\/span>donde las entradas son cortitas y cercanas procurando no cansar al personal<span>. Al escribir consigo enga\u00f1arme o autoconvencerme que todo puede ir a mejor. No s\u00e9 si enga\u00f1o al tiempo, si me enga\u00f1o a m\u00ed misma o si consigo enga\u00f1ar a otros. S\u00ed aprend\u00ed, a lo largo de estos a\u00f1os, a evitar l\u00edos que aflojan la intensidad de mi trabajo, que restan fuerza a mi ilusi\u00f3n; aprend\u00ed a arrejuntarme a personas-l\u00edos que me hacen crecer. Tambi\u00e9n, que a fuerza de mirar bien muchas cosas acaban derivando a mejor.<\/span> .&nbsp;<\/p>\n<p><span style=\"font-weight: 400\">Durante un tiempo publiqu\u00e9 una vez a la semana, a<\/span>ctualmente alterno semanas con quincenas. Mi d\u00eda preferido para publicar es el domingo porque puedo levantarme pronto y aprovechar mientras todos duermen para corregir. Cuando entro al blog me gusta comprobar el n\u00famero de visitas que ha recibido cada una de mis publicaciones por eso uso los n\u00fameros romanos. Si me acerco a cien visitas en cada entrada, bailoteo como una posesa.<\/p>\n<p>\u00bfY mi centro? El CPR Monte Chullo se encuentra en las estribaciones de Sierra Nevada, es el \u00faltimo pueblo de la provincia de Granada antes de entrar en Almer\u00eda o el primero de Granada si vienes por la A92 desde Almer\u00eda. Es un centro muy peque\u00f1ito con tres ubicaciones distintas: D\u00f3lar, Hu\u00e9neja (donde se encuentra la sede) y La Huertezuela, anejo de Hu\u00e9neja. El equipo que formamos es muy echado p\u2019alante.<\/p>\n","protected":false},"excerpt":{"rendered":"<p>Mi nombre es Mar\u00eda Teresa y as\u00ed era como normalmente mi madre se dirig\u00eda a m\u00ed cuando el d\u00eda cog\u00eda un tinte complicado. Ahora este nombre qued\u00f3 para el papeleo y la burocracia porque&#46;&#46;&#46;<\/p>\n","protected":false},"author":7760,"featured_media":0,"parent":0,"menu_order":0,"comment_status":"closed","ping_status":"closed","template":"","meta":{"ngg_post_thumbnail":0,"footnotes":""},"aioseo_notices":[],"_links":{"self":[{"href":"https:\/\/blogsaverroes.juntadeandalucia.es\/miaventuraensepie2\/wp-json\/wp\/v2\/pages\/2854"}],"collection":[{"href":"https:\/\/blogsaverroes.juntadeandalucia.es\/miaventuraensepie2\/wp-json\/wp\/v2\/pages"}],"about":[{"href":"https:\/\/blogsaverroes.juntadeandalucia.es\/miaventuraensepie2\/wp-json\/wp\/v2\/types\/page"}],"author":[{"embeddable":true,"href":"https:\/\/blogsaverroes.juntadeandalucia.es\/miaventuraensepie2\/wp-json\/wp\/v2\/users\/7760"}],"replies":[{"embeddable":true,"href":"https:\/\/blogsaverroes.juntadeandalucia.es\/miaventuraensepie2\/wp-json\/wp\/v2\/comments?post=2854"}],"version-history":[{"count":0,"href":"https:\/\/blogsaverroes.juntadeandalucia.es\/miaventuraensepie2\/wp-json\/wp\/v2\/pages\/2854\/revisions"}],"wp:attachment":[{"href":"https:\/\/blogsaverroes.juntadeandalucia.es\/miaventuraensepie2\/wp-json\/wp\/v2\/media?parent=2854"}],"curies":[{"name":"wp","href":"https:\/\/api.w.org\/{rel}","templated":true}]}}