{"id":108,"date":"2023-02-21T11:14:30","date_gmt":"2023-02-21T10:14:30","guid":{"rendered":"https:\/\/blogsaverroes.juntadeandalucia.es\/miblogdemates\/?page_id=108"},"modified":"2023-02-21T11:47:02","modified_gmt":"2023-02-21T10:47:02","slug":"fotos","status":"publish","type":"page","link":"https:\/\/blogsaverroes.juntadeandalucia.es\/miblogdemates\/fotos\/","title":{"rendered":"FOTOS 1\u00ba"},"content":{"rendered":"<p>Os mostramos aqu\u00ed&nbsp; fotos de algunas de las actividades que hacemos con nuestro alumnado en clase.&nbsp; S\u00f3lo es un ejemplo.<\/p>\n<p>En este <a href=\"https:\/\/drive.google.com\/drive\/folders\/1kr41qTpiElpDTwh8w1b5MlFHC4CYcwHP?usp=share_link\">enlace<\/a> puedes ver muchas m\u00e1s.<\/p>\n<p><img loading=\"lazy\" decoding=\"async\" class=\"alignnone size-medium wp-image-159\" src=\"https:\/\/blogsaverroes.juntadeandalucia.es\/miblogdemates\/files\/2023\/02\/DC5C31CD-B590-49DA-831A-7F53FA9C55F5-225x300.jpeg\" alt=\"\" width=\"225\" height=\"300\" srcset=\"https:\/\/blogsaverroes.juntadeandalucia.es\/miblogdemates\/files\/2023\/02\/DC5C31CD-B590-49DA-831A-7F53FA9C55F5-225x300.jpeg 225w, https:\/\/blogsaverroes.juntadeandalucia.es\/miblogdemates\/files\/2023\/02\/DC5C31CD-B590-49DA-831A-7F53FA9C55F5.jpeg 768w\" sizes=\"(max-width: 225px) 100vw, 225px\" \/>.&nbsp; &nbsp; &nbsp; &nbsp; &nbsp; <img loading=\"lazy\" decoding=\"async\" class=\"alignnone size-medium wp-image-160\" src=\"https:\/\/blogsaverroes.juntadeandalucia.es\/miblogdemates\/files\/2023\/02\/E9ADB84A-858B-4AC1-B3FF-DC11504F640D-225x300.jpeg\" alt=\"\" width=\"225\" height=\"300\" srcset=\"https:\/\/blogsaverroes.juntadeandalucia.es\/miblogdemates\/files\/2023\/02\/E9ADB84A-858B-4AC1-B3FF-DC11504F640D-225x300.jpeg 225w, https:\/\/blogsaverroes.juntadeandalucia.es\/miblogdemates\/files\/2023\/02\/E9ADB84A-858B-4AC1-B3FF-DC11504F640D.jpeg 768w\" sizes=\"(max-width: 225px) 100vw, 225px\" \/>.&nbsp; &nbsp; &nbsp; &nbsp; &nbsp;&nbsp;<\/p>\n","protected":false},"excerpt":{"rendered":"<p>Os mostramos aqu\u00ed&nbsp; fotos de algunas de las actividades que hacemos con nuestro alumnado en clase.&nbsp; S\u00f3lo es un ejemplo. En este enlace puedes ver muchas m\u00e1s. .&nbsp; &nbsp; &nbsp; &nbsp; &nbsp; .&nbsp; &nbsp;&#46;&#46;&#46;<\/p>\n","protected":false},"author":9424,"featured_media":0,"parent":0,"menu_order":0,"comment_status":"closed","ping_status":"closed","template":"","meta":{"ngg_post_thumbnail":0,"footnotes":""},"aioseo_notices":[],"_links":{"self":[{"href":"https:\/\/blogsaverroes.juntadeandalucia.es\/miblogdemates\/wp-json\/wp\/v2\/pages\/108"}],"collection":[{"href":"https:\/\/blogsaverroes.juntadeandalucia.es\/miblogdemates\/wp-json\/wp\/v2\/pages"}],"about":[{"href":"https:\/\/blogsaverroes.juntadeandalucia.es\/miblogdemates\/wp-json\/wp\/v2\/types\/page"}],"author":[{"embeddable":true,"href":"https:\/\/blogsaverroes.juntadeandalucia.es\/miblogdemates\/wp-json\/wp\/v2\/users\/9424"}],"replies":[{"embeddable":true,"href":"https:\/\/blogsaverroes.juntadeandalucia.es\/miblogdemates\/wp-json\/wp\/v2\/comments?post=108"}],"version-history":[{"count":4,"href":"https:\/\/blogsaverroes.juntadeandalucia.es\/miblogdemates\/wp-json\/wp\/v2\/pages\/108\/revisions"}],"predecessor-version":[{"id":161,"href":"https:\/\/blogsaverroes.juntadeandalucia.es\/miblogdemates\/wp-json\/wp\/v2\/pages\/108\/revisions\/161"}],"wp:attachment":[{"href":"https:\/\/blogsaverroes.juntadeandalucia.es\/miblogdemates\/wp-json\/wp\/v2\/media?parent=108"}],"curies":[{"name":"wp","href":"https:\/\/api.w.org\/{rel}","templated":true}]}}