{"id":11,"date":"2022-11-07T10:57:59","date_gmt":"2022-11-07T10:57:59","guid":{"rendered":"https:\/\/blogsaverroes.juntadeandalucia.es\/miblogdemates\/?page_id=11"},"modified":"2023-02-02T11:59:01","modified_gmt":"2023-02-02T10:59:01","slug":"nuestro-planteamiento-matematico","status":"publish","type":"page","link":"https:\/\/blogsaverroes.juntadeandalucia.es\/miblogdemates\/nuestro-planteamiento-matematico\/","title":{"rendered":"Nuestro planteamiento matem\u00e1tico"},"content":{"rendered":"<p>Nuestro planteamiento matem\u00e1tico surge de la necesidad que el claustro observa de llevar a cabo una ense\u00f1anza de las matem\u00e1ticas de forma coordinada, com\u00fan y teniendo en cuenta una serie de m\u00ednimos y m\u00e1ximos en cada uno de los niveles&#8230;..<\/p>\n<p>Durante el curso 20\/21, en el seno del ETCP, se cre\u00f3 este planteamiento matem\u00e1tico para nuestro centro, que abarca desde la etapa de Ed. Infantil hasta 6\u00ba de Ed. Primaria.<\/p>\n<p><a href=\"https:\/\/docs.google.com\/document\/d\/1ExWRUtDMruwUWyKR6Sr8_P57UsTs6OcB\/edit?usp=sharing&amp;ouid=109590585450741340305&amp;rtpof=true&amp;sd=true\">Pincha aqu\u00ed<\/a> si quiere conocer el contenido completo de este documento.<\/p>\n","protected":false},"excerpt":{"rendered":"<p>Nuestro planteamiento matem\u00e1tico surge de la necesidad que el claustro observa de llevar a cabo una ense\u00f1anza de las matem\u00e1ticas de forma coordinada, com\u00fan y teniendo en cuenta una serie de m\u00ednimos y m\u00e1ximos&#46;&#46;&#46;<\/p>\n","protected":false},"author":9424,"featured_media":0,"parent":0,"menu_order":0,"comment_status":"closed","ping_status":"closed","template":"","meta":{"ngg_post_thumbnail":0,"footnotes":""},"aioseo_notices":[],"_links":{"self":[{"href":"https:\/\/blogsaverroes.juntadeandalucia.es\/miblogdemates\/wp-json\/wp\/v2\/pages\/11"}],"collection":[{"href":"https:\/\/blogsaverroes.juntadeandalucia.es\/miblogdemates\/wp-json\/wp\/v2\/pages"}],"about":[{"href":"https:\/\/blogsaverroes.juntadeandalucia.es\/miblogdemates\/wp-json\/wp\/v2\/types\/page"}],"author":[{"embeddable":true,"href":"https:\/\/blogsaverroes.juntadeandalucia.es\/miblogdemates\/wp-json\/wp\/v2\/users\/9424"}],"replies":[{"embeddable":true,"href":"https:\/\/blogsaverroes.juntadeandalucia.es\/miblogdemates\/wp-json\/wp\/v2\/comments?post=11"}],"version-history":[{"count":4,"href":"https:\/\/blogsaverroes.juntadeandalucia.es\/miblogdemates\/wp-json\/wp\/v2\/pages\/11\/revisions"}],"predecessor-version":[{"id":85,"href":"https:\/\/blogsaverroes.juntadeandalucia.es\/miblogdemates\/wp-json\/wp\/v2\/pages\/11\/revisions\/85"}],"wp:attachment":[{"href":"https:\/\/blogsaverroes.juntadeandalucia.es\/miblogdemates\/wp-json\/wp\/v2\/media?parent=11"}],"curies":[{"name":"wp","href":"https:\/\/api.w.org\/{rel}","templated":true}]}}

Nuestro planteamiento matemático

<p>Nuestro planteamiento matemático surge de la necesidad que el claustro observa de llevar a cabo una enseñanza de las matemáticas de forma coordinada, común y teniendo en cuenta una serie de mínimos y máximos en cada uno de los niveles&#8230;..</p>
<p>Durante el curso 20/21, en el seno del ETCP, se creó este planteamiento matemático para nuestro centro, que abarca desde la etapa de Ed. Infantil hasta 6º de Ed. Primaria.</p>
<p><a href="https://docs.google.com/document/d/1ExWRUtDMruwUWyKR6Sr8_P57UsTs6OcB/edit?usp=sharing&amp;ouid=109590585450741340305&amp;rtpof=true&amp;sd=true">Pincha aquí</a> si quiere conocer el contenido completo de este documento.</p>

<p>Nuestro planteamiento matemático surge de la necesidad que el claustro observa de llevar a cabo una enseñanza de las matemáticas de forma coordinada, común y teniendo en cuenta una serie de mínimos y máximos&#46;&#46;&#46;</p>
