{"id":128,"date":"2021-11-30T17:37:34","date_gmt":"2021-11-30T17:37:34","guid":{"rendered":"https:\/\/blogsaverroes.juntadeandalucia.es\/miblogfisicayquimica\/?page_id=128"},"modified":"2022-04-23T18:45:40","modified_gmt":"2022-04-23T18:45:40","slug":"3o-eso","status":"publish","type":"page","link":"https:\/\/blogsaverroes.juntadeandalucia.es\/miblogfisicayquimica\/3o-eso\/","title":{"rendered":"3\u00ba ESO"},"content":{"rendered":"<p>Unidad 1: La actividad cient\u00edfica.<\/p>\n<p>Unidad 2: Gases y disoluciones.<\/p>\n<p>Unidad 3: El \u00e1tomo y la tabla peri\u00f3dica.<\/p>\n<p>Formulaci\u00f3n.<\/p>\n<p><a href=\"https:\/\/blogsaverroes.juntadeandalucia.es\/miblogfisicayquimica\/files\/2021\/12\/Formulaci\u00f3n-teor\u00eda-3\u00ba-eso.pdf\">Formulaci\u00f3n teor\u00eda 3\u00ba eso<\/a><\/p>\n<p><a href=\"https:\/\/blogsaverroes.juntadeandalucia.es\/miblogfisicayquimica\/files\/2021\/12\/Sales-binarias.pdf\">Sales binarias<\/a><\/p>\n<p><a href=\"https:\/\/blogsaverroes.juntadeandalucia.es\/miblogfisicayquimica\/files\/2021\/12\/Hidruros.pdf\">Hidruros<\/a><\/p>\n<p><a href=\"https:\/\/blogsaverroes.juntadeandalucia.es\/miblogfisicayquimica\/files\/2021\/12\/Ejercicios-Formulaci\u00f3n-\u00f3xidos.pdf\">Ejercicios Formulaci\u00f3n \u00f3xidos<\/a><\/p>\n<p><a href=\"https:\/\/blogsaverroes.juntadeandalucia.es\/miblogfisicayquimica\/files\/2021\/12\/Ejercicios-Formulaci\u00f3n-OXO\u00c1CIDOS.pdf\">Ejercicios Formulaci\u00f3n OXO\u00c1CIDOS<\/a><\/p>\n<p><a href=\"https:\/\/blogsaverroes.juntadeandalucia.es\/miblogfisicayquimica\/files\/2021\/12\/Ejercicios-formulaci\u00f3n-HIDR\u00d3XIDOS.pdf\">Ejercicios formulaci\u00f3n HIDR\u00d3XIDOS<\/a><\/p>\n<p>Unidad 4: Uniones entre \u00e1tomos.<\/p>\n<p>Ley&nbsp; de Gravitaci\u00f3n Universal.<\/p>\n<p>Explicaci\u00f3n te\u00f3rica.<\/p>\n<p><iframe loading=\"lazy\" title=\"Gravitaci\u00f3n 3\u00ba ESO\" width=\"500\" height=\"281\" src=\"https:\/\/www.youtube.com\/embed\/UVVc01qo1bg?feature=oembed&#038;wmode=opaque\" frameborder=\"0\" allow=\"accelerometer; autoplay; clipboard-write; encrypted-media; gyroscope; picture-in-picture\" allowfullscreen><\/iframe><\/p>\n<p>Ley de Gravitaci\u00f3n Universal. Geogebra. Primera parte.<\/p>\n<p><iframe loading=\"lazy\" title=\"Gravitaci\u00f3n. Utilizando Geogebra.\" width=\"500\" height=\"281\" src=\"https:\/\/www.youtube.com\/embed\/DA9V1zB4b8A?feature=oembed&#038;wmode=opaque\" frameborder=\"0\" allow=\"accelerometer; autoplay; clipboard-write; encrypted-media; gyroscope; picture-in-picture\" allowfullscreen><\/iframe><\/p>\n<p>Ley de Gravitaci\u00f3n Universal. Geogebra. Segunda parte.<\/p>\n<p><iframe loading=\"lazy\" title=\"Gravitaci\u00f3n. Geogebra segunda parte.\" width=\"500\" height=\"281\" src=\"https:\/\/www.youtube.com\/embed\/f7IqEsigrqo?feature=oembed&#038;wmode=opaque\" frameborder=\"0\" allow=\"accelerometer; autoplay; clipboard-write; encrypted-media; gyroscope; picture-in-picture\" allowfullscreen><\/iframe><\/p>\n","protected":false},"excerpt":{"rendered":"<p>Unidad 1: La actividad cient\u00edfica. Unidad 2: Gases y disoluciones. Unidad 3: El \u00e1tomo y la tabla peri\u00f3dica. Formulaci\u00f3n. Formulaci\u00f3n teor\u00eda 3\u00ba eso Sales binarias Hidruros Ejercicios Formulaci\u00f3n \u00f3xidos Ejercicios Formulaci\u00f3n OXO\u00c1CIDOS Ejercicios formulaci\u00f3n&#46;&#46;&#46;<\/p>\n","protected":false},"author":14062,"featured_media":0,"parent":0,"menu_order":0,"comment_status":"closed","ping_status":"closed","template":"","meta":{"ngg_post_thumbnail":0,"footnotes":""},"aioseo_notices":[],"_links":{"self":[{"href":"https:\/\/blogsaverroes.juntadeandalucia.es\/miblogfisicayquimica\/wp-json\/wp\/v2\/pages\/128"}],"collection":[{"href":"https:\/\/blogsaverroes.juntadeandalucia.es\/miblogfisicayquimica\/wp-json\/wp\/v2\/pages"}],"about":[{"href":"https:\/\/blogsaverroes.juntadeandalucia.es\/miblogfisicayquimica\/wp-json\/wp\/v2\/types\/page"}],"author":[{"embeddable":true,"href":"https:\/\/blogsaverroes.juntadeandalucia.es\/miblogfisicayquimica\/wp-json\/wp\/v2\/users\/14062"}],"replies":[{"embeddable":true,"href":"https:\/\/blogsaverroes.juntadeandalucia.es\/miblogfisicayquimica\/wp-json\/wp\/v2\/comments?post=128"}],"version-history":[{"count":5,"href":"https:\/\/blogsaverroes.juntadeandalucia.es\/miblogfisicayquimica\/wp-json\/wp\/v2\/pages\/128\/revisions"}],"predecessor-version":[{"id":188,"href":"https:\/\/blogsaverroes.juntadeandalucia.es\/miblogfisicayquimica\/wp-json\/wp\/v2\/pages\/128\/revisions\/188"}],"wp:attachment":[{"href":"https:\/\/blogsaverroes.juntadeandalucia.es\/miblogfisicayquimica\/wp-json\/wp\/v2\/media?parent=128"}],"curies":[{"name":"wp","href":"https:\/\/api.w.org\/{rel}","templated":true}]}}