{"id":44,"date":"2015-03-13T08:42:15","date_gmt":"2015-03-13T08:42:15","guid":{"rendered":"http:\/\/blogsaverroes.juntadeandalucia.es\/pre\/ceip\/?page_id=44"},"modified":"2025-07-07T09:52:47","modified_gmt":"2025-07-07T08:52:47","slug":"planes-y-proyectos","status":"publish","type":"page","link":"https:\/\/blogsaverroes.juntadeandalucia.es\/migueldecervantesfuengirola\/planes-y-proyectos\/","title":{"rendered":"Planes y Programas"},"content":{"rendered":"<p>Durante el presente curso escolar&nbsp; el CEIP Miguel de Cervantes participa en los siguientes planes y programas:&nbsp;<\/p>\n<ul>\n<li><strong>Plan de igualdad.<\/strong><\/li>\n<li><strong>Plan de apertura.<\/strong><\/li>\n<li><strong>Plan de autoprotecci\u00f3n.<\/strong><\/li>\n<li><strong>Red Andaluza Escuela espacio de paz.<\/strong><\/li>\n<li><strong>Plan de convivencia escolar.<\/strong><\/li>\n<li><strong>Plan de h\u00e1bitos de vida saludable:<\/strong> Creciendo en Salud.<\/li>\n<\/ul>\n<p><a href=\"https:\/\/blogsaverroes.juntadeandalucia.es\/migueldecervantesfuengirola\/files\/2021\/03\/PLAN-DE-ACTUACI\u00d3N-CRECIENDO-EN-SALUD.pdf\">PLAN DE ACTUACI\u00d3N CRECIENDO EN SALUD<\/a><\/p>\n<ul>\n<li><strong>Plan practicum grado maestro.<\/strong><\/li>\n<li><strong>Programa de acompa\u00f1amiento escolar<\/strong><\/li>\n<li><strong>Programa deporte en la escuela.(+DEPORTE)<\/strong><\/li>\n<li>Red de <strong>bibliotecas escolares<\/strong>.&nbsp;<\/li>\n<\/ul>\n<p>01 Seguimiento Propuestas para experimentaci\u00f3n, innovaci\u00f3n e investigaci\u00f3n&nbsp;<\/p>\n<p><a title=\"IMPLANTACI\u00d3N PLANES, PROYECTOS Y PROGRAMAS 2024\/2025\" href=\"http:\/\/IMPLANTACI\u00d3N PLANES, PROYECTOS Y PROGRAMAS 2024\/2025\">https:\/\/docs.google.com\/document\/d\/1XvEj-4i8ZrEF09x1Ky4ygYDgOjtqoeFs\/edit?usp=sharing&amp;ouid=110077563822124747550&amp;rtpof=true&amp;sd=true<\/a><\/p>\n","protected":false},"excerpt":{"rendered":"<p>Durante el presente curso escolar&nbsp; el CEIP Miguel de Cervantes participa en los siguientes planes y programas:&nbsp; Plan de igualdad. Plan de apertura. Plan de autoprotecci\u00f3n. Red Andaluza Escuela espacio de paz. Plan de&#46;&#46;&#46;<\/p>\n","protected":false},"author":1,"featured_media":0,"parent":0,"menu_order":0,"comment_status":"closed","ping_status":"closed","template":"","meta":{"ngg_post_thumbnail":0,"footnotes":"","_mc_calendar":[]},"aioseo_notices":[],"_links":{"self":[{"href":"https:\/\/blogsaverroes.juntadeandalucia.es\/migueldecervantesfuengirola\/wp-json\/wp\/v2\/pages\/44"}],"collection":[{"href":"https:\/\/blogsaverroes.juntadeandalucia.es\/migueldecervantesfuengirola\/wp-json\/wp\/v2\/pages"}],"about":[{"href":"https:\/\/blogsaverroes.juntadeandalucia.es\/migueldecervantesfuengirola\/wp-json\/wp\/v2\/types\/page"}],"author":[{"embeddable":true,"href":"https:\/\/blogsaverroes.juntadeandalucia.es\/migueldecervantesfuengirola\/wp-json\/wp\/v2\/users\/1"}],"replies":[{"embeddable":true,"href":"https:\/\/blogsaverroes.juntadeandalucia.es\/migueldecervantesfuengirola\/wp-json\/wp\/v2\/comments?post=44"}],"version-history":[{"count":12,"href":"https:\/\/blogsaverroes.juntadeandalucia.es\/migueldecervantesfuengirola\/wp-json\/wp\/v2\/pages\/44\/revisions"}],"predecessor-version":[{"id":3734,"href":"https:\/\/blogsaverroes.juntadeandalucia.es\/migueldecervantesfuengirola\/wp-json\/wp\/v2\/pages\/44\/revisions\/3734"}],"wp:attachment":[{"href":"https:\/\/blogsaverroes.juntadeandalucia.es\/migueldecervantesfuengirola\/wp-json\/wp\/v2\/media?parent=44"}],"curies":[{"name":"wp","href":"https:\/\/api.w.org\/{rel}","templated":true}]}}

<p>Durante el presente curso escolar&nbsp; el CEIP Miguel de Cervantes participa en los siguientes planes y programas:&nbsp;</p>
<ul>
<li><strong>Plan de igualdad.</strong></li>
<li><strong>Plan de apertura.</strong></li>
<li><strong>Plan de autoprotección.</strong></li>
<li><strong>Red Andaluza Escuela espacio de paz.</strong></li>
<li><strong>Plan de convivencia escolar.</strong></li>
<li><strong>Plan de hábitos de vida saludable:</strong> Creciendo en Salud.</li>
</ul>
<p><a href="https://blogsaverroes.juntadeandalucia.es/migueldecervantesfuengirola/files/2021/03/PLAN-DE-ACTUACIÓN-CRECIENDO-EN-SALUD.pdf">PLAN DE ACTUACIÓN CRECIENDO EN SALUD</a></p>
<ul>
<li><strong>Plan practicum grado maestro.</strong></li>
<li><strong>Programa de acompañamiento escolar</strong></li>
<li><strong>Programa deporte en la escuela.(+DEPORTE)</strong></li>
<li>Red de <strong>bibliotecas escolares</strong>.&nbsp;</li>
</ul>
<p>01 Seguimiento Propuestas para experimentación, innovación e investigación&nbsp;</p>
<p><a title="IMPLANTACIÓN PLANES, PROYECTOS Y PROGRAMAS 2024/2025" href="http://IMPLANTACIÓN PLANES, PROYECTOS Y PROGRAMAS 2024/2025">https://docs.google.com/document/d/1XvEj-4i8ZrEF09x1Ky4ygYDgOjtqoeFs/edit?usp=sharing&amp;ouid=110077563822124747550&amp;rtpof=true&amp;sd=true</a></p>

<p>Durante el presente curso escolar&nbsp; el CEIP Miguel de Cervantes participa en los siguientes planes y programas:&nbsp; Plan de igualdad. Plan de apertura. Plan de autoprotección. Red Andaluza Escuela espacio de paz. Plan de&#46;&#46;&#46;</p>
