{"id":49,"date":"2015-03-13T08:47:05","date_gmt":"2015-03-13T08:47:05","guid":{"rendered":"http:\/\/blogsaverroes.juntadeandalucia.es\/pre\/ceip\/?page_id=49"},"modified":"2025-07-07T10:18:06","modified_gmt":"2025-07-07T09:18:06","slug":"proyecto-educativo","status":"publish","type":"page","link":"https:\/\/blogsaverroes.juntadeandalucia.es\/migueldecervantesfuengirola\/proyecto-educativo\/","title":{"rendered":"Plan de Centro"},"content":{"rendered":"<p>El Plan de Centro es el&nbsp;<b>documento donde se recogen las intenciones, propuestas y concreciones en relaci\u00f3n a la autonom\u00eda pedag\u00f3gica y de gesti\u00f3n de los centros educativos.<\/b><\/p>\n<p><img decoding=\"async\" class=\"aligncenter\" src=\"https:\/\/iesportada.org\/joomla\/images\/PlanCentro.png\" alt=\"Plan de Centro\"><\/p>\n<p style=\"text-align: left\">El Plan de Centro&nbsp; del CEIP Miguel de Cervantes de Fuengirola ha sido aprobado por su su Consejo Escolar en el curso 2022\/23 y es de obligado cumplimiento para todas las personas que integran la comunidad educativa. Tiene car\u00e1cter plurianual y se podr\u00e1 actualizar o modificar tras los procesos de autoevaluaci\u00f3n a los que, bajo el marco legal de referencia, nos sometemos o a propuesta del director o directora en funci\u00f3n de su Proyecto de Direcci\u00f3n.<\/p>\n<p><a title=\"PLAN DE CENTRO CEIP MIGUEL DE CERVANTES\" href=\"https:\/\/drive.google.com\/file\/d\/11s_6ooCY_zTYJAljFDKdFK7a62f--tjc\/view?usp=sharing\">ROF MIGUEL DE CERVANTES<\/a><\/p>\n<p><a title=\"PROYECTO EDUCATIVO CEIP MIGUEL DE CERVANTES\" href=\"https:\/\/drive.google.com\/file\/d\/1Vp04owmUa2dlyPg0t4-lW1I3Hf0e3VZ4\/view?usp=sharing\">PROYECTO EDUCATIVO CEIP MIGUEL DE CERVANTES<\/a><\/p>\n<p><a href=\"https:\/\/drive.google.com\/file\/d\/16ri-d0uHq_69GK5cFuYDEw7ZA7enSrBw\/view?usp=sharing\">PROYECTO DE GESTI\u00d3N CEIP MIGUEL DE CERVANTES<\/a><\/p>\n<p>&nbsp;<\/p>\n","protected":false},"excerpt":{"rendered":"<p>El Plan de Centro es el&nbsp;documento donde se recogen las intenciones, propuestas y concreciones en relaci\u00f3n a la autonom\u00eda pedag\u00f3gica y de gesti\u00f3n de los centros educativos. El Plan de Centro&nbsp; del CEIP Miguel&#46;&#46;&#46;<\/p>\n","protected":false},"author":1,"featured_media":0,"parent":0,"menu_order":0,"comment_status":"closed","ping_status":"open","template":"","meta":{"ngg_post_thumbnail":0,"footnotes":"","_mc_calendar":[]},"aioseo_notices":[],"_links":{"self":[{"href":"https:\/\/blogsaverroes.juntadeandalucia.es\/migueldecervantesfuengirola\/wp-json\/wp\/v2\/pages\/49"}],"collection":[{"href":"https:\/\/blogsaverroes.juntadeandalucia.es\/migueldecervantesfuengirola\/wp-json\/wp\/v2\/pages"}],"about":[{"href":"https:\/\/blogsaverroes.juntadeandalucia.es\/migueldecervantesfuengirola\/wp-json\/wp\/v2\/types\/page"}],"author":[{"embeddable":true,"href":"https:\/\/blogsaverroes.juntadeandalucia.es\/migueldecervantesfuengirola\/wp-json\/wp\/v2\/users\/1"}],"replies":[{"embeddable":true,"href":"https:\/\/blogsaverroes.juntadeandalucia.es\/migueldecervantesfuengirola\/wp-json\/wp\/v2\/comments?post=49"}],"version-history":[{"count":17,"href":"https:\/\/blogsaverroes.juntadeandalucia.es\/migueldecervantesfuengirola\/wp-json\/wp\/v2\/pages\/49\/revisions"}],"predecessor-version":[{"id":3739,"href":"https:\/\/blogsaverroes.juntadeandalucia.es\/migueldecervantesfuengirola\/wp-json\/wp\/v2\/pages\/49\/revisions\/3739"}],"wp:attachment":[{"href":"https:\/\/blogsaverroes.juntadeandalucia.es\/migueldecervantesfuengirola\/wp-json\/wp\/v2\/media?parent=49"}],"curies":[{"name":"wp","href":"https:\/\/api.w.org\/{rel}","templated":true}]}}

<p>El Plan de Centro es el&nbsp;<b>documento donde se recogen las intenciones, propuestas y concreciones en relación a la autonomía pedagógica y de gestión de los centros educativos.</b></p>
<p><img decoding="async" class="aligncenter" src="https://iesportada.org/joomla/images/PlanCentro.png" alt="Plan de Centro"></p>
<p style="text-align: left">El Plan de Centro&nbsp; del CEIP Miguel de Cervantes de Fuengirola ha sido aprobado por su su Consejo Escolar en el curso 2022/23 y es de obligado cumplimiento para todas las personas que integran la comunidad educativa. Tiene carácter plurianual y se podrá actualizar o modificar tras los procesos de autoevaluación a los que, bajo el marco legal de referencia, nos sometemos o a propuesta del director o directora en función de su Proyecto de Dirección.</p>
<p><a title="PLAN DE CENTRO CEIP MIGUEL DE CERVANTES" href="https://drive.google.com/file/d/11s_6ooCY_zTYJAljFDKdFK7a62f--tjc/view?usp=sharing">ROF MIGUEL DE CERVANTES</a></p>
<p><a title="PROYECTO EDUCATIVO CEIP MIGUEL DE CERVANTES" href="https://drive.google.com/file/d/1Vp04owmUa2dlyPg0t4-lW1I3Hf0e3VZ4/view?usp=sharing">PROYECTO EDUCATIVO CEIP MIGUEL DE CERVANTES</a></p>
<p><a href="https://drive.google.com/file/d/16ri-d0uHq_69GK5cFuYDEw7ZA7enSrBw/view?usp=sharing">PROYECTO DE GESTIÓN CEIP MIGUEL DE CERVANTES</a></p>
<p>&nbsp;</p>

<p>El Plan de Centro es el&nbsp;documento donde se recogen las intenciones, propuestas y concreciones en relación a la autonomía pedagógica y de gestión de los centros educativos. El Plan de Centro&nbsp; del CEIP Miguel&#46;&#46;&#46;</p>
