{"id":99,"date":"2015-03-16T07:22:54","date_gmt":"2015-03-16T07:22:54","guid":{"rendered":"http:\/\/blogsaverroes.juntadeandalucia.es\/pre\/ceip\/?page_id=99"},"modified":"2020-10-30T11:20:42","modified_gmt":"2020-10-30T11:20:42","slug":"comedor-escolar","status":"publish","type":"page","link":"https:\/\/blogsaverroes.juntadeandalucia.es\/migueldecervantesfuengirola\/comedor-escolar\/","title":{"rendered":"Comedor escolar"},"content":{"rendered":"<p>En nuestro centro el servicio de comedor est\u00e1 a cargo de la empresa \u00abMediterr\u00e1nea Catering\u00bb.<\/p>\n<p>Para consultar la informaci\u00f3n relativa a cualquier aspecto del comedor deben hacerlo a trav\u00e9s de la zona de madres y padres en su p\u00e1gina web.<\/p>\n<p><a href=\"http:\/\/andalucia.mediterranea-group.com\/padres\/\">http:\/\/andalucia.mediterranea-group.com\/padres\/<\/a><\/p>\n<p>Debe registrarse con el DNI del tutor y recibir\u00e1n la contrase\u00f1a al correo electr\u00f3nico que tengamos registrado. Si en la formalizaci\u00f3n de la matricula no registr\u00f3 el correo electr\u00f3nico, env\u00edenos un mail a administracion.andalucia@mediterranea-group.com con el nombre y apellidos del usuario y nombre del colegio, solicit\u00e1ndonos la clave de acceso y se la proporcionaremos con la mayor celeridad posible.<\/p>\n","protected":false},"excerpt":{"rendered":"<p>En nuestro centro el servicio de comedor est\u00e1 a cargo de la empresa \u00abMediterr\u00e1nea Catering\u00bb. Para consultar la informaci\u00f3n relativa a cualquier aspecto del comedor deben hacerlo a trav\u00e9s de la zona de madres&#46;&#46;&#46;<\/p>\n","protected":false},"author":1,"featured_media":0,"parent":0,"menu_order":0,"comment_status":"closed","ping_status":"open","template":"page-cs.php","meta":{"ngg_post_thumbnail":0,"footnotes":"","_mc_calendar":[]},"aioseo_notices":[],"_links":{"self":[{"href":"https:\/\/blogsaverroes.juntadeandalucia.es\/migueldecervantesfuengirola\/wp-json\/wp\/v2\/pages\/99"}],"collection":[{"href":"https:\/\/blogsaverroes.juntadeandalucia.es\/migueldecervantesfuengirola\/wp-json\/wp\/v2\/pages"}],"about":[{"href":"https:\/\/blogsaverroes.juntadeandalucia.es\/migueldecervantesfuengirola\/wp-json\/wp\/v2\/types\/page"}],"author":[{"embeddable":true,"href":"https:\/\/blogsaverroes.juntadeandalucia.es\/migueldecervantesfuengirola\/wp-json\/wp\/v2\/users\/1"}],"replies":[{"embeddable":true,"href":"https:\/\/blogsaverroes.juntadeandalucia.es\/migueldecervantesfuengirola\/wp-json\/wp\/v2\/comments?post=99"}],"version-history":[{"count":5,"href":"https:\/\/blogsaverroes.juntadeandalucia.es\/migueldecervantesfuengirola\/wp-json\/wp\/v2\/pages\/99\/revisions"}],"predecessor-version":[{"id":2381,"href":"https:\/\/blogsaverroes.juntadeandalucia.es\/migueldecervantesfuengirola\/wp-json\/wp\/v2\/pages\/99\/revisions\/2381"}],"wp:attachment":[{"href":"https:\/\/blogsaverroes.juntadeandalucia.es\/migueldecervantesfuengirola\/wp-json\/wp\/v2\/media?parent=99"}],"curies":[{"name":"wp","href":"https:\/\/api.w.org\/{rel}","templated":true}]}}

<p>En nuestro centro el servicio de comedor está a cargo de la empresa «Mediterránea Catering».</p>
<p>Para consultar la información relativa a cualquier aspecto del comedor deben hacerlo a través de la zona de madres y padres en su página web.</p>
<p><a href="http://andalucia.mediterranea-group.com/padres/">http://andalucia.mediterranea-group.com/padres/</a></p>
<p>Debe registrarse con el DNI del tutor y recibirán la contraseña al correo electrónico que tengamos registrado. Si en la formalización de la matricula no registró el correo electrónico, envíenos un mail a administracion.andalucia@mediterranea-group.com con el nombre y apellidos del usuario y nombre del colegio, solicitándonos la clave de acceso y se la proporcionaremos con la mayor celeridad posible.</p>

<p>En nuestro centro el servicio de comedor está a cargo de la empresa «Mediterránea Catering». Para consultar la información relativa a cualquier aspecto del comedor deben hacerlo a través de la zona de madres&#46;&#46;&#46;</p>
