{"id":16,"date":"2021-03-14T16:39:23","date_gmt":"2021-03-14T15:39:23","guid":{"rendered":"http:\/\/blogsaverroes.juntadeandalucia.es\/pre\/nuevoiesv2\/?page_id=16"},"modified":"2023-03-12T00:39:29","modified_gmt":"2023-03-11T23:39:29","slug":"tercer-ciclo-de-primaria","status":"publish","type":"page","link":"https:\/\/blogsaverroes.juntadeandalucia.es\/miguelh\/tercer-ciclo-de-primaria\/","title":{"rendered":"TERCER CICLO de PRIMARIA"},"content":{"rendered":"<p>[et_pb_section fb_built=&#8221;1&#8243; _builder_version=&#8221;3.23.3&#8243; custom_padding=&#8221;0px||0px|&#8221; z_index_tablet=&#8221;500&#8243; box_shadow_horizontal_tablet=&#8221;0px&#8221; box_shadow_vertical_tablet=&#8221;0px&#8221; box_shadow_blur_tablet=&#8221;40px&#8221; box_shadow_spread_tablet=&#8221;0px&#8221; global_colors_info=&#8221;{}&#8221;][et_pb_row _builder_version=&#8221;3.25&#8243; background_size=&#8221;initial&#8221; background_position=&#8221;top_left&#8221; background_repeat=&#8221;repeat&#8221; global_colors_info=&#8221;{}&#8221;][et_pb_column type=&#8221;4_4&#8243; _builder_version=&#8221;3.0.47&#8243; custom_padding=&#8221;|||&#8221; global_colors_info=&#8221;{}&#8221; custom_padding__hover=&#8221;|||&#8221;][et_pb_image src=&#8221;https:\/\/blogsaverroes.juntadeandalucia.es\/miguelh\/files\/2021\/03\/2_20210314_213500_0001.png&#8221; title_text=&#8221;2_20210314_213500_0001&#8243; admin_label=&#8221;Imagen de la portada&#8221; _builder_version=&#8221;4.5.0&#8243; vertical_offset_tablet=&#8221;0&#8243; horizontal_offset_tablet=&#8221;0&#8243; z_index_tablet=&#8221;500&#8243; box_shadow_horizontal_tablet=&#8221;0px&#8221; box_shadow_vertical_tablet=&#8221;0px&#8221; box_shadow_blur_tablet=&#8221;40px&#8221; box_shadow_spread_tablet=&#8221;0px&#8221; global_colors_info=&#8221;{}&#8221;][\/et_pb_image][et_pb_text admin_label=&#8221;Texto descriptivo&#8221; _builder_version=&#8221;4.14.5&#8243; hover_enabled=&#8221;0&#8243; z_index_tablet=&#8221;500&#8243; text_text_shadow_horizontal_length_tablet=&#8221;0px&#8221; text_text_shadow_vertical_length_tablet=&#8221;0px&#8221; text_text_shadow_blur_strength_tablet=&#8221;1px&#8221; link_text_shadow_horizontal_length_tablet=&#8221;0px&#8221; link_text_shadow_vertical_length_tablet=&#8221;0px&#8221; link_text_shadow_blur_strength_tablet=&#8221;1px&#8221; ul_text_shadow_horizontal_length_tablet=&#8221;0px&#8221; ul_text_shadow_vertical_length_tablet=&#8221;0px&#8221; ul_text_shadow_blur_strength_tablet=&#8221;1px&#8221; ol_text_shadow_horizontal_length_tablet=&#8221;0px&#8221; ol_text_shadow_vertical_length_tablet=&#8221;0px&#8221; ol_text_shadow_blur_strength_tablet=&#8221;1px&#8221; quote_text_shadow_horizontal_length_tablet=&#8221;0px&#8221; quote_text_shadow_vertical_length_tablet=&#8221;0px&#8221; quote_text_shadow_blur_strength_tablet=&#8221;1px&#8221; header_text_shadow_horizontal_length_tablet=&#8221;0px&#8221; header_text_shadow_vertical_length_tablet=&#8221;0px&#8221; header_text_shadow_blur_strength_tablet=&#8221;1px&#8221; header_2_text_shadow_horizontal_length_tablet=&#8221;0px&#8221; header_2_text_shadow_vertical_length_tablet=&#8221;0px&#8221; header_2_text_shadow_blur_strength_tablet=&#8221;1px&#8221; header_3_text_shadow_horizontal_length_tablet=&#8221;0px&#8221; header_3_text_shadow_vertical_length_tablet=&#8221;0px&#8221; header_3_text_shadow_blur_strength_tablet=&#8221;1px&#8221; header_4_text_shadow_horizontal_length_tablet=&#8221;0px&#8221; header_4_text_shadow_vertical_length_tablet=&#8221;0px&#8221; header_4_text_shadow_blur_strength_tablet=&#8221;1px&#8221; header_5_text_shadow_horizontal_length_tablet=&#8221;0px&#8221; header_5_text_shadow_vertical_length_tablet=&#8221;0px&#8221; header_5_text_shadow_blur_strength_tablet=&#8221;1px&#8221; header_6_text_shadow_horizontal_length_tablet=&#8221;0px&#8221; header_6_text_shadow_vertical_length_tablet=&#8221;0px&#8221; header_6_text_shadow_blur_strength_tablet=&#8221;1px&#8221; box_shadow_horizontal_tablet=&#8221;0px&#8221; box_shadow_vertical_tablet=&#8221;0px&#8221; box_shadow_blur_tablet=&#8221;40px&#8221; box_shadow_spread_tablet=&#8221;0px&#8221; global_colors_info=&#8221;{}&#8221; sticky_enabled=&#8221;0&#8243;]<\/p>\n<p>El tercer ciclo de Primaria est\u00e1 formado por los cursos quinto, cuya tutora es la se\u00f1o Mercedes y sexto, que lo lleva la se\u00f1o Candela (profesora tambi\u00e9n de Franc\u00e9s). Ambos cursos entran en una din\u00e1mica diferente de trabajo en el centro ya que se preparan para la continuaci\u00f3n en una nueva etapa. Los libros que utilizan son de Santillana, menos el de Ingl\u00e9s: &#8220;Richmond Santillana&#8221;. Ambas aulas se encuentran este curso en la segunda planta del edificio, orientadas hacia el patio de recreo: tienen aulas grandes, espaciosas y bien iluminadas. Y por su ubicaci\u00f3n acceden de forma m\u00e1s r\u00e1pida al aula de Inform\u00e1tica (acceso semanal) y a la de M\u00fasica.&nbsp; Durante este a\u00f1o contin\u00faan con el&nbsp; pensamiento computacional de ToolBox. Academy, llegando a participar en el 1er. TXACkathon en el Polo Digital para el alumnado de Primaria; por otra parte ya han comenzado con sesiones de Rob\u00f3tica. Y en TDE han elaborado sus primeros c\u00f3digos QR, como situaci\u00f3n de aprendizaje relacionada con el a\u0155ea de CCSS.. El alumnado de este ciclo sigue los materiales indicados, adem\u00e1s de diferente proyectos que van desarrollando sus tutoras; nos gustar\u00eda destacar la exposici\u00f3n de &#8220;Una mirada hacia el pasado&#8221;, situaci\u00f3n de aprendizaje donde el alumnado de 5\u00ba ha ido exponiendo, explicando a otros compa\u00f1eros (tanto del centro como de otros colegios), los diferentes materiales expuestos y sus usos. O el cartel del d\u00eda de la Paz realizado por todo el alumnado del centro y coordinado por la tutora de quinto y su alumnado con diferentes exposiciones sobre la figura de Picasso y su obra.<\/p>\n<p>Os dejamos aqu\u00ed el&nbsp; maravilloso proyecto de principio de curso, de quinto: fue un <a href=\"https:\/\/www.instagram.com\/reel\/CjQp5x2j6ox\/?igshid=MDJmNzVkMjY=\" target=\"_blank\" rel=\"noopener noreferrer\">regalazo<\/a> para todo el centro.<\/p>\n<p>Estos cursos reciben adem\u00e1s de sus tutoras a otros especialistas que les dan otras materias, por ejemplo, Ingl\u00e9s la se\u00f1o Laura; de Franc\u00e9s, la se\u00f1o&nbsp; Candela; Religi\u00f3n la se\u00f1o To\u00f1i; M\u00fasica, la se\u00f1o Paqui; en el Refuerzo son atendidos por diferente profesorado y en EF la se\u00f1o Maribel. Hay alumnado que precisa atenci\u00f3n de las profesoras de PT (las se\u00f1os Gema y Aurora ) y AL&nbsp; (las se\u00f1os Carmen y Ana Beatriz).<\/p>\n<p>A lo largo del a\u00f1o, sobre todo sexto, participa en diferentes Jornadas de Tr\u00e1nsito con el IES del Palo. El objetivo es conocer el Instituto, sus instalaciones, al profesorado, sus actividades, los Proyectos, las extraescolares,&#8230; Resulta de gran importancia y nos gustar\u00eda destacarlo dada la buena coordinaci\u00f3n con el Instituto y lo que ello supone para nuestro alumnado.Imagen de las Olimpiadas desarrolladas en Febrero en el IES de El Palo.<\/p>\n<p>De forma especial ambos cursos participan la Biblioteca no s\u00f3lo sacando libros, por algo son los lectores m\u00e1s \u00e1vidos del centro por segundo trimestre consecutivo&nbsp; (5\u00ba), sino que adem\u00e1s son&nbsp; &#8220;padrinos&#8221; en el Apadrinamiento lector de cursos m\u00e1s peque\u00f1os y queremos agradecerles su trabajo en Biblioteca, ya que son el&nbsp; nuestro Equipo de trabajo: ellos y ellas ordenan, colaboran en la catalogaci\u00f3n, en la enfermer\u00eda de libros, en el embellecimiento de la biblioteca, en su cuidado y orden, &#8230; Y ahora adem\u00e1s est\u00e1n jugando al ajedrez en los recreos. Chicos y chicas de sexto y sobre todo de quinto&#8230; \u00a1\u00a1 MUCH\u00cdSIMAS GRACIAS!!<\/p>\n<p><img loading=\"lazy\" decoding=\"async\" class=\"aligncenter wp-image-1048\" src=\"https:\/\/blogsaverroes.juntadeandalucia.es\/miguelh\/files\/2023\/03\/WhatsApp-Image-2023-03-12-at-00.18.17-1024x768.jpeg\" alt=\"\" width=\"513\" height=\"385\"><\/p>\n<p>[\/et_pb_text][\/et_pb_column][\/et_pb_row][\/et_pb_section]<\/p>\n","protected":false},"excerpt":{"rendered":"<p>El tercer ciclo de Primaria est\u00e1 formado por los cursos quinto, cuya tutora es la se\u00f1o Mercedes y sexto, que lo lleva la se\u00f1o Candela (profesora tambi\u00e9n de Franc\u00e9s). Ambos cursos entran en una din\u00e1mica diferente de trabajo en el centro ya que se preparan para la continuaci\u00f3n en una nueva etapa. Los libros que [&hellip;]<\/p>\n","protected":false},"author":7051,"featured_media":0,"parent":0,"menu_order":0,"comment_status":"closed","ping_status":"closed","template":"","meta":{"_et_pb_use_builder":"on","_et_pb_old_content":"","_et_gb_content_width":"","ngg_post_thumbnail":0,"footnotes":""},"aioseo_notices":[],"_links":{"self":[{"href":"https:\/\/blogsaverroes.juntadeandalucia.es\/miguelh\/wp-json\/wp\/v2\/pages\/16"}],"collection":[{"href":"https:\/\/blogsaverroes.juntadeandalucia.es\/miguelh\/wp-json\/wp\/v2\/pages"}],"about":[{"href":"https:\/\/blogsaverroes.juntadeandalucia.es\/miguelh\/wp-json\/wp\/v2\/types\/page"}],"author":[{"embeddable":true,"href":"https:\/\/blogsaverroes.juntadeandalucia.es\/miguelh\/wp-json\/wp\/v2\/users\/7051"}],"replies":[{"embeddable":true,"href":"https:\/\/blogsaverroes.juntadeandalucia.es\/miguelh\/wp-json\/wp\/v2\/comments?post=16"}],"version-history":[{"count":10,"href":"https:\/\/blogsaverroes.juntadeandalucia.es\/miguelh\/wp-json\/wp\/v2\/pages\/16\/revisions"}],"predecessor-version":[{"id":1049,"href":"https:\/\/blogsaverroes.juntadeandalucia.es\/miguelh\/wp-json\/wp\/v2\/pages\/16\/revisions\/1049"}],"wp:attachment":[{"href":"https:\/\/blogsaverroes.juntadeandalucia.es\/miguelh\/wp-json\/wp\/v2\/media?parent=16"}],"curies":[{"name":"wp","href":"https:\/\/api.w.org\/{rel}","templated":true}]}}

<p>[et_pb_section fb_built=&#8221;1&#8243; _builder_version=&#8221;3.23.3&#8243; custom_padding=&#8221;0px||0px|&#8221; z_index_tablet=&#8221;500&#8243; box_shadow_horizontal_tablet=&#8221;0px&#8221; box_shadow_vertical_tablet=&#8221;0px&#8221; box_shadow_blur_tablet=&#8221;40px&#8221; box_shadow_spread_tablet=&#8221;0px&#8221; global_colors_info=&#8221;{}&#8221;][et_pb_row _builder_version=&#8221;3.25&#8243; background_size=&#8221;initial&#8221; background_position=&#8221;top_left&#8221; background_repeat=&#8221;repeat&#8221; global_colors_info=&#8221;{}&#8221;][et_pb_column type=&#8221;4_4&#8243; _builder_version=&#8221;3.0.47&#8243; custom_padding=&#8221;|||&#8221; global_colors_info=&#8221;{}&#8221; custom_padding__hover=&#8221;|||&#8221;][et_pb_image src=&#8221;https://blogsaverroes.juntadeandalucia.es/miguelh/files/2021/03/2_20210314_213500_0001.png&#8221; title_text=&#8221;2_20210314_213500_0001&#8243; admin_label=&#8221;Imagen de la portada&#8221; _builder_version=&#8221;4.5.0&#8243; vertical_offset_tablet=&#8221;0&#8243; horizontal_offset_tablet=&#8221;0&#8243; z_index_tablet=&#8221;500&#8243; box_shadow_horizontal_tablet=&#8221;0px&#8221; box_shadow_vertical_tablet=&#8221;0px&#8221; box_shadow_blur_tablet=&#8221;40px&#8221; box_shadow_spread_tablet=&#8221;0px&#8221; global_colors_info=&#8221;{}&#8221;][/et_pb_image][et_pb_text admin_label=&#8221;Texto descriptivo&#8221; _builder_version=&#8221;4.14.5&#8243; hover_enabled=&#8221;0&#8243; z_index_tablet=&#8221;500&#8243; text_text_shadow_horizontal_length_tablet=&#8221;0px&#8221; text_text_shadow_vertical_length_tablet=&#8221;0px&#8221; text_text_shadow_blur_strength_tablet=&#8221;1px&#8221; link_text_shadow_horizontal_length_tablet=&#8221;0px&#8221; link_text_shadow_vertical_length_tablet=&#8221;0px&#8221; link_text_shadow_blur_strength_tablet=&#8221;1px&#8221; ul_text_shadow_horizontal_length_tablet=&#8221;0px&#8221; ul_text_shadow_vertical_length_tablet=&#8221;0px&#8221; ul_text_shadow_blur_strength_tablet=&#8221;1px&#8221; ol_text_shadow_horizontal_length_tablet=&#8221;0px&#8221; ol_text_shadow_vertical_length_tablet=&#8221;0px&#8221; ol_text_shadow_blur_strength_tablet=&#8221;1px&#8221; quote_text_shadow_horizontal_length_tablet=&#8221;0px&#8221; quote_text_shadow_vertical_length_tablet=&#8221;0px&#8221; quote_text_shadow_blur_strength_tablet=&#8221;1px&#8221; header_text_shadow_horizontal_length_tablet=&#8221;0px&#8221; header_text_shadow_vertical_length_tablet=&#8221;0px&#8221; header_text_shadow_blur_strength_tablet=&#8221;1px&#8221; header_2_text_shadow_horizontal_length_tablet=&#8221;0px&#8221; header_2_text_shadow_vertical_length_tablet=&#8221;0px&#8221; header_2_text_shadow_blur_strength_tablet=&#8221;1px&#8221; header_3_text_shadow_horizontal_length_tablet=&#8221;0px&#8221; header_3_text_shadow_vertical_length_tablet=&#8221;0px&#8221; header_3_text_shadow_blur_strength_tablet=&#8221;1px&#8221; header_4_text_shadow_horizontal_length_tablet=&#8221;0px&#8221; header_4_text_shadow_vertical_length_tablet=&#8221;0px&#8221; header_4_text_shadow_blur_strength_tablet=&#8221;1px&#8221; header_5_text_shadow_horizontal_length_tablet=&#8221;0px&#8221; header_5_text_shadow_vertical_length_tablet=&#8221;0px&#8221; header_5_text_shadow_blur_strength_tablet=&#8221;1px&#8221; header_6_text_shadow_horizontal_length_tablet=&#8221;0px&#8221; header_6_text_shadow_vertical_length_tablet=&#8221;0px&#8221; header_6_text_shadow_blur_strength_tablet=&#8221;1px&#8221; box_shadow_horizontal_tablet=&#8221;0px&#8221; box_shadow_vertical_tablet=&#8221;0px&#8221; box_shadow_blur_tablet=&#8221;40px&#8221; box_shadow_spread_tablet=&#8221;0px&#8221; global_colors_info=&#8221;{}&#8221; sticky_enabled=&#8221;0&#8243;]</p>
<p>El tercer ciclo de Primaria está formado por los cursos quinto, cuya tutora es la seño Mercedes y sexto, que lo lleva la seño Candela (profesora también de Francés). Ambos cursos entran en una dinámica diferente de trabajo en el centro ya que se preparan para la continuación en una nueva etapa. Los libros que utilizan son de Santillana, menos el de Inglés: &#8220;Richmond Santillana&#8221;. Ambas aulas se encuentran este curso en la segunda planta del edificio, orientadas hacia el patio de recreo: tienen aulas grandes, espaciosas y bien iluminadas. Y por su ubicación acceden de forma más rápida al aula de Informática (acceso semanal) y a la de Música.&nbsp; Durante este año continúan con el&nbsp; pensamiento computacional de ToolBox. Academy, llegando a participar en el 1er. TXACkathon en el Polo Digital para el alumnado de Primaria; por otra parte ya han comenzado con sesiones de Robótica. Y en TDE han elaborado sus primeros códigos QR, como situación de aprendizaje relacionada con el aŕea de CCSS.. El alumnado de este ciclo sigue los materiales indicados, además de diferente proyectos que van desarrollando sus tutoras; nos gustaría destacar la exposición de &#8220;Una mirada hacia el pasado&#8221;, situación de aprendizaje donde el alumnado de 5º ha ido exponiendo, explicando a otros compañeros (tanto del centro como de otros colegios), los diferentes materiales expuestos y sus usos. O el cartel del día de la Paz realizado por todo el alumnado del centro y coordinado por la tutora de quinto y su alumnado con diferentes exposiciones sobre la figura de Picasso y su obra.</p>
<p>Os dejamos aquí el&nbsp; maravilloso proyecto de principio de curso, de quinto: fue un <a href="https://www.instagram.com/reel/CjQp5x2j6ox/?igshid=MDJmNzVkMjY=" target="_blank" rel="noopener noreferrer">regalazo</a> para todo el centro.</p>
<p>Estos cursos reciben además de sus tutoras a otros especialistas que les dan otras materias, por ejemplo, Inglés la seño Laura; de Francés, la seño&nbsp; Candela; Religión la seño Toñi; Música, la seño Paqui; en el Refuerzo son atendidos por diferente profesorado y en EF la seño Maribel. Hay alumnado que precisa atención de las profesoras de PT (las seños Gema y Aurora ) y AL&nbsp; (las seños Carmen y Ana Beatriz).</p>
<p>A lo largo del año, sobre todo sexto, participa en diferentes Jornadas de Tránsito con el IES del Palo. El objetivo es conocer el Instituto, sus instalaciones, al profesorado, sus actividades, los Proyectos, las extraescolares,&#8230; Resulta de gran importancia y nos gustaría destacarlo dada la buena coordinación con el Instituto y lo que ello supone para nuestro alumnado.Imagen de las Olimpiadas desarrolladas en Febrero en el IES de El Palo.</p>
<p>De forma especial ambos cursos participan la Biblioteca no sólo sacando libros, por algo son los lectores más ávidos del centro por segundo trimestre consecutivo&nbsp; (5º), sino que además son&nbsp; &#8220;padrinos&#8221; en el Apadrinamiento lector de cursos más pequeños y queremos agradecerles su trabajo en Biblioteca, ya que son el&nbsp; nuestro Equipo de trabajo: ellos y ellas ordenan, colaboran en la catalogación, en la enfermería de libros, en el embellecimiento de la biblioteca, en su cuidado y orden, &#8230; Y ahora además están jugando al ajedrez en los recreos. Chicos y chicas de sexto y sobre todo de quinto&#8230; ¡¡ MUCHÍSIMAS GRACIAS!!</p>
<p><img loading="lazy" decoding="async" class="aligncenter wp-image-1048" src="https://blogsaverroes.juntadeandalucia.es/miguelh/files/2023/03/WhatsApp-Image-2023-03-12-at-00.18.17-1024x768.jpeg" alt="" width="513" height="385"></p>
<p>[/et_pb_text][/et_pb_column][/et_pb_row][/et_pb_section]</p>

<p>El tercer ciclo de Primaria está formado por los cursos quinto, cuya tutora es la seño Mercedes y sexto, que lo lleva la seño Candela (profesora también de Francés). Ambos cursos entran en una dinámica diferente de trabajo en el centro ya que se preparan para la continuación en una nueva etapa. Los libros que [&hellip;]</p>
